-- Table structure for table `sivir_service_periods`
--

CREATE TABLE `sivir_service_periods` (
  `relative` varchar(50) NOT NULL COMMENT 'The unique uuid ',
  `users_sid` varchar(50) NOT NULL COMMENT 'Related to users table',
  `global_branch_office_id` varchar(50) NOT NULL COMMENT 'Related to branch office',
  `products_id` varchar(50) NOT NULL COMMENT 'Related to product table',
  `code` varchar(50) NOT NULL COMMENT 'The payment month code',
  `period_type` enum('D','M','A') NOT NULL DEFAULT 'M' COMMENT 'D=Diario\r\nM=Mensual\r\nA=Anual',
  `days_of_interval` int(11) DEFAULT NULL,
  `starts_on_date` date NOT NULL COMMENT 'The date for the begining',
  `hole_year` enum('Y','N') NOT NULL DEFAULT 'Y' COMMENT 'The hole year?',
  `ends_of_date` date DEFAULT NULL,
  `status` enum('A','X') NOT NULL DEFAULT 'A',
  `created_at` datetime NOT NULL DEFAULT current_timestamp(),
  `updated_at` datetime DEFAULT NULL,
  PRIMARY KEY (`relative`)
) ENGINE=InnoDB DEFAULT CHARSET=latin1 COLLATE=latin1_general_ci;

--
-- Dumping data for table `sivir_service_periods`
--


--
-- Table structure for table `sivir_service_periods_payments`
--

CREATE TABLE `sivir_service_periods_payments` (
  `relative` varchar(50) NOT NULL COMMENT 'The unique uuid',
  `users_sid` varchar(50) NOT NULL COMMENT 'Related to users table',
  `global_branch_office_id` varchar(50) NOT NULL COMMENT 'Related to branch office table',
  `service_period_id` varchar(50) NOT NULL COMMENT 'Related to service period',
  `product_id` varchar(50) NOT NULL COMMENT 'Related to product table',
  `period_title` varchar(50) NOT NULL COMMENT 'The period title',
  `status` enum('A','X') NOT NULL DEFAULT 'A',
  `created_at` datetime NOT NULL DEFAULT current_timestamp(),
  `updated_at` datetime DEFAULT NULL,
  PRIMARY KEY (`relative`)
) ENGINE=InnoDB DEFAULT CHARSET=latin1 COLLATE=latin1_general_ci;

--
-- Dumping data for table `sivir_service_periods_payments`
--


--
-- Table structure for table `sivir_service_periods_payments_made`
--

CREATE TABLE `sivir_service_periods_payments_made` (
  `relative` varchar(50) NOT NULL COMMENT 'The unique uuid data',
  `users_sid` varchar(50) NOT NULL COMMENT 'Related to users table',
  `global_branch_office_id` varchar(50) NOT NULL COMMENT 'Related to branch office table',
  `service_periods_payments_id` varchar(50) DEFAULT NULL COMMENT 'Related to service periods payment',
  `product_id` varchar(50) NOT NULL COMMENT 'product_id',
  `provisional` varchar(50) DEFAULT NULL,
  `sell_id` bigint(20) DEFAULT NULL COMMENT 'Related to sivir sell table',
  `amount` decimal(15,5) NOT NULL COMMENT 'The amount',
  `status` enum('A','X') NOT NULL DEFAULT 'A',
  `created_at` datetime NOT NULL DEFAULT current_timestamp(),
  `updated_at` datetime DEFAULT NULL,
  PRIMARY KEY (`relative`)
) ENGINE=InnoDB DEFAULT CHARSET=latin1 COLLATE=latin1_general_ci;

--
-- Dumping data for table `sivir_service_periods_payments_made`
--


--
-- Table structure for table `sivir_significant_event`
--

CREATE TABLE `sivir_significant_event` (
  `id` int(11) NOT NULL AUTO_INCREMENT,
  `users_sid` varchar(50) NOT NULL COMMENT 'Related to users table',
  `global_branch_office_id` varchar(50) NOT NULL COMMENT 'Related to branch table',
  `cufd` varchar(200) NOT NULL,
  `cufdEvento` varchar(200) NOT NULL,
  `codigoMotivoEvento` varchar(200) DEFAULT NULL COMMENT 'Codigo motivo del evento',
  `descripcion` varchar(200) DEFAULT NULL COMMENT 'Descripcion del evento',
  `fechaHoraInicioEvento` timestamp NOT NULL DEFAULT current_timestamp() ON UPDATE current_timestamp(),
  `fechaHoraFinEvento` timestamp NOT NULL DEFAULT '0000-00-00 00:00:00',
  `codigoRecepcionEventoSignificativo` varchar(25) NOT NULL,
  `status` enum('A','X') NOT NULL DEFAULT 'A',
  `created_at` datetime NOT NULL DEFAULT current_timestamp(),
  `updated_at` datetime DEFAULT NULL,
  PRIMARY KEY (`id`)
) ENGINE=InnoDB AUTO_INCREMENT=26 DEFAULT CHARSET=utf8mb3 COLLATE=utf8mb3_general_ci;

--
-- Dumping data for table `sivir_significant_event`
--

INSERT INTO `sivir_significant_event` VALUES (1,'86da9107-adb9-4a3b-bc71-f18710d66918','a444c790-c224-11ee-84c1-0200fd8284f8','QUFlQnLCsEFIQQ==N0M2MDNDQUM1Qjc=QmXCv1dVS0REWVVBNzcwNjZGOEUyQzVE','QUFlQnLCsEFIQQ==N0M2MDNDQUM1Qjc=QmXCv1dVS0REWVVBNzcwNjZGOEUyQzVE','2','INACCESIBILIDAD AL SERVICIO WEB DE LA ADMINISTRACIÓN TRIBUTARIA','2024-03-04 19:43:03','2024-03-04 19:43:13','20471350','A','2024-03-05 01:30:06','2024-03-05 01:30:06'),(2,'19fb1f0a-6b2c-4e12-8be6-11fe55e8482c','a444c790-c224-11ee-84c1-0200fd8284f8','BQWVCcsKwQUhBNz0M2MDNDQUM1Qjc=QmU+cERJQkdZVUFcwNjZGOEUyQzVEN','BQWVCcsKwQUhBNz0M2MDNDQUM1Qjc=QkFfcGlLZEZZVUFcwNjZGOEUyQzVEN','2','INACCESIBILIDAD AL SERVICIO WEB DE LA ADMINISTRACIÓN TRIBUTARIA','2024-05-29 19:47:22','2024-05-29 19:47:32','23273509','A','2024-05-31 08:14:00','2024-05-31 08:14:00'),(3,'40c9245e-db39-4d8d-b7ef-987c48d856a6','35747793-cf20-11ee-b21b-0200fd8284f8','QUJlQnLCsEFIQQ==N0M2MDNDQUM1Qjc=QsKhbG56SVFHWVVBNzcwNjZGOEUyQzVE','BQmVCcsKwQUhBNz0M2MDNDQUM1Qjc=QlV4Nm9JUEdZVUFcwNjZGOEUyQzVEN','2','INACCESIBILIDAD AL SERVICIO WEB DE LA ADMINISTRACIÓN TRIBUTARIA','2024-06-15 14:56:28','2024-06-15 14:56:38','23832651','A','2024-06-15 11:02:14','2024-06-15 11:02:14'),(4,'19fb1f0a-6b2c-4e12-8be6-11fe55e8482c','a444c790-c224-11ee-84c1-0200fd8284f8','BQWVCcsKwQUhBNz0M2MDNDQUM1Qjc=QlUyVnZUVkdZVUFcwNjZGOEUyQzVEN','BQWVCcsKwQUhBNz0M2MDNDQUM1Qjc=QktCTVZMU0dZVUFcwNjZGOEUyQzVEN','2','INACCESIBILIDAD AL SERVICIO WEB DE LA ADMINISTRACIÓN TRIBUTARIA','2024-06-18 17:38:06','2024-06-18 17:38:10','23919534','A','2024-06-20 19:51:01','2024-06-20 19:51:01'),(5,'35f2ea39-f082-4777-87a9-99f6433bb6f8','35747793-cf20-11ee-b21b-0200fd8284f8','BQmVCcsKwQUhBNz0M2MDNDQUM1Qjc=QlVsMmpIVkdZVUFcwNjZGOEUyQzVEN','BQmVCcsKwQUhBNz0M2MDNDQUM1Qjc=QjkrRFZJU0dZVUFcwNjZGOEUyQzVEN','2','INACCESIBILIDAD AL SERVICIO WEB DE LA ADMINISTRACIÓN TRIBUTARIA','2024-06-18 14:37:46','2024-06-18 14:37:50','23919545','A','2024-06-20 19:51:17','2024-06-20 19:51:17'),(6,'19fb1f0a-6b2c-4e12-8be6-11fe55e8482c','a444c790-c224-11ee-84c1-0200fd8284f8','BQWVCcsKwQUhBNz0M2MDNDQUM1Qjc=QlUyVnZUVkdZVUFcwNjZGOEUyQzVEN','BQWVCcsKwQUhBNz0M2MDNDQUM1Qjc=QktCTVZMU0dZVUFcwNjZGOEUyQzVEN','2','INACCESIBILIDAD AL SERVICIO WEB DE LA ADMINISTRACIÓN TRIBUTARIA','2024-06-18 17:43:51','2024-06-18 17:43:55','23919564','A','2024-06-20 19:52:50','2024-06-20 19:52:50'),(7,'86da9107-adb9-4a3b-bc71-f18710d66918','a444c790-c224-11ee-84c1-0200fd8284f8','BQWVCcsKwQUhBNz0M2MDNDQUM1Qjc=QlUyVnZUVkdZVUFcwNjZGOEUyQzVEN','BQWVCcsKwQUhBNz0M2MDNDQUM1Qjc=QktCTVZMU0dZVUFcwNjZGOEUyQzVEN','2','INACCESIBILIDAD AL SERVICIO WEB DE LA ADMINISTRACIÓN TRIBUTARIA','2024-06-19 23:17:03','2024-06-19 23:17:07','23919579','A','2024-06-20 19:53:56','2024-06-20 19:53:56'),(8,'35f2ea39-f082-4777-87a9-99f6433bb6f8','35747793-cf20-11ee-b21b-0200fd8284f8','BQmVCcsKwQUhBNz0M2MDNDQUM1Qjc=QlVsMmpIVkdZVUFcwNjZGOEUyQzVEN','BQmVCcsKwQUhBNz0M2MDNDQUM1Qjc=QjkrRFZJU0dZVUFcwNjZGOEUyQzVEN','2','INACCESIBILIDAD AL SERVICIO WEB DE LA ADMINISTRACIÓN TRIBUTARIA','2024-06-20 00:24:49','2024-06-20 00:24:53','23919580','A','2024-06-20 19:54:13','2024-06-20 19:54:13'),(9,'86da9107-adb9-4a3b-bc71-f18710d66918','a444c790-c224-11ee-84c1-0200fd8284f8','BQWVCcsKwQUhBNz0M2MDNDQUM1Qjc=QlUyVnZUVkdZVUFcwNjZGOEUyQzVEN','BQWVCcsKwQUhBNz0M2MDNDQUM1Qjc=QktCTVZMU0dZVUFcwNjZGOEUyQzVEN','2','INACCESIBILIDAD AL SERVICIO WEB DE LA ADMINISTRACIÓN TRIBUTARIA','2024-06-19 23:20:49','2024-06-19 23:20:53','23919581','A','2024-06-20 19:54:40','2024-06-20 19:54:40'),(10,'35f2ea39-f082-4777-87a9-99f6433bb6f8','35747793-cf20-11ee-b21b-0200fd8284f8','BQmVCcsKwQUhBNz0M2MDNDQUM1Qjc=QlVsMmpIVkdZVUFcwNjZGOEUyQzVEN','BQmVCcsKwQUhBNz0M2MDNDQUM1Qjc=QjkrRFZJU0dZVUFcwNjZGOEUyQzVEN','2','INACCESIBILIDAD AL SERVICIO WEB DE LA ADMINISTRACIÓN TRIBUTARIA','2024-06-20 00:27:34','2024-06-20 00:27:38','23919582','A','2024-06-20 19:54:58','2024-06-20 19:54:58'),(11,'86da9107-adb9-4a3b-bc71-f18710d66918','a444c790-c224-11ee-84c1-0200fd8284f8','BQWVCcsKwQUhBNz0M2MDNDQUM1Qjc=QlUyVnZUVkdZVUFcwNjZGOEUyQzVEN','BQWVCcsKwQUhBNz0M2MDNDQUM1Qjc=QktCTVZMU0dZVUFcwNjZGOEUyQzVEN','2','INACCESIBILIDAD AL SERVICIO WEB DE LA ADMINISTRACIÓN TRIBUTARIA','2024-06-19 23:22:56','2024-06-19 23:23:00','23919590','A','2024-06-20 19:55:16','2024-06-20 19:55:16'),(12,'35f2ea39-f082-4777-87a9-99f6433bb6f8','35747793-cf20-11ee-b21b-0200fd8284f8','BQmVCcsKwQUhBNz0M2MDNDQUM1Qjc=QlVsMmpIVkdZVUFcwNjZGOEUyQzVEN','BQmVCcsKwQUhBNz0M2MDNDQUM1Qjc=QjkrRFZJU0dZVUFcwNjZGOEUyQzVEN','2','INACCESIBILIDAD AL SERVICIO WEB DE LA ADMINISTRACIÓN TRIBUTARIA','2024-06-20 00:36:36','2024-06-20 00:36:40','23919592','A','2024-06-20 19:55:33','2024-06-20 19:55:33'),(13,'86da9107-adb9-4a3b-bc71-f18710d66918','a444c790-c224-11ee-84c1-0200fd8284f8','BQWVCcsKwQUhBNz0M2MDNDQUM1Qjc=QlUyVnZUVkdZVUFcwNjZGOEUyQzVEN','BQWVCcsKwQUhBNz0M2MDNDQUM1Qjc=QktCTVZMU0dZVUFcwNjZGOEUyQzVEN','2','INACCESIBILIDAD AL SERVICIO WEB DE LA ADMINISTRACIÓN TRIBUTARIA','2024-06-19 23:24:41','2024-06-19 23:24:45','23919603','A','2024-06-20 19:58:09','2024-06-20 19:58:09'),(14,'35f2ea39-f082-4777-87a9-99f6433bb6f8','35747793-cf20-11ee-b21b-0200fd8284f8','BQmVCcsKwQUhBNz0M2MDNDQUM1Qjc=QlVsMmpIVkdZVUFcwNjZGOEUyQzVEN','BQmVCcsKwQUhBNz0M2MDNDQUM1Qjc=QjkrRFZJU0dZVUFcwNjZGOEUyQzVEN','2','INACCESIBILIDAD AL SERVICIO WEB DE LA ADMINISTRACIÓN TRIBUTARIA','2024-06-20 00:38:43','2024-06-20 00:38:47','23919606','A','2024-06-20 19:58:26','2024-06-20 19:58:26'),(15,'86da9107-adb9-4a3b-bc71-f18710d66918','a444c790-c224-11ee-84c1-0200fd8284f8','BQWVCcsKwQUhBNz0M2MDNDQUM1Qjc=QlUyVnZUVkdZVUFcwNjZGOEUyQzVEN','BQWVCcsKwQUhBNz0M2MDNDQUM1Qjc=QktCTVZMU0dZVUFcwNjZGOEUyQzVEN','2','INACCESIBILIDAD AL SERVICIO WEB DE LA ADMINISTRACIÓN TRIBUTARIA','2024-06-19 23:27:06','2024-06-19 23:27:10','23919609','A','2024-06-20 19:59:07','2024-06-20 19:59:07'),(16,'35f2ea39-f082-4777-87a9-99f6433bb6f8','35747793-cf20-11ee-b21b-0200fd8284f8','BQmVCcsKwQUhBNz0M2MDNDQUM1Qjc=QlVsMmpIVkdZVUFcwNjZGOEUyQzVEN','BQmVCcsKwQUhBNz0M2MDNDQUM1Qjc=QjkrRFZJU0dZVUFcwNjZGOEUyQzVEN','2','INACCESIBILIDAD AL SERVICIO WEB DE LA ADMINISTRACIÓN TRIBUTARIA','2024-06-20 00:39:52','2024-06-20 00:39:56','23919610','A','2024-06-20 19:59:22','2024-06-20 19:59:22'),(17,'86da9107-adb9-4a3b-bc71-f18710d66918','a444c790-c224-11ee-84c1-0200fd8284f8','BQWVCcsKwQUhBNz0M2MDNDQUM1Qjc=QlUyVnZUVkdZVUFcwNjZGOEUyQzVEN','BQWVCcsKwQUhBNz0M2MDNDQUM1Qjc=QktCTVZMU0dZVUFcwNjZGOEUyQzVEN','2','INACCESIBILIDAD AL SERVICIO WEB DE LA ADMINISTRACIÓN TRIBUTARIA','2024-06-19 23:31:39','2024-06-19 23:31:43','23919613','A','2024-06-20 20:00:08','2024-06-20 20:00:08'),(18,'35f2ea39-f082-4777-87a9-99f6433bb6f8','35747793-cf20-11ee-b21b-0200fd8284f8','BQmVCcsKwQUhBNz0M2MDNDQUM1Qjc=QlVsMmpIVkdZVUFcwNjZGOEUyQzVEN','BQmVCcsKwQUhBNz0M2MDNDQUM1Qjc=QjkrRFZJU0dZVUFcwNjZGOEUyQzVEN','2','INACCESIBILIDAD AL SERVICIO WEB DE LA ADMINISTRACIÓN TRIBUTARIA','2024-06-20 00:42:19','2024-06-20 00:42:23','23919614','A','2024-06-20 20:00:26','2024-06-20 20:00:26'),(19,'86da9107-adb9-4a3b-bc71-f18710d66918','a444c790-c224-11ee-84c1-0200fd8284f8','BQWVCcsKwQUhBNz0M2MDNDQUM1Qjc=QlUyVnZUVkdZVUFcwNjZGOEUyQzVEN','BQWVCcsKwQUhBNz0M2MDNDQUM1Qjc=QktCTVZMU0dZVUFcwNjZGOEUyQzVEN','2','INACCESIBILIDAD AL SERVICIO WEB DE LA ADMINISTRACIÓN TRIBUTARIA','2024-06-19 23:38:17','2024-06-19 23:38:21','23919615','A','2024-06-20 20:00:47','2024-06-20 20:00:47'),(20,'35f2ea39-f082-4777-87a9-99f6433bb6f8','35747793-cf20-11ee-b21b-0200fd8284f8','BQmVCcsKwQUhBNz0M2MDNDQUM1Qjc=QlVsMmpIVkdZVUFcwNjZGOEUyQzVEN','BQmVCcsKwQUhBNz0M2MDNDQUM1Qjc=QjkrRFZJU0dZVUFcwNjZGOEUyQzVEN','2','INACCESIBILIDAD AL SERVICIO WEB DE LA ADMINISTRACIÓN TRIBUTARIA','2024-06-20 00:43:33','2024-06-20 00:43:37','23919621','A','2024-06-20 20:01:03','2024-06-20 20:01:03'),(21,'86da9107-adb9-4a3b-bc71-f18710d66918','a444c790-c224-11ee-84c1-0200fd8284f8','BQWVCcsKwQUhBNz0M2MDNDQUM1Qjc=QlUyVnZUVkdZVUFcwNjZGOEUyQzVEN','BQWVCcsKwQUhBNz0M2MDNDQUM1Qjc=QktCTVZMU0dZVUFcwNjZGOEUyQzVEN','2','INACCESIBILIDAD AL SERVICIO WEB DE LA ADMINISTRACIÓN TRIBUTARIA','2024-06-19 23:44:57','2024-06-19 23:45:01','23919632','A','2024-06-20 20:01:22','2024-06-20 20:01:22'),(22,'35f2ea39-f082-4777-87a9-99f6433bb6f8','35747793-cf20-11ee-b21b-0200fd8284f8','BQmVCcsKwQUhBNz0M2MDNDQUM1Qjc=QlVsMmpIVkdZVUFcwNjZGOEUyQzVEN','BQmVCcsKwQUhBNz0M2MDNDQUM1Qjc=QjkrRFZJU0dZVUFcwNjZGOEUyQzVEN','2','INACCESIBILIDAD AL SERVICIO WEB DE LA ADMINISTRACIÓN TRIBUTARIA','2024-06-20 00:52:00','2024-06-20 00:52:04','23919633','A','2024-06-20 20:01:40','2024-06-20 20:01:40'),(23,'86da9107-adb9-4a3b-bc71-f18710d66918','a444c790-c224-11ee-84c1-0200fd8284f8','BQWVCcsKwQUhBNz0M2MDNDQUM1Qjc=QlUyVnZUVkdZVUFcwNjZGOEUyQzVEN','BQWVCcsKwQUhBNz0M2MDNDQUM1Qjc=QktCTVZMU0dZVUFcwNjZGOEUyQzVEN','2','INACCESIBILIDAD AL SERVICIO WEB DE LA ADMINISTRACIÓN TRIBUTARIA','2024-06-19 23:46:20','2024-06-19 23:46:24','23919635','A','2024-06-20 20:02:00','2024-06-20 20:02:00'),(24,'35f2ea39-f082-4777-87a9-99f6433bb6f8','35747793-cf20-11ee-b21b-0200fd8284f8','BQmVCcsKwQUhBNz0M2MDNDQUM1Qjc=QlVsMmpIVkdZVUFcwNjZGOEUyQzVEN','BQmVCcsKwQUhBNz0M2MDNDQUM1Qjc=QjkrRFZJU0dZVUFcwNjZGOEUyQzVEN','2','INACCESIBILIDAD AL SERVICIO WEB DE LA ADMINISTRACIÓN TRIBUTARIA','2024-06-20 00:53:31','2024-06-20 00:53:35','23919637','A','2024-06-20 20:02:14','2024-06-20 20:02:15'),(25,'56b845b7-1236-4a32-a118-982a89f230aa','35747793-cf20-11ee-b21b-0200fd8284f8','BQmVCcsKwQUhBNz0M2MDNDQUM1Qjc=QjljTWZKWEhZVUFcwNjZGOEUyQzVEN','BQmVCcsKwQUhBNz0M2MDNDQUM1Qjc=QnkxbndLVkhZVUFcwNjZGOEUyQzVEN','2','INACCESIBILIDAD AL SERVICIO WEB DE LA ADMINISTRACIÓN TRIBUTARIA','2024-07-22 18:44:30','2024-07-22 18:44:30','24437034','A','2024-07-22 15:00:13','2024-07-22 15:00:13');

--
-- Table structure for table `sivir_store_credit`
--

CREATE TABLE `sivir_store_credit` (
  `relative` varchar(50) NOT NULL COMMENT 'Uuid data',
  `users_sid` varchar(50) NOT NULL COMMENT 'Related to users table',
  `global_branch_office_id` varchar(50) NOT NULL COMMENT 'Related to branch table',
  `customer_id` varchar(50) NOT NULL COMMENT 'Related to portfolio customers, this could be null for the special clients	',
  `credit_reason` varchar(150) NOT NULL COMMENT 'The credit reason, sell number in some cases',
  `sell_id` bigint(20) DEFAULT NULL COMMENT 'Related to sell id, not mandatory',
  `sellpoint_id` varchar(50) DEFAULT NULL COMMENT 'Related to the sellpoint',
  `ammount` decimal(15,5) NOT NULL COMMENT 'The credit total ammount',
  `currency_id` int(11) NOT NULL COMMENT 'Related to currency table',
  `how_many_payments` int(11) NOT NULL COMMENT 'The quantity number',
  `payment_intervals` int(11) NOT NULL COMMENT 'Interval payment days',
  `first_payment_date` date NOT NULL COMMENT 'The first payment date',
  `paid_complete` tinyint(1) NOT NULL DEFAULT 0 COMMENT 'Is the complete credit paid?',
  `status` enum('A','X') NOT NULL DEFAULT 'A',
  `created_at` datetime NOT NULL DEFAULT current_timestamp(),
  `updated_at` datetime DEFAULT NULL,
  PRIMARY KEY (`relative`),
  UNIQUE KEY `relative` (`relative`)
) ENGINE=InnoDB DEFAULT CHARSET=latin1 COLLATE=latin1_general_ci;

--
-- Dumping data for table `sivir_store_credit`
--

INSERT INTO `sivir_store_credit` VALUES ('13cd446a-22ed-4e9b-b2b2-e0555858bbad','86da9107-adb9-4a3b-bc71-f18710d66918','a444c790-c224-11ee-84c1-0200fd8284f8','b2168bd5-2774-4dd2-9228-35bac60ddf03','VENTA DE 50 HOJAS DE LIJAS AL  AGUA Nº500',360,'2bbf897c-c226-11ee-8b18-0200fd8284c1',350.00000,1,1,1,'2024-06-03',1,'A','2024-05-03 11:35:25','2024-05-31 11:54:26'),('1b524b1e-1dc2-4291-a55e-2bc2f27687ed','c577e6b9-a8fa-4636-ba3f-593f1191dc14','a444c790-c224-11ee-84c1-0200fd8284f8','b2168bd5-2774-4dd2-9228-35bac60ddf03','Número de venta 17',17,'2bbf897c-c226-11ee-8b18-0200fd8284c1',144.00000,1,1,30,'2024-03-20',1,'A','2024-02-20 16:23:25','2024-03-27 22:46:22'),('2274f05f-33b3-4c18-a089-4312ac400fc4','86da9107-adb9-4a3b-bc71-f18710d66918','a444c790-c224-11ee-84c1-0200fd8284f8','b2168bd5-2774-4dd2-9228-35bac60ddf03','FACTURA Nº 115 COTIZACION Nº412',NULL,NULL,3500.06000,1,1,1,'2024-07-11',1,'A','2024-07-01 10:46:22','2024-08-07 20:47:51'),('2b649b47-c8a6-498d-9de0-30e4bfd3a6ce','86da9107-adb9-4a3b-bc71-f18710d66918','a444c790-c224-11ee-84c1-0200fd8284f8','b2168bd5-2774-4dd2-9228-35bac60ddf03','FACTURA Nº 100 - COTIZACION Nº 407',431,'2bbf897c-c226-11ee-8b18-0200fd8284c1',3669.00000,1,1,1,'2024-06-21',1,'A','2024-05-21 19:37:12','2024-06-28 18:40:07'),('31aa3596-5f01-440f-96f2-1f5924681301','86da9107-adb9-4a3b-bc71-f18710d66918','a444c790-c224-11ee-84c1-0200fd8284f8','b2168bd5-2774-4dd2-9228-35bac60ddf03','VENTA DE MERCADERIA SEGUN COTIZACION Nº 405',320,'2bbf897c-c226-11ee-8b18-0200fd8284c1',2511.00000,1,1,1,'2024-05-22',1,'A','2024-04-22 10:35:41','2024-05-17 15:11:07'),('47ee915f-bb19-4635-9ce6-14591948aa32','86da9107-adb9-4a3b-bc71-f18710d66918','a444c790-c224-11ee-84c1-0200fd8284f8','b2168bd5-2774-4dd2-9228-35bac60ddf03','VENTA DE MONOFIL',NULL,NULL,3500.01000,1,1,1,'2024-05-11',0,'X','2024-04-11 21:32:33','2024-04-18 20:58:45'),('4e069ed5-4091-42b6-9f99-336ace502dad','86da9107-adb9-4a3b-bc71-f18710d66918','a444c790-c224-11ee-84c1-0200fd8284f8','b2168bd5-2774-4dd2-9228-35bac60ddf03','Número de venta 268 - CLIENTE PREFERENCIAL',268,'2bbf897c-c226-11ee-8b18-0200fd8284c1',82.00000,1,1,1,'2024-05-09',1,'A','2024-04-09 11:12:34','2024-05-17 15:13:29'),('4e5daaa8-3de4-42a3-bdc5-950ded522645','86da9107-adb9-4a3b-bc71-f18710d66918','a444c790-c224-11ee-84c1-0200fd8284f8','b2168bd5-2774-4dd2-9228-35bac60ddf03','Número de venta 159- CLINTE PREFERENCIAL',159,'2bbf897c-c226-11ee-8b18-0200fd8284c1',1442.00000,1,1,30,'2024-04-13',1,'A','2024-03-13 16:03:14','2024-04-16 20:50:15'),('5386b4e7-ebe1-4f54-8473-8cb546da5179','86da9107-adb9-4a3b-bc71-f18710d66918','a444c790-c224-11ee-84c1-0200fd8284f8','b2168bd5-2774-4dd2-9228-35bac60ddf03','FACTURA Nº 15 - COTIZACION Nº 412',515,'2bbf897c-c226-11ee-8b18-0200fd8284c1',3500.06000,1,1,1,'2024-07-11',1,'A','2024-06-11 12:17:45','2024-06-28 18:53:34'),('627e7151-758b-462d-b7ba-4345a446700f','86da9107-adb9-4a3b-bc71-f18710d66918','a444c790-c224-11ee-84c1-0200fd8284f8','b2168bd5-2774-4dd2-9228-35bac60ddf03','COTIZACION Nº 422 FACTURA Nº 194',819,'2bbf897c-c226-11ee-8b18-0200fd8284c1',350.00000,1,1,1,'2024-09-03',0,'A','2024-08-03 21:02:28','2024-08-03 21:02:28'),('6eede6dd-02b0-4e0f-ad0a-8e8fd3445689','86da9107-adb9-4a3b-bc71-f18710d66918','a444c790-c224-11ee-84c1-0200fd8284f8','b2168bd5-2774-4dd2-9228-35bac60ddf03','FACTURA Nº200 COTIZACION Nº423',844,'2bbf897c-c226-11ee-8b18-0200fd8284c1',280.00000,1,1,1,'2024-09-09',0,'A','2024-08-09 16:02:57','2024-08-09 16:02:57'),('7f0d658b-bcc7-42d8-84a8-904112cd705b','86da9107-adb9-4a3b-bc71-f18710d66918','a444c790-c224-11ee-84c1-0200fd8284f8','b2168bd5-2774-4dd2-9228-35bac60ddf03','Número de venta 487',487,'2bbf897c-c226-11ee-8b18-0200fd8284c1',1292.00000,1,1,1,'2024-07-03',1,'A','2024-06-03 19:03:38','2024-07-19 10:59:42'),('85522b88-cbc2-4001-9f9f-f0b5e09f40d5','86da9107-adb9-4a3b-bc71-f18710d66918','a444c790-c224-11ee-84c1-0200fd8284f8','b2168bd5-2774-4dd2-9228-35bac60ddf03','FACTURA Nº 98 - COTIZACION Nº 408',425,'2bbf897c-c226-11ee-8b18-0200fd8284c1',3860.01000,1,1,1,'2024-06-20',1,'A','2024-05-20 15:53:12','2024-06-28 18:38:13'),('855457f7-918f-4f81-a6e0-278f45940c42','c577e6b9-a8fa-4636-ba3f-593f1191dc14','a444c790-c224-11ee-84c1-0200fd8284f8','b2168bd5-2774-4dd2-9228-35bac60ddf03','Número de venta 19',19,'2bbf897c-c226-11ee-8b18-0200fd8284c1',1127.66000,1,1,30,'2024-03-20',1,'A','2024-02-20 16:18:01','2024-03-27 22:48:45'),('85f60518-a1f7-4c1d-b648-47fa314b1a3c','86da9107-adb9-4a3b-bc71-f18710d66918','a444c790-c224-11ee-84c1-0200fd8284f8','b2168bd5-2774-4dd2-9228-35bac60ddf03','FACTURA Nº181 COTIZACION 414',743,'2bbf897c-c226-11ee-8b18-0200fd8284c1',4788.00000,1,1,1,'2024-08-19',1,'A','2024-07-19 18:46:04','2024-08-20 11:07:27'),('893b9ae6-01ea-481b-95e6-40f5c4e81ce3','c577e6b9-a8fa-4636-ba3f-593f1191dc14','a444c790-c224-11ee-84c1-0200fd8284f8','b2168bd5-2774-4dd2-9228-35bac60ddf03','Número de venta 18',18,'2bbf897c-c226-11ee-8b18-0200fd8284c1',3500.01000,1,1,30,'2024-03-20',1,'A','2024-02-20 16:21:04','2024-03-27 22:47:19'),('914e6445-a69a-40cd-aa03-b1b0dfbddf8f','86da9107-adb9-4a3b-bc71-f18710d66918','a444c790-c224-11ee-84c1-0200fd8284f8','b2168bd5-2774-4dd2-9228-35bac60ddf03','FACTURA Nº 196 - COTIZACION Nº 426',835,'2bbf897c-c226-11ee-8b18-0200fd8284c1',3500.01000,1,1,1,'2024-09-08',0,'A','2024-08-08 09:46:12','2024-08-08 09:46:12'),('97b07111-b9c6-4b2f-b70d-20ed4984d8c5','86da9107-adb9-4a3b-bc71-f18710d66918','a444c790-c224-11ee-84c1-0200fd8284f8','b2168bd5-2774-4dd2-9228-35bac60ddf03','Número de venta 189-CLIENTE PREFERENCIAL',189,'2bbf897c-c226-11ee-8b18-0200fd8284c1',5508.97000,1,1,30,'2024-04-19',1,'A','2024-03-19 19:30:09','2024-04-18 21:27:54'),('9dc5bbda-2a1d-4323-8011-bbb56e494b2f','86da9107-adb9-4a3b-bc71-f18710d66918','a444c790-c224-11ee-84c1-0200fd8284f8','b2168bd5-2774-4dd2-9228-35bac60ddf03','factura nº125 COTIZACION Nº412',NULL,NULL,1319.00000,1,1,1,'2024-07-18',1,'A','2024-07-01 10:40:13','2024-07-19 11:00:34'),('a675b77f-1fe9-42ed-9f29-8c0eed477c7c','86da9107-adb9-4a3b-bc71-f18710d66918','a444c790-c224-11ee-84c1-0200fd8284f8','b2168bd5-2774-4dd2-9228-35bac60ddf03','Número de venta 158 - CLIENTE FRECUENTE',158,'2bbf897c-c226-11ee-8b18-0200fd8284c1',190.00000,1,1,30,'2024-04-13',1,'A','2024-03-13 15:42:20','2024-05-17 15:15:58'),('b656f08b-0a86-4463-9282-11f0b5733e60','86da9107-adb9-4a3b-bc71-f18710d66918','a444c790-c224-11ee-84c1-0200fd8284f8','b2168bd5-2774-4dd2-9228-35bac60ddf03','FACTURA Nº 218 COTIZACION Nº 429',911,'2bbf897c-c226-11ee-8b18-0200fd8284c1',1980.00000,1,1,1,'2024-09-20',0,'A','2024-08-20 10:58:31','2024-08-20 10:58:31'),('c2b96894-43cd-48a5-9ea1-a3d00af75ef7','86da9107-adb9-4a3b-bc71-f18710d66918','a444c790-c224-11ee-84c1-0200fd8284f8','b2168bd5-2774-4dd2-9228-35bac60ddf03','FACTURA Nº 182 COTIZACION Nº415',744,'2bbf897c-c226-11ee-8b18-0200fd8284c1',975.00000,1,1,1,'2024-08-19',1,'A','2024-07-19 18:52:37','2024-08-20 11:06:43'),('d38a23b5-6b52-40dd-b48a-6a3bf7c4af1d','86da9107-adb9-4a3b-bc71-f18710d66918','a444c790-c224-11ee-84c1-0200fd8284f8','b2168bd5-2774-4dd2-9228-35bac60ddf03','COTIZACION Nº',303,'2bbf897c-c226-11ee-8b18-0200fd8284c1',3500.01000,1,1,1,'2024-05-18',0,'A','2024-04-22 10:46:51','2024-04-22 10:46:51'),('d5860b50-1eac-4c03-a1b4-f7453573498d','c577e6b9-a8fa-4636-ba3f-593f1191dc14','a444c790-c224-11ee-84c1-0200fd8284f8','b2168bd5-2774-4dd2-9228-35bac60ddf03','CLIENTE FRECUENTE - COMPRA DE MERCADERIA AL CREDITO',123,'2bbf897c-c226-11ee-8b18-0200fd8284c1',4898.02000,1,1,30,'2024-04-05',1,'A','2024-03-05 21:42:25','2024-04-09 11:18:23'),('d8dbad8f-ede9-4daf-871e-db1933253a1a','86da9107-adb9-4a3b-bc71-f18710d66918','a444c790-c224-11ee-84c1-0200fd8284f8','b2168bd5-2774-4dd2-9228-35bac60ddf03','FACTURA Nº 99 - COTIZACION Nº 408',426,'2bbf897c-c226-11ee-8b18-0200fd8284c1',1140.00000,1,1,1,'2024-06-20',1,'A','2024-05-20 16:03:40','2024-06-28 18:38:47'),('dc3e719c-0917-4e1d-8ce9-6dc11db4375c','19fb1f0a-6b2c-4e12-8be6-11fe55e8482c','a444c790-c224-11ee-84c1-0200fd8284f8','b2168bd5-2774-4dd2-9228-35bac60ddf03','FACTURA Nº 153 COTIZACION Nº413',630,'2bbf897c-c226-11ee-8b18-0200fd8284c1',3500.01000,1,1,1,'2024-08-01',0,'A','2024-07-01 10:54:49','2024-07-01 10:54:49'),('e1df3fbc-e8b3-488d-9c12-2b3595539631','86da9107-adb9-4a3b-bc71-f18710d66918','a444c790-c224-11ee-84c1-0200fd8284f8','b2168bd5-2774-4dd2-9228-35bac60ddf03','FACTURA Nº 70',NULL,NULL,3500.01000,1,1,1,'2024-05-18',1,'A','2024-04-18 21:01:57','2024-05-17 15:18:40'),('e9d8bff3-bcaa-4b45-9793-fe1c51d3ed73','c577e6b9-a8fa-4636-ba3f-593f1191dc14','a444c790-c224-11ee-84c1-0200fd8284f8','b2168bd5-2774-4dd2-9228-35bac60ddf03','Número de venta 15',15,'2bbf897c-c226-11ee-8b18-0200fd8284c1',3500.01000,1,1,30,'2024-03-20',1,'A','2024-02-20 16:26:33','2024-03-27 22:47:58'),('fe12df8c-7516-4b0d-a1de-a6eb97fa0d4b','86da9107-adb9-4a3b-bc71-f18710d66918','a444c790-c224-11ee-84c1-0200fd8284f8','b2168bd5-2774-4dd2-9228-35bac60ddf03','FACTURA Nª 183,COTIZACION Nª416-421',754,'2bbf897c-c226-11ee-8b18-0200fd8284c1',7150.02000,1,1,1,'2024-08-22',1,'A','2024-07-22 17:02:19','2024-08-20 11:09:44');

--
-- Table structure for table `sivir_store_credit_payments_made`
--

CREATE TABLE `sivir_store_credit_payments_made` (
  `relative` varchar(50) NOT NULL COMMENT 'UUID',
  `users_sid` varchar(50) NOT NULL COMMENT 'Related to users table',
  `global_branch_office_id` varchar(50) NOT NULL COMMENT 'Related to branch table',
  `store_credit_id` varchar(50) NOT NULL COMMENT 'Related to store credit table',
  `store_credit_payments_todo_id` varchar(50) NOT NULL COMMENT 'Related to store credit payments todo table',
  `sellpoint_id` varchar(50) NOT NULL COMMENT 'related to sellpoint table',
  `payment_type` int(11) NOT NULL DEFAULT 1 COMMENT 'Payment kind, intern control',
  `payment_ammount` decimal(15,5) NOT NULL COMMENT 'The payment made ammount',
  `currency_id` int(11) NOT NULL COMMENT 'Related to currency table',
  `payment_made_date` date NOT NULL COMMENT 'The real date, no the register date',
  `status` enum('A','X') NOT NULL DEFAULT 'A',
  `created_at` datetime NOT NULL DEFAULT current_timestamp(),
  `updated_at` datetime DEFAULT NULL,
  PRIMARY KEY (`relative`)
) ENGINE=InnoDB DEFAULT CHARSET=latin1 COLLATE=latin1_general_ci;

--
-- Dumping data for table `sivir_store_credit_payments_made`
--

INSERT INTO `sivir_store_credit_payments_made` VALUES ('0bd5a448-77f3-4a34-99a3-c912ff205341','86da9107-adb9-4a3b-bc71-f18710d66918','a444c790-c224-11ee-84c1-0200fd8284f8','d8dbad8f-ede9-4daf-871e-db1933253a1a','243b1ddc-2e36-4e32-b545-186d2d4a4009','2bbf897c-c226-11ee-8b18-0200fd8284c1',7,1140.00000,1,'2024-06-13','A','2024-06-28 18:38:47','2024-06-28 18:38:47'),('0e001715-6c6f-4888-b83d-ab837aa4248f','c577e6b9-a8fa-4636-ba3f-593f1191dc14','a444c790-c224-11ee-84c1-0200fd8284f8','d5860b50-1eac-4c03-a1b4-f7453573498d','7a52a626-9657-46f6-8378-5722b33b2adf','2bbf897c-c226-11ee-8b18-0200fd8284c1',7,4898.02000,1,'2024-04-03','A','2024-04-09 11:18:23','2024-04-09 11:18:23'),('1833d4c9-7a70-41d7-90a4-967607b442e6','86da9107-adb9-4a3b-bc71-f18710d66918','a444c790-c224-11ee-84c1-0200fd8284f8','5386b4e7-ebe1-4f54-8473-8cb546da5179','7b349693-cecd-4787-a7a6-a3b5ed830414','2bbf897c-c226-11ee-8b18-0200fd8284c1',7,3500.06000,1,'2024-06-20','A','2024-06-28 18:53:34','2024-06-28 18:53:34'),('19b00a97-bcc9-4c39-aa40-db3f6e452f39','86da9107-adb9-4a3b-bc71-f18710d66918','a444c790-c224-11ee-84c1-0200fd8284f8','31aa3596-5f01-440f-96f2-1f5924681301','4b9a9239-39a0-4f70-b483-cfc70b732ae2','2bbf897c-c226-11ee-8b18-0200fd8284c1',7,2511.00000,1,'2024-05-17','A','2024-05-17 15:11:07','2024-05-17 15:11:07'),('2eb679f9-a7a9-4c86-a7e6-10d87ead5f45','c577e6b9-a8fa-4636-ba3f-593f1191dc14','a444c790-c224-11ee-84c1-0200fd8284f8','893b9ae6-01ea-481b-95e6-40f5c4e81ce3','3e10b1b1-7968-413c-96f4-700969da9b18','2bbf897c-c226-11ee-8b18-0200fd8284c1',7,3500.01000,1,'2024-03-20','A','2024-03-27 22:47:19','2024-03-27 22:47:19'),('3707793f-b8a0-4b6c-9f8b-e86ffeabe14c','86da9107-adb9-4a3b-bc71-f18710d66918','a444c790-c224-11ee-84c1-0200fd8284f8','97b07111-b9c6-4b2f-b70d-20ed4984d8c5','539cfabb-2cc9-46fa-a18a-17a4e09b4f75','2bbf897c-c226-11ee-8b18-0200fd8284c1',7,5508.97000,1,'2024-04-18','A','2024-04-18 21:27:54','2024-04-18 21:27:54'),('5f8906a1-2070-4913-918f-f5be83e76ea8','86da9107-adb9-4a3b-bc71-f18710d66918','a444c790-c224-11ee-84c1-0200fd8284f8','fe12df8c-7516-4b0d-a1de-a6eb97fa0d4b','77fbb02d-6b89-4148-8511-d1633127e259','2bbf897c-c226-11ee-8b18-0200fd8284c1',7,7150.02000,1,'2024-08-15','A','2024-08-20 11:09:44','2024-08-20 11:09:44'),('659da69b-76a1-4e21-b725-2e1185ea8a4a','86da9107-adb9-4a3b-bc71-f18710d66918','a444c790-c224-11ee-84c1-0200fd8284f8','85522b88-cbc2-4001-9f9f-f0b5e09f40d5','add22038-68ce-4a8e-b49f-7da4304406f4','2bbf897c-c226-11ee-8b18-0200fd8284c1',7,3860.01000,1,'2024-06-13','A','2024-06-28 18:38:13','2024-06-28 18:38:13'),('71364f39-d1c5-4486-b8fc-6688318a4d76','c577e6b9-a8fa-4636-ba3f-593f1191dc14','a444c790-c224-11ee-84c1-0200fd8284f8','1b524b1e-1dc2-4291-a55e-2bc2f27687ed','75f592fc-ab97-45a6-88d7-ffa5661d0470','2bbf897c-c226-11ee-8b18-0200fd8284c1',7,144.00000,1,'2024-03-20','A','2024-03-27 22:46:22','2024-03-27 22:46:22'),('7b3d7026-6f39-4640-83c6-57219d761377','86da9107-adb9-4a3b-bc71-f18710d66918','a444c790-c224-11ee-84c1-0200fd8284f8','c2b96894-43cd-48a5-9ea1-a3d00af75ef7','1b888667-b968-4edf-8a65-5b7165b9e8ac','2bbf897c-c226-11ee-8b18-0200fd8284c1',7,975.00000,1,'2024-08-15','A','2024-08-20 11:06:43','2024-08-20 11:06:43'),('8d6b1095-9eb5-4ac4-ad9c-7a00bd4d64c5','86da9107-adb9-4a3b-bc71-f18710d66918','a444c790-c224-11ee-84c1-0200fd8284f8','4e069ed5-4091-42b6-9f99-336ace502dad','47394572-441f-43d5-ac6a-47b4283a3be1','2bbf897c-c226-11ee-8b18-0200fd8284c1',7,82.00000,1,'2024-05-09','A','2024-05-17 15:13:29','2024-05-17 15:13:29'),('8fd19f6b-8df5-4310-a20d-4c8c9f75af56','86da9107-adb9-4a3b-bc71-f18710d66918','a444c790-c224-11ee-84c1-0200fd8284f8','13cd446a-22ed-4e9b-b2b2-e0555858bbad','a3318dca-78f5-492d-9c0e-61fdc4ee683f','2bbf897c-c226-11ee-8b18-0200fd8284c1',7,350.00000,1,'2024-05-31','A','2024-05-31 11:54:26','2024-05-31 11:54:26'),('96d7bac5-1587-4423-81b6-a7648eed8ac2','c577e6b9-a8fa-4636-ba3f-593f1191dc14','a444c790-c224-11ee-84c1-0200fd8284f8','e9d8bff3-bcaa-4b45-9793-fe1c51d3ed73','dfe6ca9f-5d8e-46a4-845d-af1afaa4d322','2bbf897c-c226-11ee-8b18-0200fd8284c1',7,3500.01000,1,'2024-03-20','A','2024-03-27 22:47:58','2024-03-27 22:47:58'),('a9d97bce-4ddd-41a7-b919-0c19cf6075df','86da9107-adb9-4a3b-bc71-f18710d66918','a444c790-c224-11ee-84c1-0200fd8284f8','7f0d658b-bcc7-42d8-84a8-904112cd705b','edfe2e28-685c-4886-b69d-8b507e70f2a4','2bbf897c-c226-11ee-8b18-0200fd8284c1',7,1292.00000,1,'2024-07-11','A','2024-07-19 10:59:42','2024-07-19 10:59:42'),('cc5d26a4-8843-4ea1-8fca-de90c4be27b6','86da9107-adb9-4a3b-bc71-f18710d66918','a444c790-c224-11ee-84c1-0200fd8284f8','2274f05f-33b3-4c18-a089-4312ac400fc4','061ead50-c36f-4604-956b-d445350b4cf6','2bbf897c-c226-11ee-8b18-0200fd8284c1',7,3500.06000,1,'2024-08-07','A','2024-08-07 20:47:51','2024-08-07 20:47:51'),('dc787bc5-56c1-4cff-b207-51d11064984e','86da9107-adb9-4a3b-bc71-f18710d66918','a444c790-c224-11ee-84c1-0200fd8284f8','9dc5bbda-2a1d-4323-8011-bbb56e494b2f','3e09d06f-3c1a-453c-b7a8-11579919ee01','2bbf897c-c226-11ee-8b18-0200fd8284c1',7,1319.00000,1,'2024-07-18','A','2024-07-19 11:00:34','2024-07-19 11:00:34'),('dfb49ed8-9ab7-464b-9ced-44d2cd95394c','86da9107-adb9-4a3b-bc71-f18710d66918','a444c790-c224-11ee-84c1-0200fd8284f8','85f60518-a1f7-4c1d-b648-47fa314b1a3c','47be97a8-e88b-46fc-ae66-953f5780f57d','2bbf897c-c226-11ee-8b18-0200fd8284c1',7,4788.00000,1,'2024-08-15','A','2024-08-20 11:07:27','2024-08-20 11:07:27'),('e24b54f4-d5b6-4e89-a829-60bd5babf7e4','86da9107-adb9-4a3b-bc71-f18710d66918','a444c790-c224-11ee-84c1-0200fd8284f8','4e5daaa8-3de4-42a3-bdc5-950ded522645','541d6b3b-9713-47fb-ab92-846199ab199a','2bbf897c-c226-11ee-8b18-0200fd8284c1',7,1442.00000,1,'2024-04-11','A','2024-04-16 20:50:15','2024-04-16 20:50:15'),('e4a65252-e59d-486d-8a35-0d6ad21020b2','c577e6b9-a8fa-4636-ba3f-593f1191dc14','a444c790-c224-11ee-84c1-0200fd8284f8','855457f7-918f-4f81-a6e0-278f45940c42','72040e4c-6f82-41ca-bd49-c3692cb27b95','2bbf897c-c226-11ee-8b18-0200fd8284c1',7,1127.66000,1,'2024-03-20','A','2024-03-27 22:48:45','2024-03-27 22:48:45'),('e8a3f1ea-9d0f-41b9-ac53-5f59a2f4be43','86da9107-adb9-4a3b-bc71-f18710d66918','a444c790-c224-11ee-84c1-0200fd8284f8','2b649b47-c8a6-498d-9de0-30e4bfd3a6ce','52d95639-0b50-4b14-95e3-be7a5d94d8bd','2bbf897c-c226-11ee-8b18-0200fd8284c1',7,3669.00000,1,'2024-06-20','A','2024-06-28 18:40:07','2024-06-28 18:40:07'),('ef4ddf1f-38d5-4b34-b0a7-b24f0e028e26','86da9107-adb9-4a3b-bc71-f18710d66918','a444c790-c224-11ee-84c1-0200fd8284f8','e1df3fbc-e8b3-488d-9c12-2b3595539631','dca13836-a27d-46f5-af61-b08d6fef19b5','2bbf897c-c226-11ee-8b18-0200fd8284c1',7,3500.01000,1,'2024-05-17','A','2024-05-17 15:18:40','2024-05-17 15:18:40'),('f6077c0f-4908-47b5-a42a-72a8606eb195','86da9107-adb9-4a3b-bc71-f18710d66918','a444c790-c224-11ee-84c1-0200fd8284f8','a675b77f-1fe9-42ed-9f29-8c0eed477c7c','6e4933af-a41d-454f-8730-66f404d5e63c','2bbf897c-c226-11ee-8b18-0200fd8284c1',7,190.00000,1,'2024-04-11','A','2024-05-17 15:15:58','2024-05-17 15:15:58');

--
-- Table structure for table `sivir_store_credit_payments_todo`
--

CREATE TABLE `sivir_store_credit_payments_todo` (
  `relative` varchar(50) NOT NULL COMMENT 'UUID',
  `users_sid` varchar(50) NOT NULL COMMENT 'Related to users table',
  `global_branch_office_id` varchar(50) NOT NULL COMMENT 'Related to branch table',
  `store_credit_id` varchar(50) NOT NULL COMMENT 'Related to store credit',
  `total_ammount` decimal(15,5) NOT NULL COMMENT 'The payment total ammount',
  `currency_id` int(11) NOT NULL COMMENT 'Related to currency table',
  `payment_duedate` date NOT NULL COMMENT 'The due date for the payment',
  `paid` tinyint(1) NOT NULL DEFAULT 0 COMMENT 'Its paid completed?',
  `status` enum('A','X') NOT NULL DEFAULT 'A',
  `created_at` datetime NOT NULL DEFAULT current_timestamp(),
  `updated_at` datetime DEFAULT NULL,
  PRIMARY KEY (`relative`)
) ENGINE=InnoDB DEFAULT CHARSET=latin1 COLLATE=latin1_general_ci;

--
-- Dumping data for table `sivir_store_credit_payments_todo`
--

INSERT INTO `sivir_store_credit_payments_todo` VALUES ('061ead50-c36f-4604-956b-d445350b4cf6','86da9107-adb9-4a3b-bc71-f18710d66918','a444c790-c224-11ee-84c1-0200fd8284f8','2274f05f-33b3-4c18-a089-4312ac400fc4',3500.06000,1,'2024-07-11',1,'A','2024-07-01 10:46:22','2024-08-07 20:47:51'),('1b888667-b968-4edf-8a65-5b7165b9e8ac','86da9107-adb9-4a3b-bc71-f18710d66918','a444c790-c224-11ee-84c1-0200fd8284f8','c2b96894-43cd-48a5-9ea1-a3d00af75ef7',975.00000,1,'2024-08-19',1,'A','2024-07-19 18:52:37','2024-08-20 11:06:43'),('243b1ddc-2e36-4e32-b545-186d2d4a4009','86da9107-adb9-4a3b-bc71-f18710d66918','a444c790-c224-11ee-84c1-0200fd8284f8','d8dbad8f-ede9-4daf-871e-db1933253a1a',1140.00000,1,'2024-06-20',1,'A','2024-05-20 16:03:40','2024-06-28 18:38:47'),('3e09d06f-3c1a-453c-b7a8-11579919ee01','86da9107-adb9-4a3b-bc71-f18710d66918','a444c790-c224-11ee-84c1-0200fd8284f8','9dc5bbda-2a1d-4323-8011-bbb56e494b2f',1319.00000,1,'2024-07-18',1,'A','2024-07-01 10:40:13','2024-07-19 11:00:34'),('3e10b1b1-7968-413c-96f4-700969da9b18','c577e6b9-a8fa-4636-ba3f-593f1191dc14','a444c790-c224-11ee-84c1-0200fd8284f8','893b9ae6-01ea-481b-95e6-40f5c4e81ce3',3500.01000,1,'2024-03-20',1,'A','2024-02-20 16:21:04','2024-03-27 22:47:19'),('42fc0c48-e237-40b0-a183-9dfe79708cab','86da9107-adb9-4a3b-bc71-f18710d66918','a444c790-c224-11ee-84c1-0200fd8284f8','6eede6dd-02b0-4e0f-ad0a-8e8fd3445689',280.00000,1,'2024-09-09',0,'A','2024-08-09 16:02:57','2024-08-09 16:02:57'),('47394572-441f-43d5-ac6a-47b4283a3be1','86da9107-adb9-4a3b-bc71-f18710d66918','a444c790-c224-11ee-84c1-0200fd8284f8','4e069ed5-4091-42b6-9f99-336ace502dad',82.00000,1,'2024-05-09',1,'A','2024-04-09 11:12:34','2024-05-17 15:13:29'),('47be97a8-e88b-46fc-ae66-953f5780f57d','86da9107-adb9-4a3b-bc71-f18710d66918','a444c790-c224-11ee-84c1-0200fd8284f8','85f60518-a1f7-4c1d-b648-47fa314b1a3c',4788.00000,1,'2024-08-19',1,'A','2024-07-19 18:46:04','2024-08-20 11:07:27'),('4b9a9239-39a0-4f70-b483-cfc70b732ae2','86da9107-adb9-4a3b-bc71-f18710d66918','a444c790-c224-11ee-84c1-0200fd8284f8','31aa3596-5f01-440f-96f2-1f5924681301',2511.00000,1,'2024-05-22',1,'A','2024-04-22 10:35:41','2024-05-17 15:11:07'),('4eea3d07-89aa-49b7-b520-34d77e4231e2','86da9107-adb9-4a3b-bc71-f18710d66918','a444c790-c224-11ee-84c1-0200fd8284f8','d38a23b5-6b52-40dd-b48a-6a3bf7c4af1d',3500.01000,1,'2024-05-18',0,'A','2024-04-22 10:46:51','2024-04-22 10:46:51'),('52d95639-0b50-4b14-95e3-be7a5d94d8bd','86da9107-adb9-4a3b-bc71-f18710d66918','a444c790-c224-11ee-84c1-0200fd8284f8','2b649b47-c8a6-498d-9de0-30e4bfd3a6ce',3669.00000,1,'2024-06-21',1,'A','2024-05-21 19:37:12','2024-06-28 18:40:07'),('539cfabb-2cc9-46fa-a18a-17a4e09b4f75','86da9107-adb9-4a3b-bc71-f18710d66918','a444c790-c224-11ee-84c1-0200fd8284f8','97b07111-b9c6-4b2f-b70d-20ed4984d8c5',5508.97000,1,'2024-04-19',1,'A','2024-03-19 19:30:09','2024-04-18 21:27:54'),('541d6b3b-9713-47fb-ab92-846199ab199a','86da9107-adb9-4a3b-bc71-f18710d66918','a444c790-c224-11ee-84c1-0200fd8284f8','4e5daaa8-3de4-42a3-bdc5-950ded522645',1442.00000,1,'2024-04-13',1,'A','2024-03-13 16:03:14','2024-04-16 20:50:15'),('61ea08db-2697-4bb4-8391-e2bdbbd839f7','19fb1f0a-6b2c-4e12-8be6-11fe55e8482c','a444c790-c224-11ee-84c1-0200fd8284f8','dc3e719c-0917-4e1d-8ce9-6dc11db4375c',3500.01000,1,'2024-08-01',0,'A','2024-07-01 10:54:49','2024-07-01 10:54:49'),('6e4933af-a41d-454f-8730-66f404d5e63c','86da9107-adb9-4a3b-bc71-f18710d66918','a444c790-c224-11ee-84c1-0200fd8284f8','a675b77f-1fe9-42ed-9f29-8c0eed477c7c',190.00000,1,'2024-04-13',1,'A','2024-03-13 15:42:20','2024-05-17 15:15:58'),('72040e4c-6f82-41ca-bd49-c3692cb27b95','c577e6b9-a8fa-4636-ba3f-593f1191dc14','a444c790-c224-11ee-84c1-0200fd8284f8','855457f7-918f-4f81-a6e0-278f45940c42',1127.66000,1,'2024-03-20',1,'A','2024-02-20 16:18:01','2024-03-27 22:48:45'),('75f592fc-ab97-45a6-88d7-ffa5661d0470','c577e6b9-a8fa-4636-ba3f-593f1191dc14','a444c790-c224-11ee-84c1-0200fd8284f8','1b524b1e-1dc2-4291-a55e-2bc2f27687ed',144.00000,1,'2024-03-20',1,'A','2024-02-20 16:23:25','2024-03-27 22:46:22'),('77fbb02d-6b89-4148-8511-d1633127e259','86da9107-adb9-4a3b-bc71-f18710d66918','a444c790-c224-11ee-84c1-0200fd8284f8','fe12df8c-7516-4b0d-a1de-a6eb97fa0d4b',7150.02000,1,'2024-08-22',1,'A','2024-07-22 17:02:19','2024-08-20 11:09:43'),('7a52a626-9657-46f6-8378-5722b33b2adf','c577e6b9-a8fa-4636-ba3f-593f1191dc14','a444c790-c224-11ee-84c1-0200fd8284f8','d5860b50-1eac-4c03-a1b4-f7453573498d',4898.02000,1,'2024-04-05',1,'A','2024-03-05 21:42:25','2024-04-09 11:18:23'),('7b349693-cecd-4787-a7a6-a3b5ed830414','86da9107-adb9-4a3b-bc71-f18710d66918','a444c790-c224-11ee-84c1-0200fd8284f8','5386b4e7-ebe1-4f54-8473-8cb546da5179',3500.06000,1,'2024-07-11',1,'A','2024-06-11 12:17:45','2024-06-28 18:53:34'),('a3318dca-78f5-492d-9c0e-61fdc4ee683f','86da9107-adb9-4a3b-bc71-f18710d66918','a444c790-c224-11ee-84c1-0200fd8284f8','13cd446a-22ed-4e9b-b2b2-e0555858bbad',350.00000,1,'2024-06-03',1,'A','2024-05-03 11:35:25','2024-05-31 11:54:26'),('add22038-68ce-4a8e-b49f-7da4304406f4','86da9107-adb9-4a3b-bc71-f18710d66918','a444c790-c224-11ee-84c1-0200fd8284f8','85522b88-cbc2-4001-9f9f-f0b5e09f40d5',3860.01000,1,'2024-06-20',1,'A','2024-05-20 15:53:12','2024-06-28 18:38:13'),('aec4ded0-5516-4806-9873-fe3ba65559de','86da9107-adb9-4a3b-bc71-f18710d66918','a444c790-c224-11ee-84c1-0200fd8284f8','b656f08b-0a86-4463-9282-11f0b5733e60',1980.00000,1,'2024-09-20',0,'A','2024-08-20 10:58:31','2024-08-20 10:58:31'),('cc6c85ac-6762-487e-967b-1ea2a17cfe28','86da9107-adb9-4a3b-bc71-f18710d66918','a444c790-c224-11ee-84c1-0200fd8284f8','627e7151-758b-462d-b7ba-4345a446700f',350.00000,1,'2024-09-03',0,'A','2024-08-03 21:02:28','2024-08-03 21:02:28'),('d846e134-363d-41eb-9464-fae3b601be4f','86da9107-adb9-4a3b-bc71-f18710d66918','a444c790-c224-11ee-84c1-0200fd8284f8','47ee915f-bb19-4635-9ce6-14591948aa32',3500.01000,1,'2024-05-11',0,'A','2024-04-11 21:32:33','2024-04-11 21:32:33'),('dca13836-a27d-46f5-af61-b08d6fef19b5','86da9107-adb9-4a3b-bc71-f18710d66918','a444c790-c224-11ee-84c1-0200fd8284f8','e1df3fbc-e8b3-488d-9c12-2b3595539631',3500.01000,1,'2024-05-18',1,'A','2024-04-18 21:01:57','2024-05-17 15:18:40'),('dfe6ca9f-5d8e-46a4-845d-af1afaa4d322','c577e6b9-a8fa-4636-ba3f-593f1191dc14','a444c790-c224-11ee-84c1-0200fd8284f8','e9d8bff3-bcaa-4b45-9793-fe1c51d3ed73',3500.01000,1,'2024-03-20',1,'A','2024-02-20 16:26:33','2024-03-27 22:47:58'),('ea7f5dfd-0f33-4874-84a5-079bc8c105e6','86da9107-adb9-4a3b-bc71-f18710d66918','a444c790-c224-11ee-84c1-0200fd8284f8','914e6445-a69a-40cd-aa03-b1b0dfbddf8f',3500.01000,1,'2024-09-08',0,'A','2024-08-08 09:46:12','2024-08-08 09:46:12'),('edfe2e28-685c-4886-b69d-8b507e70f2a4','86da9107-adb9-4a3b-bc71-f18710d66918','a444c790-c224-11ee-84c1-0200fd8284f8','7f0d658b-bcc7-42d8-84a8-904112cd705b',1292.00000,1,'2024-07-03',1,'A','2024-06-03 19:03:39','2024-07-19 10:59:42');

--
-- Table structure for table `sivir_store_debt`
--

CREATE TABLE `sivir_store_debt` (
  `relative` varchar(50) NOT NULL COMMENT 'Uuid data',
  `users_sid` varchar(50) NOT NULL COMMENT 'Related to users table',
  `global_branch_office_id` varchar(50) NOT NULL COMMENT 'Related to branch table',
  `supplier_id` varchar(50) CHARACTER SET latin1 COLLATE latin1_swedish_ci NOT NULL COMMENT 'related to supplier database and supplier vendor table	',
  `debt_reason` varchar(250) NOT NULL COMMENT 'The credit reason, sell number in some cases',
  `purchase_id` int(11) DEFAULT NULL COMMENT 'related to sivir_purchase',
  `sellpoint_id` varchar(50) DEFAULT NULL COMMENT 'Related to the sellpoint',
  `ammount` decimal(15,5) NOT NULL COMMENT 'The credit total ammount',
  `currency_id` int(11) NOT NULL COMMENT 'Related to currency table',
  `how_many_payments` int(11) NOT NULL COMMENT 'The quantity number',
  `payment_intervals` int(11) NOT NULL COMMENT 'Interval payment days',
  `first_payment_date` date NOT NULL COMMENT 'The first payment date',
  `paid_complete` tinyint(1) NOT NULL DEFAULT 0 COMMENT 'Is the complete credit paid?',
  `status` enum('A','X') NOT NULL DEFAULT 'A',
  `created_at` datetime NOT NULL DEFAULT current_timestamp(),
  `updated_at` datetime DEFAULT NULL,
  PRIMARY KEY (`relative`),
  UNIQUE KEY `relative` (`relative`)
) ENGINE=InnoDB DEFAULT CHARSET=latin1 COLLATE=latin1_general_ci;

--
-- Dumping data for table `sivir_store_debt`
--

INSERT INTO `sivir_store_debt` VALUES ('07233f5d-0d4a-4ea1-bc44-505ce742a51c','86da9107-adb9-4a3b-bc71-f18710d66918','a444c790-c224-11ee-84c1-0200fd8284f8','db58d149-8edc-4be7-bde5-5baee1be80a1','COMPRA DE MERCADERIA, NOTA DE VENTA Nº 14696',NULL,NULL,8633.00000,1,5,7,'2024-07-10',1,'A','2024-07-10 19:56:09','2024-08-15 20:49:52'),('09eb121a-63a3-4fe9-a435-c5039109499e','c577e6b9-a8fa-4636-ba3f-593f1191dc14','a444c790-c224-11ee-84c1-0200fd8284f8','02d1c1ca-0865-4aec-b4ef-e76061ef63c1','COMPRA DE PINTURA CORAL SINTETICA, LATEX Y MASKING',NULL,NULL,8202.91000,1,4,7,'2024-03-14',0,'A','2024-03-08 21:17:28','2024-03-08 21:17:28'),('0e9c721e-ca91-479f-8c5d-e913648529ef','86da9107-adb9-4a3b-bc71-f18710d66918','a444c790-c224-11ee-84c1-0200fd8284f8','15093411-b6c6-4402-9c89-199f82835041','COMPRA DE CABLES Y RESISTENCIA , FACTURA Nº 8207',NULL,NULL,5486.56000,1,5,7,'2024-06-06',1,'A','2024-05-24 19:17:43','2024-07-18 21:49:57'),('123725ae-8d21-459f-9510-bd5507ff611d','86da9107-adb9-4a3b-bc71-f18710d66918','35747793-cf20-11ee-b21b-0200fd8284f8','13cec544-c5fd-4b66-bfec-7b665e9e7cc8','COMPRA DE BISAGRAS GOLDEN NOTA DE VENTA Nº 4057',NULL,NULL,1250.00000,1,4,7,'2024-08-02',1,'A','2024-08-02 21:28:14','2024-08-09 19:16:03'),('17e7de1d-10f7-4543-8d9e-ea781e438ffb','86da9107-adb9-4a3b-bc71-f18710d66918','a444c790-c224-11ee-84c1-0200fd8284f8','fe9d0b8f-9606-4fe3-ac2c-c1bd90d4dafe','COMPRA DE LLANTAS DE MUBLE Y LLANTA DE CARRETILLA PROFORMA S/N 20-03-24',NULL,NULL,279.00000,1,1,10,'2024-03-29',1,'A','2024-03-20 19:10:50','2024-04-11 21:17:06'),('197c1bec-be9b-44b0-ba49-7a0987fe9802','86da9107-adb9-4a3b-bc71-f18710d66918','a444c790-c224-11ee-84c1-0200fd8284f8','e2ebe84c-0156-4db8-a7e2-27106d56803b','COMPRA DE PINTURA EN SPRAY AEROSOL FACTURA Nº 3059 (529 BS) Y Nº 3043 (4282 BS.)',NULL,NULL,4807.00000,1,1,1,'2024-03-02',1,'A','2024-03-02 21:55:37','2024-03-02 21:56:13'),('1f18338b-3359-49ef-ba07-0b344cbf8dd5','86da9107-adb9-4a3b-bc71-f18710d66918','35747793-cf20-11ee-b21b-0200fd8284f8','51f71bc3-651e-4799-b007-e990a7a7e212','COMPRA DE FOCOS',NULL,NULL,1927.00000,1,2,7,'2024-06-13',1,'A','2024-06-19 20:01:57','2024-06-19 20:05:20'),('22caa680-53f7-4423-9069-b0e791db5fb9','86da9107-adb9-4a3b-bc71-f18710d66918','35747793-cf20-11ee-b21b-0200fd8284f8','cc1f4c70-02e9-43cf-ad85-bcbd24c005a0','COMPRA DE MERCADERIA PROFORMA Nº 355 10/07/24',NULL,NULL,6008.00000,1,5,7,'2024-07-18',0,'A','2024-07-11 13:34:15','2024-07-11 13:34:15'),('238742bf-2931-418f-a263-292d52daa7b7','c577e6b9-a8fa-4636-ba3f-593f1191dc14','a444c790-c224-11ee-84c1-0200fd8284f8','e569424b-5002-4586-949d-3c5a19c48253','POR LA COMPRA DE DUCHAS LORENZETTI CON PROFORMA Nº 618',NULL,NULL,2475.00000,1,4,7,'2024-02-29',0,'X','2024-02-29 19:54:44','2024-02-29 20:45:10'),('25458742-48ee-458e-bd4d-081db28df65f','86da9107-adb9-4a3b-bc71-f18710d66918','35747793-cf20-11ee-b21b-0200fd8284f8','1d91a2c1-6ef7-4a71-8c50-0961ed1f2775','COMPRA DE PINTURAS FAC. 9242 -9240-9241',NULL,NULL,3932.26000,1,1,1,'2024-07-23',0,'X','2024-07-23 16:11:21','2024-07-23 16:11:38'),('3144528f-a605-42dd-9a57-34df2680bde3','86da9107-adb9-4a3b-bc71-f18710d66918','35747793-cf20-11ee-b21b-0200fd8284f8','0929cc51-80b4-482f-ae09-6dd90565b330','NOTA DE ENTREGA Nº 5667 15/07/24',NULL,NULL,1471.00000,1,2,7,'2024-07-15',1,'A','2024-07-15 17:48:04','2024-07-22 20:45:12'),('36abfb1b-c681-49e0-a5b8-68a56b74fdd0','c577e6b9-a8fa-4636-ba3f-593f1191dc14','a444c790-c224-11ee-84c1-0200fd8284f8','b11dcad7-7bbf-4d75-95cb-bb98baa81520','COMPRA DE DUCHAS FAME CON RECIBO Nº 124020408',NULL,NULL,6828.92000,1,6,7,'2024-02-29',0,'A','2024-02-29 19:38:33','2024-02-29 19:38:33'),('3f65e5b1-975f-4b7a-979c-bff5ac2c1311','86da9107-adb9-4a3b-bc71-f18710d66918','a444c790-c224-11ee-84c1-0200fd8284f8','6be64d9f-a0e3-45fc-a5dc-0a27ac846341','COMPRA DE 100 HOJAS DE LIJA AL AGUA Nº500 FAC. Nº 9173',NULL,NULL,239.14000,1,2,2,'2024-05-07',1,'A','2024-05-03 11:43:35','2024-05-15 19:48:45'),('3f72dd61-57b0-4b12-9f9e-d2eddd042ccd','86da9107-adb9-4a3b-bc71-f18710d66918','a444c790-c224-11ee-84c1-0200fd8284f8','28803121-e86b-4008-a040-b761a0f36b2b','COMPRA DE MERCADERIA PROFORMA S/N LOTE: PROF-03-110424',NULL,NULL,3143.00000,1,5,7,'2024-05-06',0,'A','2024-04-30 21:03:48','2024-04-30 21:03:48'),('47f474a7-ab6e-4ff3-9fe8-0f015ad8bfcb','86da9107-adb9-4a3b-bc71-f18710d66918','35747793-cf20-11ee-b21b-0200fd8284f8','13cec544-c5fd-4b66-bfec-7b665e9e7cc8','COMPRA MERCADERIA PROFORMA Nº 988',NULL,NULL,947.00000,1,2,7,'2024-06-19',1,'A','2024-06-12 20:44:13','2024-07-18 21:45:32'),('5701dc20-fa03-4221-95c1-0aa1d6a6894d','86da9107-adb9-4a3b-bc71-f18710d66918','35747793-cf20-11ee-b21b-0200fd8284f8','605cc7df-a27f-420a-8985-e8326f0a31f0','COMPRA DE MERCADERIA CON NOTA DE REMISION Nº0224-000424',NULL,NULL,1479.00000,1,1,1,'2024-05-18',1,'A','2024-05-17 20:35:08','2024-05-20 21:02:44'),('5937b7a1-48d2-4928-af03-e99851efd7fc','86da9107-adb9-4a3b-bc71-f18710d66918','35747793-cf20-11ee-b21b-0200fd8284f8','00c74511-f0b9-4fe5-a099-5eef800cb935','COMPRA  DE MERCADERIA (REG-18-1644) DEL 20/07/24',NULL,NULL,3720.00000,1,2,7,'2024-07-20',1,'A','2024-07-25 18:44:01','2024-07-25 18:45:07'),('5ddbc488-097a-4e34-aa5b-e02a9555da1a','86da9107-adb9-4a3b-bc71-f18710d66918','a444c790-c224-11ee-84c1-0200fd8284f8','15093411-b6c6-4402-9c89-199f82835041','COMPRA CABLE ENGMADO NOTA DE ENTREGA Nº339189',NULL,NULL,738.00000,1,1,1,'2024-07-18',1,'A','2024-06-20 20:19:32','2024-07-31 21:57:49'),('5ff9c10b-821c-4fa3-bc09-d918ccd01abc','86da9107-adb9-4a3b-bc71-f18710d66918','a444c790-c224-11ee-84c1-0200fd8284f8','38f3feb6-f1b2-4bf3-b2bf-4fa4827219b7','COMPRA DE GRIFOS DE LAVA PLATO VICUA',NULL,NULL,487.73000,1,1,1,'2024-04-30',1,'A','2024-04-26 20:22:05','2024-04-30 20:52:42'),('61127c0c-1c61-41fa-8d3f-583ae2b27998','19fb1f0a-6b2c-4e12-8be6-11fe55e8482c','a444c790-c224-11ee-84c1-0200fd8284f8','6f3ff79f-78d8-4883-8648-ca1f932dea27','POR COMPRA DE MERCADERIA EN FECHA 02/03/2024 Y 08/03/2024 NOTA S/N',NULL,NULL,10252.00000,1,1,30,'2024-04-03',1,'A','2024-03-08 21:14:14','2024-04-17 20:36:14'),('64952bea-2c48-47ce-a3fc-448b4c9e8b78','77ce28f7-8cba-4c20-aa61-e88eade33a9e','a444c790-c224-11ee-84c1-0200fd8284f8','a840cd75-a7ef-4ed2-bd94-803596132a07','credito',NULL,NULL,9000.00000,1,1,1,'2024-02-23',1,'X','2024-02-23 23:51:55','2024-02-23 23:58:47'),('652ba53a-2a9d-4bfa-b4b3-635c4d5f72ed','86da9107-adb9-4a3b-bc71-f18710d66918','a444c790-c224-11ee-84c1-0200fd8284f8','e2ebe84c-0156-4db8-a7e2-27106d56803b','COMPRA DE PINTURA AEROSOL DE COLORES FACTURAS Nº 3059 ( 525 BS) Y Nº3043  (4282 BS)',NULL,NULL,4282.00000,1,1,5,'2024-03-01',0,'X','2024-03-02 21:52:11','2024-03-02 21:53:18'),('77e9e2e5-1d5d-420b-b175-e74587a59bc2','86da9107-adb9-4a3b-bc71-f18710d66918','35747793-cf20-11ee-b21b-0200fd8284f8','1d91a2c1-6ef7-4a71-8c50-0961ed1f2775','AEROSOL PINTURA SINTETICA FAC 9242-9241-9240 (11/07/2024)',NULL,NULL,3878.26000,1,1,1,'2024-07-18',1,'A','2024-07-11 15:22:08','2024-07-23 16:19:56'),('784b9d67-6e8e-421e-b449-6e039033f88e','c577e6b9-a8fa-4636-ba3f-593f1191dc14','a444c790-c224-11ee-84c1-0200fd8284f8','28803121-e86b-4008-a040-b761a0f36b2b','COMPRA CON MERCADERIA EL 11/03/2024  LOTE: G N/S-01-110324',NULL,NULL,1207.00000,1,4,7,'2024-03-18',1,'A','2024-03-13 20:24:20','2024-03-25 19:34:31'),('799f0fb9-ce17-4fb3-9686-57f1dc831328','86da9107-adb9-4a3b-bc71-f18710d66918','a444c790-c224-11ee-84c1-0200fd8284f8','948e75af-e4c1-42b2-a495-90296fa2c4de','COMPRA DE RESISTENCIA Y DUCHAS',NULL,NULL,654.00000,1,1,7,'2024-04-18',0,'A','2024-04-11 21:24:43','2024-04-11 21:24:43'),('79fda09f-169d-4879-b8e8-1c27d3d5c5ce','86da9107-adb9-4a3b-bc71-f18710d66918','35747793-cf20-11ee-b21b-0200fd8284f8','1d91a2c1-6ef7-4a71-8c50-0961ed1f2775','COMPRA DE FACTURAS Nº 10306,10307,10303,10304,10305, DEL 24/07/24',NULL,NULL,5871.50000,1,1,1,'2024-08-07',1,'A','2024-08-07 20:43:06','2024-08-07 20:43:32'),('865b0d69-7c91-49ee-bdb2-96bd4b49ada3','86da9107-adb9-4a3b-bc71-f18710d66918','a444c790-c224-11ee-84c1-0200fd8284f8','702679a8-1772-4ca9-a714-09cbf7e3e67d','COMPRA DE 3 FOCOS RECARGABLES DE 50W',NULL,NULL,135.00000,1,1,7,'2024-04-18',1,'A','2024-04-11 21:22:48','2024-04-18 21:26:15'),('8b8c6404-9f7c-49d3-8f9c-c5a3614db5c7','86da9107-adb9-4a3b-bc71-f18710d66918','35747793-cf20-11ee-b21b-0200fd8284f8','c7913867-a5e5-409b-83a8-0700cf969bfa','COMPRA DE TUBOS Y CONDUIT NOTA DE VENTA S/N LOTE: NVS/N-02-020524',NULL,NULL,1159.00000,1,1,1,'2024-05-16',1,'A','2024-05-02 20:45:49','2024-06-03 20:42:19'),('8c1f3c1b-18fd-467f-aa2f-1fb52aaab112','86da9107-adb9-4a3b-bc71-f18710d66918','a444c790-c224-11ee-84c1-0200fd8284f8','fe9d0b8f-9606-4fe3-ac2c-c1bd90d4dafe','COMPRA DE INFLADORES PEQUEÑOS KAMASA Y TRUPER 2DA',NULL,NULL,147.00000,1,1,21,'2024-03-20',1,'A','2024-04-11 21:19:02','2024-04-11 21:19:34'),('8cd98be6-084b-4e19-a542-b1d4b7d46307','86da9107-adb9-4a3b-bc71-f18710d66918','35747793-cf20-11ee-b21b-0200fd8284f8','d006cf95-f79e-4ff8-8233-5dacbfd51bbb','FACTURA Nº 71 COMPRA DE CABLE DUCTO 60-40',NULL,NULL,440.00000,1,1,1,'2024-07-03',1,'A','2024-07-03 20:25:36','2024-07-03 20:25:54'),('8ce0d317-3266-4805-94e3-5251694cfdbb','86da9107-adb9-4a3b-bc71-f18710d66918','a444c790-c224-11ee-84c1-0200fd8284f8','a840cd75-a7ef-4ed2-bd94-803596132a07','COMPRA DE MERCADERIA NOTAS 4335-4336-4451-4452-4453-4454-4455-4456',NULL,NULL,28109.68000,1,12,7,'2024-04-15',1,'A','2024-04-16 19:57:12','2024-07-25 16:53:10'),('9542de93-28a9-4968-9fc4-8112255bc690','77ce28f7-8cba-4c20-aa61-e88eade33a9e','a444c790-c224-11ee-84c1-0200fd8284f8','a840cd75-a7ef-4ed2-bd94-803596132a07','credito',NULL,NULL,9000.00000,1,1,1,'2024-02-23',0,'X','2024-02-23 23:59:47','2024-02-24 00:05:32'),('98daccde-abf0-4636-9c06-06dc75606b60','86da9107-adb9-4a3b-bc71-f18710d66918','35747793-cf20-11ee-b21b-0200fd8284f8','0b367b9d-2a08-4f10-95ff-3d8d0f0b6424','FACTURA Nº 9396',NULL,NULL,405.55000,1,1,1,'2024-05-31',1,'A','2024-05-31 20:37:25','2024-05-31 20:37:51'),('99f3a82c-b96d-431d-bfbf-775024893afb','86da9107-adb9-4a3b-bc71-f18710d66918','35747793-cf20-11ee-b21b-0200fd8284f8','8e664abe-0bc8-4cab-91e6-0d5740772146','COMPRA DE MERCADERIA NOTA DE ENTREGA Nº 229-169 (27/07/24)',NULL,NULL,2346.56000,1,4,7,'2024-08-10',0,'A','2024-08-01 16:14:55','2024-08-01 16:14:55'),('9cd9c415-289d-491c-9cbb-d38dd7b2a1e4','86da9107-adb9-4a3b-bc71-f18710d66918','35747793-cf20-11ee-b21b-0200fd8284f8','51f71bc3-651e-4799-b007-e990a7a7e212','COMPRA DE FOCOS 13-06-24',NULL,NULL,1927.00000,1,3,7,'2024-06-13',1,'X','2024-06-13 17:18:18','2024-06-19 20:00:47'),('a0be15a8-803c-4b01-9c6a-c6bb6561f8a6','86da9107-adb9-4a3b-bc71-f18710d66918','35747793-cf20-11ee-b21b-0200fd8284f8','24d14140-b9cf-4b8d-bcf1-afe6701e59c5','COMPRA DE MERCADERIA CON NOTA DE ENTREGA Nº 0847',NULL,NULL,653.00000,1,1,1,'2024-05-20',1,'A','2024-05-17 20:36:21','2024-05-21 20:43:40'),('a1fd1227-6001-4139-b8d0-b415228bdbe3','86da9107-adb9-4a3b-bc71-f18710d66918','35747793-cf20-11ee-b21b-0200fd8284f8','c7913867-a5e5-409b-83a8-0700cf969bfa','COMPRA DE TUBOS CON NOTA DE VENTA S/N 24/06/24',NULL,NULL,7220.00000,1,2,10,'2024-06-26',1,'A','2024-06-26 20:04:02','2024-07-02 19:24:03'),('a6b6537a-9e6b-4b61-83f2-3ac565db4893','86da9107-adb9-4a3b-bc71-f18710d66918','a444c790-c224-11ee-84c1-0200fd8284f8','e569424b-5002-4586-949d-3c5a19c48253','COMPRA DE DUCHAS CON PROFORMA Nº 618',NULL,NULL,2475.00000,1,4,7,'2024-02-29',1,'A','2024-02-29 20:48:06','2024-04-22 20:21:31'),('a9bd69eb-5318-4996-9490-6e2805f741a3','c577e6b9-a8fa-4636-ba3f-593f1191dc14','a444c790-c224-11ee-84c1-0200fd8284f8','fe9d0b8f-9606-4fe3-ac2c-c1bd90d4dafe','COMPRA DE LLANTAS DE CARRETILLA C/NEOMATICO',NULL,NULL,885.00000,1,1,7,'2024-03-11',1,'A','2024-03-05 14:27:09','2024-03-20 19:14:52'),('ab23e8be-e6c6-4377-9e54-483617726b55','86da9107-adb9-4a3b-bc71-f18710d66918','35747793-cf20-11ee-b21b-0200fd8284f8','1d5b51f8-ff09-4d03-a1bd-241a843bda8e','COMPRA DE MERCADERIA 05/06/24',NULL,NULL,7645.00000,1,1,1,'2024-07-06',1,'A','2024-07-06 19:42:10','2024-07-06 19:42:34'),('ab4be6b5-3c37-4382-a367-60de087956f8','86da9107-adb9-4a3b-bc71-f18710d66918','a444c790-c224-11ee-84c1-0200fd8284f8','76840db7-dca4-4ca2-a1b3-23ea518287cb','COMPRA DE MERCADERIA CON NOTA DE REMISION Nº 224-306',NULL,NULL,2200.89000,1,3,7,'2024-04-25',1,'A','2024-04-04 21:03:25','2024-06-13 21:39:05'),('aebcc036-d34b-44e1-84cb-f9bb3f710152','86da9107-adb9-4a3b-bc71-f18710d66918','a444c790-c224-11ee-84c1-0200fd8284f8','28803121-e86b-4008-a040-b761a0f36b2b','COMPRA DE MERCADERIA',NULL,NULL,2830.00000,1,3,7,'2024-05-06',0,'X','2024-04-11 21:30:18','2024-04-30 21:00:19'),('afcca419-a54d-44ba-a27a-f7093947af11','86da9107-adb9-4a3b-bc71-f18710d66918','35747793-cf20-11ee-b21b-0200fd8284f8','b9074aee-bd10-4cae-90f7-7de9ebc63834','PROFORMA S/N LOTE: PROF-SN-010724',NULL,NULL,2911.50000,1,4,7,'2024-07-08',1,'A','2024-07-04 11:30:18','2024-08-02 21:16:46'),('b3749c93-5b5f-4fb1-8911-70e74c5fb74e','86da9107-adb9-4a3b-bc71-f18710d66918','35747793-cf20-11ee-b21b-0200fd8284f8','1f6ad2c5-2bc3-40f0-9cd2-ce489a8e98c1','COMPRA DE MERCADERIA FACTURA Nº 4356 - NOTA DE ENTREGA Nº 9542',NULL,NULL,10607.76000,1,4,7,'2024-05-28',1,'A','2024-05-24 17:05:10','2024-07-06 19:40:37'),('b4b68ce6-ddba-4e49-9615-a500eb84692b','86da9107-adb9-4a3b-bc71-f18710d66918','35747793-cf20-11ee-b21b-0200fd8284f8','b9074aee-bd10-4cae-90f7-7de9ebc63834','COMPRA DE MERCADERIA 28/05/24 LOTE: PROF-02-280524',NULL,NULL,1205.00000,1,2,7,'2024-06-24',1,'A','2024-06-24 20:37:26','2024-07-01 20:57:29'),('b5abf057-d68b-4355-ae3e-6edbbbb6930c','86da9107-adb9-4a3b-bc71-f18710d66918','35747793-cf20-11ee-b21b-0200fd8284f8','8e664abe-0bc8-4cab-91e6-0d5740772146','COMPRA DE MERCADERIA NOTA DE VENTA Nº 300716 - FAC. 662',NULL,NULL,3356.75000,1,5,7,'2024-05-13',1,'A','2024-05-13 20:32:41','2024-06-10 21:31:01'),('b5c70662-5f3b-446b-b715-fd4eaaac5ce9','86da9107-adb9-4a3b-bc71-f18710d66918','a444c790-c224-11ee-84c1-0200fd8284f8','28803121-e86b-4008-a040-b761a0f36b2b','COMPRA DE MERCADERIA CON PROFORMA S/N  LOTE: PROFS/N-02-250324',NULL,NULL,2180.00000,1,3,7,'2024-04-01',1,'A','2024-03-26 21:00:34','2024-04-30 20:58:26'),('bdfd864d-7c65-4895-b97f-dd3c8cd04fb7','86da9107-adb9-4a3b-bc71-f18710d66918','35747793-cf20-11ee-b21b-0200fd8284f8','0b300ced-1421-4741-8a14-09d703c32f28','COMPRA DE LLANTA E INFLADORES PROFORMA S/N 24/05/24',NULL,NULL,645.00000,1,1,1,'2024-06-10',1,'A','2024-05-24 17:08:04','2024-06-28 19:23:45'),('be30ecd4-6b43-4f73-88bb-cd0bf2d07d5e','86da9107-adb9-4a3b-bc71-f18710d66918','35747793-cf20-11ee-b21b-0200fd8284f8','1f6ad2c5-2bc3-40f0-9cd2-ce489a8e98c1','COMPRA DE MERCADERIA FACTURA Nº 4463, NOTA DE ENTREGA Nº 9610',NULL,NULL,11792.52000,1,5,7,'2024-06-07',1,'A','2024-06-07 20:26:04','2024-08-05 20:25:48'),('bebc1c39-557f-4494-82cc-308cff0e22ed','86da9107-adb9-4a3b-bc71-f18710d66918','35747793-cf20-11ee-b21b-0200fd8284f8','1d5b51f8-ff09-4d03-a1bd-241a843bda8e','COMPRA DE MERCADERÍA 24/07/24',NULL,NULL,10138.50000,1,2,14,'2024-08-08',0,'A','2024-08-08 22:02:50','2024-08-08 22:02:50'),('bfadc292-e0ea-4348-be7c-8b29f56071b3','86da9107-adb9-4a3b-bc71-f18710d66918','a444c790-c224-11ee-84c1-0200fd8284f8','28803121-e86b-4008-a040-b761a0f36b2b','COMPRA DE MERCADERIA',NULL,NULL,2830.00000,1,3,7,'2024-05-09',0,'X','2024-04-11 21:27:04','2024-04-11 21:28:39'),('c0cecc11-079f-4d65-accb-2057219b42ed','77ce28f7-8cba-4c20-aa61-e88eade33a9e','a444c790-c224-11ee-84c1-0200fd8284f8','bb927c0d-9e42-483d-9978-ebef122a2999','compra de mercaderria',NULL,NULL,40000.00000,1,2,30,'2024-03-19',0,'X','2024-02-19 23:31:24','2024-02-19 23:34:03'),('c38221ff-e0e1-41b2-83e6-302076e480ba','86da9107-adb9-4a3b-bc71-f18710d66918','35747793-cf20-11ee-b21b-0200fd8284f8','8d0ad805-fac4-4d7b-8ba8-cbfacaaaacbd','COMPRA DE MERCADERIA NOTA DE ENTREGA Nº 72631 - FAC. 1897',NULL,NULL,1878.78000,1,4,7,'2024-06-24',1,'A','2024-05-13 20:38:50','2024-07-01 20:56:03'),('c5bae583-19d2-46fb-b782-5c961a2bb04e','86da9107-adb9-4a3b-bc71-f18710d66918','35747793-cf20-11ee-b21b-0200fd8284f8','0b367b9d-2a08-4f10-95ff-3d8d0f0b6424','COMPRA DE MERCADERIA, FACTURA 9747',NULL,NULL,3118.55000,1,4,7,'2024-06-25',1,'A','2024-06-25 20:04:05','2024-07-24 16:05:32'),('cf011f3e-061c-4a83-b2f1-43a816fb83a3','86da9107-adb9-4a3b-bc71-f18710d66918','a444c790-c224-11ee-84c1-0200fd8284f8','702679a8-1772-4ca9-a714-09cbf7e3e67d','COMPRA DE 3 FOCOS RECARGABLES LES DE 50W',NULL,NULL,135.00000,1,1,7,'2024-04-11',0,'X','2024-04-11 21:21:24','2024-04-11 21:21:59'),('d051dfef-4ce1-42de-8766-61d7593686fc','86da9107-adb9-4a3b-bc71-f18710d66918','35747793-cf20-11ee-b21b-0200fd8284f8','1d91a2c1-6ef7-4a71-8c50-0961ed1f2775','COMPRA DE PINTURA FACTURA Nº 06403-06512-06404',NULL,NULL,3931.38000,1,1,1,'2024-05-29',0,'A','2024-05-22 17:01:22','2024-05-22 17:01:22'),('d30624c8-12ae-453b-839c-b4e965c9145a','c577e6b9-a8fa-4636-ba3f-593f1191dc14','a444c790-c224-11ee-84c1-0200fd8284f8','02d1c1ca-0865-4aec-b4ef-e76061ef63c1','COMPRA DE PINTURAS CORAL LATEX, SINTETICO Y MASKING',NULL,NULL,8.00000,1,4,7,'2024-03-14',0,'X','2024-03-08 21:16:13','2024-03-08 21:16:34'),('d3090527-4948-4f03-b88c-31c558fe0302','86da9107-adb9-4a3b-bc71-f18710d66918','35747793-cf20-11ee-b21b-0200fd8284f8','15093411-b6c6-4402-9c89-199f82835041','COMPRA DE DUCHAS, NOTA DE ENTREGA Nº 124070989 (31/07/24)',NULL,NULL,4217.68000,1,5,7,'2024-08-08',0,'A','2024-08-01 16:23:59','2024-08-01 16:23:59'),('d3117997-a468-4884-9126-86c9ddb5b83a','86da9107-adb9-4a3b-bc71-f18710d66918','35747793-cf20-11ee-b21b-0200fd8284f8','a30f0810-2c83-48fb-8614-1829bc4ecad0','COMPRA DE ACCESORIOS DE TUBO PROFORMA Nº 41150',NULL,NULL,860.00000,1,2,7,'2024-07-08',0,'A','2024-07-08 20:37:19','2024-07-08 20:37:19'),('db8cad1c-ac2f-4d1f-a4e7-d3bbd4d67b0c','86da9107-adb9-4a3b-bc71-f18710d66918','35747793-cf20-11ee-b21b-0200fd8284f8','5820fed0-a62c-4a24-ba17-a3b6d279472a','NOTA DE ENTREGA Nº 104 Y 331',NULL,NULL,2715.96000,1,3,7,'2024-07-23',0,'A','2024-07-19 20:24:39','2024-07-19 20:24:39'),('dde50a9d-4d2c-42eb-98aa-d9564a4711dc','86da9107-adb9-4a3b-bc71-f18710d66918','35747793-cf20-11ee-b21b-0200fd8284f8','8d0ad805-fac4-4d7b-8ba8-cbfacaaaacbd','COMPRA DE LIJAS NOTA DE ENTREGA Nº 72632 - FAC. 1898',NULL,NULL,3007.76000,1,2,7,'2024-05-20',1,'A','2024-05-13 20:41:35','2024-08-05 20:23:55'),('e38507ce-3211-40b1-869f-4e4d9ab411a0','86da9107-adb9-4a3b-bc71-f18710d66918','a444c790-c224-11ee-84c1-0200fd8284f8','28803121-e86b-4008-a040-b761a0f36b2b','COMPRA DE MERCADERIA CON PROFORMA S/N DEL 30/04/2024',NULL,NULL,1377.00000,1,3,7,'2024-05-06',1,'A','2024-05-06 20:39:26','2024-05-20 20:51:12'),('e587c291-78a0-4495-8578-bb489e26de20','c577e6b9-a8fa-4636-ba3f-593f1191dc14','a444c790-c224-11ee-84c1-0200fd8284f8','4bc28a0c-28fd-44da-888f-d4600c7febc4','COMPRA DE PALAS, PICOTAS, CLAVO SEGUN NOTA DE VENTA Nº 5550696',NULL,NULL,1451.00000,1,2,7,'2024-03-06',1,'A','2024-03-06 19:34:15','2024-03-27 22:40:54'),('e8e7d541-68fd-4749-a30d-922b95961707','86da9107-adb9-4a3b-bc71-f18710d66918','a444c790-c224-11ee-84c1-0200fd8284f8','6f3ff79f-78d8-4883-8648-ca1f932dea27','COMPRA DE MERCADERIA NOTA S/N LOTE: S/N-02-240424',NULL,NULL,9937.00000,1,1,1,'2024-05-30',0,'A','2024-04-30 21:33:38','2024-04-30 21:33:38'),('f4970b0c-d183-40b5-a66a-ba2f5d3b4324','86da9107-adb9-4a3b-bc71-f18710d66918','a444c790-c224-11ee-84c1-0200fd8284f8','76840db7-dca4-4ca2-a1b3-23ea518287cb','COMPRA DE MERCADERIA CON NOTA DE REMISION Nº 224-263',NULL,NULL,1697.27000,1,2,7,'2024-04-11',1,'A','2024-04-04 21:01:13','2024-05-31 21:01:19'),('f86e697d-a31b-4eb5-a090-84584c0ab84c','86da9107-adb9-4a3b-bc71-f18710d66918','35747793-cf20-11ee-b21b-0200fd8284f8','00c74511-f0b9-4fe5-a099-5eef800cb935','COMPRA DE SOQUET Y CLAF PROFORMA Nº 92095',NULL,NULL,975.00000,1,1,1,'2024-06-15',1,'A','2024-06-15 21:12:13','2024-06-15 21:12:35'),('f914b3aa-7f02-4bdd-87b2-125177bac648','86da9107-adb9-4a3b-bc71-f18710d66918','a444c790-c224-11ee-84c1-0200fd8284f8','b5833109-1128-42e3-9c3e-09be1ebc5a32','COMPRA DE ACCESORIO, TUBOS DE TIGRE PROFORMA Nº 73871',NULL,NULL,3191.00000,1,1,1,'2024-04-18',1,'A','2024-04-04 21:06:07','2024-05-02 20:27:32'),('fc7b68c4-c76f-452e-b6d2-84176ba11dca','86da9107-adb9-4a3b-bc71-f18710d66918','35747793-cf20-11ee-b21b-0200fd8284f8','00c74511-f0b9-4fe5-a099-5eef800cb935','COMPRA DE CLEFA DE 1L PROFORMA Nº 92095',NULL,NULL,833.00000,1,1,1,'2024-06-17',0,'X','2024-06-13 17:15:43','2024-06-15 21:11:12');

--
-- Table structure for table `sivir_store_debt_payments_made`
--

CREATE TABLE `sivir_store_debt_payments_made` (
  `relative` varchar(50) NOT NULL COMMENT 'UUID',
  `users_sid` varchar(50) NOT NULL COMMENT 'Related to users table',
  `global_branch_office_id` varchar(50) NOT NULL COMMENT 'Related to branch table',
  `store_debt_id` varchar(50) NOT NULL COMMENT 'Related to store debt table',
  `store_debt_payments_todo_id` varchar(50) NOT NULL COMMENT 'Related to store debt payments todo table',
  `sellpoint_id` varchar(50) NOT NULL COMMENT 'related to sellpoint table',
  `payment_type` int(11) NOT NULL DEFAULT 1 COMMENT 'Payment kind, intern control',
  `payment_ammount` decimal(15,5) NOT NULL COMMENT 'The payment made ammount',
  `currency_id` int(11) NOT NULL COMMENT 'Related to currency table',
  `payment_made_date` date NOT NULL COMMENT 'The real date, no the register date',
  `status` enum('A','X') NOT NULL DEFAULT 'A',
  `created_at` datetime NOT NULL DEFAULT current_timestamp(),
  `updated_at` datetime DEFAULT NULL,
  PRIMARY KEY (`relative`)
) ENGINE=InnoDB DEFAULT CHARSET=latin1 COLLATE=latin1_general_ci;

--
-- Dumping data for table `sivir_store_debt_payments_made`
--

INSERT INTO `sivir_store_debt_payments_made` VALUES ('0533d647-6d50-4335-b95f-ea308c3a2167','86da9107-adb9-4a3b-bc71-f18710d66918','a444c790-c224-11ee-84c1-0200fd8284f8','f4970b0c-d183-40b5-a66a-ba2f5d3b4324','8818655f-507f-4f8c-a8e1-fd72c8779f82','2bbf897c-c226-11ee-8b18-0200fd8284c1',1,697.00000,1,'2024-05-31','A','2024-05-31 20:59:27','2024-05-31 20:59:27'),('058c9839-84e2-4f37-91a4-a1614302b6bb','c577e6b9-a8fa-4636-ba3f-593f1191dc14','a444c790-c224-11ee-84c1-0200fd8284f8','784b9d67-6e8e-421e-b449-6e039033f88e','3c07ab1e-cb01-4760-bb44-51de48ecdb4a','2bbf897c-c226-11ee-8b18-0200fd8284c1',1,301.75000,1,'2024-03-25','A','2024-03-25 19:31:41','2024-03-25 19:31:41'),('064f0fe1-9ae0-4bb3-bc4e-fb44cf655d28','86da9107-adb9-4a3b-bc71-f18710d66918','a444c790-c224-11ee-84c1-0200fd8284f8','09eb121a-63a3-4fe9-a435-c5039109499e','6275ed10-eb10-46da-8fcc-1c793652457e','2bbf897c-c226-11ee-8b18-0200fd8284c1',1,550.73000,1,'2024-04-25','A','2024-04-25 20:22:30','2024-04-25 20:22:30'),('0915669a-e239-4d61-8efb-d91db2fa8f3b','86da9107-adb9-4a3b-bc71-f18710d66918','a444c790-c224-11ee-84c1-0200fd8284f8','e38507ce-3211-40b1-869f-4e4d9ab411a0','0c507b6c-fc47-4aeb-b1af-c09e22531d9e','2bbf897c-c226-11ee-8b18-0200fd8284c1',1,121.00000,1,'2024-05-06','A','2024-05-06 20:40:44','2024-05-06 20:40:44'),('09ed3b25-802f-45ac-9027-df6e18597cf3','86da9107-adb9-4a3b-bc71-f18710d66918','35747793-cf20-11ee-b21b-0200fd8284f8','1f18338b-3359-49ef-ba07-0b344cbf8dd5','af9bd5eb-69b4-4a7d-b7d7-559a7929b936','8571dc3e-cf6b-11ee-8dd3-0200fd8284c1',1,36.50000,1,'2024-06-13','A','2024-06-19 20:03:18','2024-06-19 20:03:18'),('09f22b22-e8e7-4191-bd77-60cd56bad68a','c577e6b9-a8fa-4636-ba3f-593f1191dc14','a444c790-c224-11ee-84c1-0200fd8284f8','a6b6537a-9e6b-4b61-83f2-3ac565db4893','39e0d6e8-8514-4fc3-af35-4782b3025637','2bbf897c-c226-11ee-8b18-0200fd8284c1',1,1000.00000,1,'2024-03-14','A','2024-03-14 21:29:51','2024-03-14 21:29:51'),('0ad811a6-1a81-4466-9c49-43f670699bc1','86da9107-adb9-4a3b-bc71-f18710d66918','a444c790-c224-11ee-84c1-0200fd8284f8','8ce0d317-3266-4805-94e3-5251694cfdbb','0791ef55-36e7-4a26-a99a-ff2a8195cc91','2bbf897c-c226-11ee-8b18-0200fd8284c1',1,342.47000,1,'2024-07-25','A','2024-07-25 16:52:19','2024-07-25 16:52:19'),('0e34a6dd-80fd-4bcd-b776-5c75b1d95775','86da9107-adb9-4a3b-bc71-f18710d66918','a444c790-c224-11ee-84c1-0200fd8284f8','8ce0d317-3266-4805-94e3-5251694cfdbb','79bcc5a8-602e-40dc-8ab9-988e560a5c37','2bbf897c-c226-11ee-8b18-0200fd8284c1',1,2000.00000,1,'2024-05-27','A','2024-05-27 21:22:02','2024-05-27 21:22:02'),('0f9b2fe8-aee7-4836-9875-58c583ad1893','86da9107-adb9-4a3b-bc71-f18710d66918','a444c790-c224-11ee-84c1-0200fd8284f8','f914b3aa-7f02-4bdd-87b2-125177bac648','75786dd9-2acb-4d04-ace9-3d3d7b22b724','2bbf897c-c226-11ee-8b18-0200fd8284c1',1,3191.00000,1,'2024-05-02','A','2024-05-02 20:27:32','2024-05-02 20:27:32'),('111d4fcf-8a33-451a-a74c-de1c2f458077','86da9107-adb9-4a3b-bc71-f18710d66918','a444c790-c224-11ee-84c1-0200fd8284f8','3f72dd61-57b0-4b12-9f9e-d2eddd042ccd','1fe8b035-d70b-4877-8643-629f25e706c6','2bbf897c-c226-11ee-8b18-0200fd8284c1',1,371.40000,1,'2024-06-10','A','2024-06-10 21:22:26','2024-06-10 21:22:26'),('1247949c-d9f9-402a-bdd5-d59c0c6c4e00','86da9107-adb9-4a3b-bc71-f18710d66918','a444c790-c224-11ee-84c1-0200fd8284f8','8ce0d317-3266-4805-94e3-5251694cfdbb','341e368c-0fa9-4992-b98d-88c0c742cd6a','2bbf897c-c226-11ee-8b18-0200fd8284c1',1,2000.00000,1,'2024-05-13','A','2024-05-13 20:23:51','2024-05-13 20:23:51'),('1263b375-2224-4381-af56-0925e723f917','86da9107-adb9-4a3b-bc71-f18710d66918','35747793-cf20-11ee-b21b-0200fd8284f8','99f3a82c-b96d-431d-bfbf-775024893afb','1d49954c-3c20-4eb6-b3bc-7b688371f93c','8571dc3e-cf6b-11ee-8dd3-0200fd8284c1',1,500.00000,1,'2024-08-19','A','2024-08-19 20:54:47','2024-08-19 20:54:47'),('12f7a1da-7337-4e91-af42-34067a006487','86da9107-adb9-4a3b-bc71-f18710d66918','35747793-cf20-11ee-b21b-0200fd8284f8','5937b7a1-48d2-4928-af03-e99851efd7fc','1869362c-b08b-4d63-b065-11f825629279','8571dc3e-cf6b-11ee-8dd3-0200fd8284c1',1,1860.00000,1,'2024-07-25','A','2024-07-25 18:44:52','2024-07-25 18:44:52'),('16405fef-dca5-4b0d-9e5d-621a4445781e','86da9107-adb9-4a3b-bc71-f18710d66918','35747793-cf20-11ee-b21b-0200fd8284f8','d3090527-4948-4f03-b88c-31c558fe0302','237b6b13-de1b-4adb-9ca2-a463b0afaf1f','8571dc3e-cf6b-11ee-8dd3-0200fd8284c1',1,156.46000,1,'2024-08-08','A','2024-08-09 19:21:29','2024-08-09 19:21:29'),('16770ee6-0fa9-4b9c-94d9-ea5169eaa8a6','86da9107-adb9-4a3b-bc71-f18710d66918','a444c790-c224-11ee-84c1-0200fd8284f8','8ce0d317-3266-4805-94e3-5251694cfdbb','79bcc5a8-602e-40dc-8ab9-988e560a5c37','2bbf897c-c226-11ee-8b18-0200fd8284c1',1,54.82000,1,'2024-07-25','A','2024-07-25 16:50:47','2024-07-25 16:50:47'),('178c9b9b-67fa-4a13-8214-fdb6db9c0d06','86da9107-adb9-4a3b-bc71-f18710d66918','35747793-cf20-11ee-b21b-0200fd8284f8','3144528f-a605-42dd-9a57-34df2680bde3','dc41206b-e2ae-46b6-911f-1f1d97e3a3ff','8571dc3e-cf6b-11ee-8dd3-0200fd8284c1',1,700.00000,1,'2024-07-22','A','2024-07-22 20:45:12','2024-07-22 20:45:12'),('17ee608f-73d0-468d-a60e-ea668ffa3746','86da9107-adb9-4a3b-bc71-f18710d66918','35747793-cf20-11ee-b21b-0200fd8284f8','a0be15a8-803c-4b01-9c6a-c6bb6561f8a6','85c8775d-a4ca-42af-9f3d-445c4a3ad7e5','8571dc3e-cf6b-11ee-8dd3-0200fd8284c1',1,653.00000,1,'2024-05-21','A','2024-05-21 20:43:40','2024-05-21 20:43:40'),('19fa8efc-aa1a-475e-a0fb-ec7ae4a89176','86da9107-adb9-4a3b-bc71-f18710d66918','a444c790-c224-11ee-84c1-0200fd8284f8','f4970b0c-d183-40b5-a66a-ba2f5d3b4324','30ae4981-e341-42ea-b49c-e37ad4efc701','2bbf897c-c226-11ee-8b18-0200fd8284c1',1,848.64000,1,'2024-05-23','A','2024-05-23 19:55:31','2024-05-23 19:55:31'),('1a47b723-ed2f-4ab9-b80d-9535f8b61138','86da9107-adb9-4a3b-bc71-f18710d66918','35747793-cf20-11ee-b21b-0200fd8284f8','123725ae-8d21-459f-9510-bd5507ff611d','f87c198d-2c1d-4db6-9bf5-03619f15a9d3','8571dc3e-cf6b-11ee-8dd3-0200fd8284c1',1,312.50000,1,'2024-08-09','A','2024-08-09 19:15:46','2024-08-09 19:15:46'),('1a7dadc1-860e-41bd-a6d7-8943477cca8f','86da9107-adb9-4a3b-bc71-f18710d66918','a444c790-c224-11ee-84c1-0200fd8284f8','8ce0d317-3266-4805-94e3-5251694cfdbb','79bcc5a8-602e-40dc-8ab9-988e560a5c37','2bbf897c-c226-11ee-8b18-0200fd8284c1',1,287.65000,1,'2024-07-18','A','2024-07-18 21:33:50','2024-07-18 21:33:50'),('1c2398e3-7d44-4b26-b165-5c41f37c3435','86da9107-adb9-4a3b-bc71-f18710d66918','a444c790-c224-11ee-84c1-0200fd8284f8','09eb121a-63a3-4fe9-a435-c5039109499e','f611cff4-a71e-421c-a350-5524d825d685','2bbf897c-c226-11ee-8b18-0200fd8284c1',1,361.51000,1,'2024-04-25','A','2024-04-25 20:24:05','2024-04-25 20:24:05'),('1cd90acc-204c-40ca-9cf1-4dee8b5e68d8','86da9107-adb9-4a3b-bc71-f18710d66918','35747793-cf20-11ee-b21b-0200fd8284f8','b3749c93-5b5f-4fb1-8911-70e74c5fb74e','e42eff3a-ea50-4441-a8ba-e238ea303ab2','8571dc3e-cf6b-11ee-8dd3-0200fd8284c1',7,303.88000,1,'2024-07-06','A','2024-07-06 19:40:37','2024-07-06 19:40:37'),('1cfaea2f-925e-4bc5-8284-654f6f256697','c577e6b9-a8fa-4636-ba3f-593f1191dc14','a444c790-c224-11ee-84c1-0200fd8284f8','e587c291-78a0-4495-8578-bb489e26de20','c260dcf0-6007-4f29-b97d-0729a71f9364','2bbf897c-c226-11ee-8b18-0200fd8284c1',1,700.00000,1,'2024-03-06','A','2024-03-06 20:53:18','2024-03-06 20:53:18'),('1e94b0d0-56ef-4206-933e-b104fa73ebe9','86da9107-adb9-4a3b-bc71-f18710d66918','a444c790-c224-11ee-84c1-0200fd8284f8','8ce0d317-3266-4805-94e3-5251694cfdbb','98c4fcd7-a3cd-4065-8025-0aa8590be7f6','2bbf897c-c226-11ee-8b18-0200fd8284c1',7,2000.00000,1,'2024-06-20','A','2024-06-20 20:20:10','2024-06-20 20:20:10'),('22c9a0d1-f552-4195-8a93-7e184f2a669e','86da9107-adb9-4a3b-bc71-f18710d66918','a444c790-c224-11ee-84c1-0200fd8284f8','8ce0d317-3266-4805-94e3-5251694cfdbb','341e368c-0fa9-4992-b98d-88c0c742cd6a','2bbf897c-c226-11ee-8b18-0200fd8284c1',1,342.47000,1,'2024-07-18','A','2024-07-18 21:32:50','2024-07-18 21:32:50'),('244150a3-b3b6-43d5-a35b-004d843f54f3','86da9107-adb9-4a3b-bc71-f18710d66918','35747793-cf20-11ee-b21b-0200fd8284f8','c38221ff-e0e1-41b2-83e6-302076e480ba','8b46b32d-cce2-4d5f-aa3e-08a90da8f708','8571dc3e-cf6b-11ee-8dd3-0200fd8284c1',1,439.40000,1,'2024-07-01','A','2024-07-01 20:56:03','2024-07-01 20:56:03'),('245768ed-62d1-4030-812a-dd9c00ff87c7','86da9107-adb9-4a3b-bc71-f18710d66918','a444c790-c224-11ee-84c1-0200fd8284f8','8ce0d317-3266-4805-94e3-5251694cfdbb','595de009-b02f-4f8a-a76b-767445f6cb5e','2bbf897c-c226-11ee-8b18-0200fd8284c1',1,2000.00000,1,'2024-05-06','A','2024-05-06 20:35:41','2024-05-06 20:35:41'),('24c2ece2-a4f0-48ce-ac7c-432d711f9ffd','86da9107-adb9-4a3b-bc71-f18710d66918','35747793-cf20-11ee-b21b-0200fd8284f8','c38221ff-e0e1-41b2-83e6-302076e480ba','8b46b32d-cce2-4d5f-aa3e-08a90da8f708','8571dc3e-cf6b-11ee-8dd3-0200fd8284c1',1,30.30000,1,'2024-06-17','A','2024-06-17 20:11:46','2024-06-17 20:11:46'),('24d2c8b4-5485-45cd-ad80-4469949f3fc3','86da9107-adb9-4a3b-bc71-f18710d66918','35747793-cf20-11ee-b21b-0200fd8284f8','c38221ff-e0e1-41b2-83e6-302076e480ba','537d9248-f099-46b9-bccb-266f2c8884f5','8571dc3e-cf6b-11ee-8dd3-0200fd8284c1',1,500.00000,1,'2024-06-24','A','2024-06-24 20:40:36','2024-06-24 20:40:36'),('25629f21-009e-46ed-b70f-860d8245f520','86da9107-adb9-4a3b-bc71-f18710d66918','35747793-cf20-11ee-b21b-0200fd8284f8','c5bae583-19d2-46fb-b782-5c961a2bb04e','4bcc7386-39cd-498e-9b00-3a98f621ef80','8571dc3e-cf6b-11ee-8dd3-0200fd8284c1',1,338.92000,1,'2024-07-24','A','2024-07-24 16:05:32','2024-07-24 16:05:32'),('2836ecec-3301-4351-9f1b-28cbf7204bfe','86da9107-adb9-4a3b-bc71-f18710d66918','35747793-cf20-11ee-b21b-0200fd8284f8','afcca419-a54d-44ba-a27a-f7093947af11','87e042b0-df25-488e-b33a-281f548166fa','8571dc3e-cf6b-11ee-8dd3-0200fd8284c1',1,500.00000,1,'2024-07-08','A','2024-07-08 20:33:47','2024-07-08 20:33:47'),('28ec1df5-d2b0-41bc-bc27-783760007855','86da9107-adb9-4a3b-bc71-f18710d66918','35747793-cf20-11ee-b21b-0200fd8284f8','b3749c93-5b5f-4fb1-8911-70e74c5fb74e','98515b52-ca15-457b-8761-138689127f83','8571dc3e-cf6b-11ee-8dd3-0200fd8284c1',7,651.94000,1,'2024-07-06','A','2024-07-06 19:38:59','2024-07-06 19:38:59'),('2b4e0788-7753-48f6-a008-3e4edaff4d97','86da9107-adb9-4a3b-bc71-f18710d66918','a444c790-c224-11ee-84c1-0200fd8284f8','8ce0d317-3266-4805-94e3-5251694cfdbb','7246d942-81b0-4cc7-89a8-a93af73275c8','2bbf897c-c226-11ee-8b18-0200fd8284c1',1,2000.00000,1,'2024-04-22','A','2024-04-22 20:17:35','2024-04-22 20:17:35'),('2ccd14e6-fc9d-482b-98b7-2dab961974a9','86da9107-adb9-4a3b-bc71-f18710d66918','35747793-cf20-11ee-b21b-0200fd8284f8','b3749c93-5b5f-4fb1-8911-70e74c5fb74e','e42eff3a-ea50-4441-a8ba-e238ea303ab2','8571dc3e-cf6b-11ee-8dd3-0200fd8284c1',7,1000.00000,1,'2024-06-04','A','2024-06-04 20:53:55','2024-06-04 20:53:55'),('2d84ad62-3220-4ba3-8f30-c5a741cb2dcd','86da9107-adb9-4a3b-bc71-f18710d66918','a444c790-c224-11ee-84c1-0200fd8284f8','07233f5d-0d4a-4ea1-bc44-505ce742a51c','c0d31a5f-4429-4ab3-8c70-9cbd2dc5835f','2bbf897c-c226-11ee-8b18-0200fd8284c1',1,1726.60000,1,'2024-08-15','A','2024-08-15 20:48:39','2024-08-15 20:48:39'),('2daa88b8-03e4-4162-b53b-b7d0cfd2ca21','86da9107-adb9-4a3b-bc71-f18710d66918','a444c790-c224-11ee-84c1-0200fd8284f8','ab4be6b5-3c37-4382-a367-60de087956f8','1ef2c733-db6e-4b95-9028-9fc6c1c64318','2bbf897c-c226-11ee-8b18-0200fd8284c1',1,500.00000,1,'2024-06-07','A','2024-06-07 20:35:24','2024-06-07 20:35:24'),('2e64b787-fbfc-4caa-adef-7af7051a6a21','86da9107-adb9-4a3b-bc71-f18710d66918','35747793-cf20-11ee-b21b-0200fd8284f8','be30ecd4-6b43-4f73-88bb-cd0bf2d07d5e','0b251d6a-6587-475c-a4e3-4d54f40393f7','8571dc3e-cf6b-11ee-8dd3-0200fd8284c1',1,2358.50000,1,'2024-07-26','A','2024-08-03 20:41:20','2024-08-03 20:41:20'),('2f37171b-4514-4cc9-be02-2bae907e5382','c577e6b9-a8fa-4636-ba3f-593f1191dc14','a444c790-c224-11ee-84c1-0200fd8284f8','a6b6537a-9e6b-4b61-83f2-3ac565db4893','f7df075d-a079-40f5-8006-7c04acd1c1a7','2bbf897c-c226-11ee-8b18-0200fd8284c1',1,500.00000,1,'2024-03-07','A','2024-03-07 18:21:20','2024-03-07 18:21:20'),('3057d3f3-0993-4a18-bacc-696ee83b6485','86da9107-adb9-4a3b-bc71-f18710d66918','35747793-cf20-11ee-b21b-0200fd8284f8','1f18338b-3359-49ef-ba07-0b344cbf8dd5','4b39b5b0-4bc8-4a65-b65a-6b76986ee94a','8571dc3e-cf6b-11ee-8dd3-0200fd8284c1',1,963.50000,1,'2024-06-13','A','2024-06-19 20:02:57','2024-06-19 20:02:57'),('32d91547-96f4-4ead-8d44-b19c1bdd63dd','86da9107-adb9-4a3b-bc71-f18710d66918','a444c790-c224-11ee-84c1-0200fd8284f8','a6b6537a-9e6b-4b61-83f2-3ac565db4893','3c0ca83d-4a24-467e-8620-3b3cc6f9aa8a','2bbf897c-c226-11ee-8b18-0200fd8284c1',1,975.00000,1,'2024-03-21','A','2024-03-21 19:54:59','2024-03-21 19:54:59'),('337c911d-b20b-4751-91dd-b2d40f79fcac','86da9107-adb9-4a3b-bc71-f18710d66918','a444c790-c224-11ee-84c1-0200fd8284f8','b5c70662-5f3b-446b-b715-fd4eaaac5ce9','5e1ef8f8-b9aa-465c-b96f-7e02fe58b643','2bbf897c-c226-11ee-8b18-0200fd8284c1',1,453.34000,1,'2024-04-30','A','2024-04-30 20:57:43','2024-04-30 20:57:43'),('33c2e727-f9c4-473e-baf6-ec1d10ca3b6f','86da9107-adb9-4a3b-bc71-f18710d66918','a444c790-c224-11ee-84c1-0200fd8284f8','8ce0d317-3266-4805-94e3-5251694cfdbb','0791ef55-36e7-4a26-a99a-ff2a8195cc91','2bbf897c-c226-11ee-8b18-0200fd8284c1',1,2000.00000,1,'2024-06-27','A','2024-07-04 19:47:47','2024-07-04 19:47:47'),('35b92673-b5c1-4480-badd-50466c4f9248','86da9107-adb9-4a3b-bc71-f18710d66918','35747793-cf20-11ee-b21b-0200fd8284f8','dde50a9d-4d2c-42eb-98aa-d9564a4711dc','018d54ee-b984-4d54-8760-77b0aa904413','8571dc3e-cf6b-11ee-8dd3-0200fd8284c1',1,503.88000,1,'2024-08-05','A','2024-08-05 20:23:55','2024-08-05 20:23:55'),('3871df5c-a536-49b9-9bbe-1db41c7d67bb','86da9107-adb9-4a3b-bc71-f18710d66918','35747793-cf20-11ee-b21b-0200fd8284f8','b5abf057-d68b-4355-ae3e-6edbbbb6930c','377fa7b8-31a7-4768-813b-6ac9fb9ece96','8571dc3e-cf6b-11ee-8dd3-0200fd8284c1',1,500.00000,1,'2024-05-13','A','2024-05-13 20:33:13','2024-05-13 20:33:13'),('3a8443e8-dbf0-4307-9fe8-2679e659e108','86da9107-adb9-4a3b-bc71-f18710d66918','a444c790-c224-11ee-84c1-0200fd8284f8','09eb121a-63a3-4fe9-a435-c5039109499e','8acd3181-3abd-4f70-b5ca-db1bb418d633','2bbf897c-c226-11ee-8b18-0200fd8284c1',1,1500.00000,1,'2024-03-28','A','2024-04-11 21:14:35','2024-04-11 21:14:35'),('3b0cfe8e-96cc-4922-a5e0-32c47065c66c','86da9107-adb9-4a3b-bc71-f18710d66918','35747793-cf20-11ee-b21b-0200fd8284f8','123725ae-8d21-459f-9510-bd5507ff611d','3b7981b4-20f2-4c80-8f3e-d347d595a72a','8571dc3e-cf6b-11ee-8dd3-0200fd8284c1',1,312.50000,1,'2024-08-09','A','2024-08-09 19:16:04','2024-08-09 19:16:04'),('3ca032a8-5da8-419b-b249-5958b2138e04','86da9107-adb9-4a3b-bc71-f18710d66918','a444c790-c224-11ee-84c1-0200fd8284f8','8c1f3c1b-18fd-467f-aa2f-1fb52aaab112','2434b9cc-317b-467a-9246-e201c497df80','2bbf897c-c226-11ee-8b18-0200fd8284c1',1,147.00000,1,'2024-04-11','A','2024-04-11 21:19:34','2024-04-11 21:19:34'),('3f51d77a-bed9-49cc-b66c-3d288361dc5e','86da9107-adb9-4a3b-bc71-f18710d66918','a444c790-c224-11ee-84c1-0200fd8284f8','3f72dd61-57b0-4b12-9f9e-d2eddd042ccd','657e2a89-41f3-48b5-be25-6d37676deb96','2bbf897c-c226-11ee-8b18-0200fd8284c1',1,128.60000,1,'2024-06-17','A','2024-06-17 20:29:04','2024-06-17 20:29:04'),('3f566d83-5ced-4cdd-ba49-8be749c233d4','77ce28f7-8cba-4c20-aa61-e88eade33a9e','a444c790-c224-11ee-84c1-0200fd8284f8','c0cecc11-079f-4d65-accb-2057219b42ed','d433be6c-5485-4708-a9aa-9eb1aad1387e','2bbf897c-c226-11ee-8b18-0200fd8284c1',1,20000.00000,1,'2024-03-19','A','2024-02-19 23:32:42','2024-02-19 23:32:42'),('40b9b305-aa90-447d-9e66-8f169704ee12','86da9107-adb9-4a3b-bc71-f18710d66918','35747793-cf20-11ee-b21b-0200fd8284f8','b5abf057-d68b-4355-ae3e-6edbbbb6930c','83026d90-0bc4-48f1-bad2-27252438d95c','8571dc3e-cf6b-11ee-8dd3-0200fd8284c1',1,171.35000,1,'2024-06-10','A','2024-06-10 21:30:16','2024-06-10 21:30:16'),('4354b4e3-9b13-4ab4-9b53-153adfffb757','86da9107-adb9-4a3b-bc71-f18710d66918','35747793-cf20-11ee-b21b-0200fd8284f8','afcca419-a54d-44ba-a27a-f7093947af11','3de6e7d4-5b13-47d1-a5a8-535cb6240109','8571dc3e-cf6b-11ee-8dd3-0200fd8284c1',1,316.00000,1,'2024-07-15','A','2024-07-15 18:52:02','2024-07-15 18:52:02'),('446a4b38-ccd0-4ae1-8bcc-7382e8ed300c','86da9107-adb9-4a3b-bc71-f18710d66918','35747793-cf20-11ee-b21b-0200fd8284f8','9cd9c415-289d-491c-9cbb-d38dd7b2a1e4','c5d12ce7-33c6-4502-ad6e-6dcbc9214d95','8571dc3e-cf6b-11ee-8dd3-0200fd8284c1',1,642.33000,1,'2024-06-19','A','2024-06-19 19:58:39','2024-06-19 19:58:39'),('466982d1-a47d-49e4-a393-7a38fce37f25','86da9107-adb9-4a3b-bc71-f18710d66918','35747793-cf20-11ee-b21b-0200fd8284f8','9cd9c415-289d-491c-9cbb-d38dd7b2a1e4','ae6135da-c746-4f6b-abe1-6eda23a4d823','8571dc3e-cf6b-11ee-8dd3-0200fd8284c1',1,1000.00000,1,'2024-06-13','A','2024-06-13 17:18:38','2024-06-13 17:18:38'),('474fc5a4-2375-485c-9db3-31a8f51ff68a','86da9107-adb9-4a3b-bc71-f18710d66918','35747793-cf20-11ee-b21b-0200fd8284f8','afcca419-a54d-44ba-a27a-f7093947af11','3de6e7d4-5b13-47d1-a5a8-535cb6240109','8571dc3e-cf6b-11ee-8dd3-0200fd8284c1',1,272.12000,1,'2024-07-22','A','2024-07-22 20:49:54','2024-07-22 20:49:54'),('48ba1d24-e0ad-480f-bd44-0199b75cd522','c577e6b9-a8fa-4636-ba3f-593f1191dc14','a444c790-c224-11ee-84c1-0200fd8284f8','784b9d67-6e8e-421e-b449-6e039033f88e','766765f2-f0dc-4501-890f-572d1f106e93','2bbf897c-c226-11ee-8b18-0200fd8284c1',1,500.00000,1,'2024-03-18','A','2024-03-18 21:29:38','2024-03-18 21:29:38'),('48e0ffa8-c77f-498c-9406-988a24e43622','c577e6b9-a8fa-4636-ba3f-593f1191dc14','a444c790-c224-11ee-84c1-0200fd8284f8','238742bf-2931-418f-a263-292d52daa7b7','88616e39-dba2-4f1f-b07e-10047af3e73d','2bbf897c-c226-11ee-8b18-0200fd8284c1',1,1000.00000,1,'2024-02-29','A','2024-02-29 20:35:17','2024-02-29 20:35:17'),('4d11c39e-eab8-4a21-94f7-55d9401304a3','86da9107-adb9-4a3b-bc71-f18710d66918','a444c790-c224-11ee-84c1-0200fd8284f8','a6b6537a-9e6b-4b61-83f2-3ac565db4893','e7eddc14-2996-4d4d-961f-1f534134bf86','2bbf897c-c226-11ee-8b18-0200fd8284c1',1,618.75000,1,'2024-04-22','A','2024-04-22 20:20:39','2024-04-22 20:20:39'),('4e739159-69a5-4f8c-bd5e-2a5982eea353','86da9107-adb9-4a3b-bc71-f18710d66918','35747793-cf20-11ee-b21b-0200fd8284f8','afcca419-a54d-44ba-a27a-f7093947af11','138f2360-8df6-4826-a332-7ab047659168','8571dc3e-cf6b-11ee-8dd3-0200fd8284c1',1,727.88000,1,'2024-07-22','A','2024-07-22 20:48:42','2024-07-22 20:48:42'),('4ebbf95f-39c0-4e78-b1bf-2413b088006e','86da9107-adb9-4a3b-bc71-f18710d66918','a444c790-c224-11ee-84c1-0200fd8284f8','ab4be6b5-3c37-4382-a367-60de087956f8','6f84f3e9-fb1e-42ca-be1e-2b6de899c1af','2bbf897c-c226-11ee-8b18-0200fd8284c1',1,303.00000,1,'2024-05-31','A','2024-05-31 21:01:54','2024-05-31 21:01:54'),('52255532-f53f-4843-a24f-a17f25f27475','86da9107-adb9-4a3b-bc71-f18710d66918','35747793-cf20-11ee-b21b-0200fd8284f8','b3749c93-5b5f-4fb1-8911-70e74c5fb74e','68ea7daa-ae42-4ea8-9812-50e36959df02','8571dc3e-cf6b-11ee-8dd3-0200fd8284c1',1,1651.94000,1,'2024-07-03','A','2024-07-03 20:21:02','2024-07-03 20:21:02'),('5275dea9-b44f-4881-b754-35dd03ca3d13','c577e6b9-a8fa-4636-ba3f-593f1191dc14','a444c790-c224-11ee-84c1-0200fd8284f8','36abfb1b-c681-49e0-a5b8-68a56b74fdd0','2a2c3c43-a80c-4a22-93e4-e31e672c9248','2bbf897c-c226-11ee-8b18-0200fd8284c1',1,1000.00000,1,'2024-03-28','A','2024-04-04 20:57:08','2024-04-04 20:57:08'),('55587ee7-7d1f-4476-b1a1-941871d7347b','86da9107-adb9-4a3b-bc71-f18710d66918','a444c790-c224-11ee-84c1-0200fd8284f8','e38507ce-3211-40b1-869f-4e4d9ab411a0','da93f894-5251-4fca-9267-99b558187939','2bbf897c-c226-11ee-8b18-0200fd8284c1',1,459.00000,1,'2024-05-06','A','2024-05-06 20:39:55','2024-05-06 20:39:55'),('56f70a32-762b-4e77-8f09-657ebd9c6ad6','86da9107-adb9-4a3b-bc71-f18710d66918','35747793-cf20-11ee-b21b-0200fd8284f8','db8cad1c-ac2f-4d1f-a4e7-d3bbd4d67b0c','0f33b3be-4d51-46b3-a8f8-732ed02b569a','8571dc3e-cf6b-11ee-8dd3-0200fd8284c1',1,310.64000,1,'2024-08-07','A','2024-08-07 20:37:58','2024-08-07 20:37:58'),('585dabf6-1e9d-491d-8528-f1751b20bc84','86da9107-adb9-4a3b-bc71-f18710d66918','a444c790-c224-11ee-84c1-0200fd8284f8','b5c70662-5f3b-446b-b715-fd4eaaac5ce9','722ea638-41ea-4cfd-919d-10552925af46','2bbf897c-c226-11ee-8b18-0200fd8284c1',1,46.67000,1,'2024-04-30','A','2024-04-30 20:58:26','2024-04-30 20:58:26'),('59210543-9280-4e1e-bd02-d667f1050e4e','86da9107-adb9-4a3b-bc71-f18710d66918','35747793-cf20-11ee-b21b-0200fd8284f8','db8cad1c-ac2f-4d1f-a4e7-d3bbd4d67b0c','0f33b3be-4d51-46b3-a8f8-732ed02b569a','8571dc3e-cf6b-11ee-8dd3-0200fd8284c1',1,594.68000,1,'2024-07-23','A','2024-07-23 16:29:27','2024-07-23 16:29:27'),('593a7da9-6eb2-45a1-9160-b3ca7aa9dffe','86da9107-adb9-4a3b-bc71-f18710d66918','35747793-cf20-11ee-b21b-0200fd8284f8','b5abf057-d68b-4355-ae3e-6edbbbb6930c','97eb71c6-322a-48b8-8a7e-40b1e268c9af','8571dc3e-cf6b-11ee-8dd3-0200fd8284c1',1,171.35000,1,'2024-06-10','A','2024-06-10 21:29:55','2024-06-10 21:29:55'),('59489abe-e8da-466b-b272-53b901f13a27','86da9107-adb9-4a3b-bc71-f18710d66918','a444c790-c224-11ee-84c1-0200fd8284f8','e38507ce-3211-40b1-869f-4e4d9ab411a0','81afa62c-57aa-48fc-a1a0-8764ad9e35a7','2bbf897c-c226-11ee-8b18-0200fd8284c1',1,162.00000,1,'2024-05-13','A','2024-05-13 20:19:00','2024-05-13 20:19:00'),('5a1d21ea-3235-4fb2-8e2d-277435c35506','86da9107-adb9-4a3b-bc71-f18710d66918','35747793-cf20-11ee-b21b-0200fd8284f8','5937b7a1-48d2-4928-af03-e99851efd7fc','2e8258a3-1fad-4db0-bfe6-8ee2d4e69c4b','8571dc3e-cf6b-11ee-8dd3-0200fd8284c1',1,1000.00000,1,'2024-07-20','A','2024-07-25 18:44:25','2024-07-25 18:44:25'),('5dcffaba-7712-4a16-8a0b-743236ab7c61','86da9107-adb9-4a3b-bc71-f18710d66918','a444c790-c224-11ee-84c1-0200fd8284f8','07233f5d-0d4a-4ea1-bc44-505ce742a51c','f7c4c365-c0fd-42fa-b4ae-371d61c52c52','2bbf897c-c226-11ee-8b18-0200fd8284c1',1,1726.60000,1,'2024-07-31','A','2024-07-31 21:59:19','2024-07-31 21:59:19'),('5dd7b7ff-8677-4f41-9e9a-83fcea3e3325','86da9107-adb9-4a3b-bc71-f18710d66918','a444c790-c224-11ee-84c1-0200fd8284f8','b5c70662-5f3b-446b-b715-fd4eaaac5ce9','722ea638-41ea-4cfd-919d-10552925af46','2bbf897c-c226-11ee-8b18-0200fd8284c1',1,680.00000,1,'2024-04-22','A','2024-04-22 20:18:38','2024-04-22 20:18:38'),('5fd0cd89-fcc9-4c59-8dbf-2c092a2ced3d','c577e6b9-a8fa-4636-ba3f-593f1191dc14','a444c790-c224-11ee-84c1-0200fd8284f8','36abfb1b-c681-49e0-a5b8-68a56b74fdd0','1c1b6e96-2ee0-458f-96a2-eaf62f3b1edd','2bbf897c-c226-11ee-8b18-0200fd8284c1',1,1000.00000,1,'2024-04-04','A','2024-04-04 20:54:49','2024-04-04 20:54:49'),('60dbe347-03db-472a-8538-707f203c9ea7','86da9107-adb9-4a3b-bc71-f18710d66918','a444c790-c224-11ee-84c1-0200fd8284f8','3f72dd61-57b0-4b12-9f9e-d2eddd042ccd','e645932a-675e-4674-8a45-37ebc03dca3e','2bbf897c-c226-11ee-8b18-0200fd8284c1',1,28.60000,1,'2024-06-17','A','2024-06-17 20:28:34','2024-06-17 20:28:34'),('60f650ef-919c-4ffa-a93a-7e83840949db','86da9107-adb9-4a3b-bc71-f18710d66918','35747793-cf20-11ee-b21b-0200fd8284f8','47f474a7-ab6e-4ff3-9fe8-0f015ad8bfcb','e8e149cf-fc82-4a64-a85e-aa622144f865','8571dc3e-cf6b-11ee-8dd3-0200fd8284c1',1,447.00000,1,'2024-07-18','A','2024-07-18 21:45:32','2024-07-18 21:45:32'),('60fe8345-ce54-4319-856d-fbf0698867e8','86da9107-adb9-4a3b-bc71-f18710d66918','35747793-cf20-11ee-b21b-0200fd8284f8','47f474a7-ab6e-4ff3-9fe8-0f015ad8bfcb','e8e149cf-fc82-4a64-a85e-aa622144f865','8571dc3e-cf6b-11ee-8dd3-0200fd8284c1',1,26.50000,1,'2024-06-20','A','2024-06-20 20:07:28','2024-06-20 20:07:28'),('62728b7f-9670-415e-a02e-192f025bd1b2','86da9107-adb9-4a3b-bc71-f18710d66918','a444c790-c224-11ee-84c1-0200fd8284f8','0e9c721e-ca91-479f-8c5d-e913648529ef','2d7d2fd9-904d-4326-8609-90e21cf42286','2bbf897c-c226-11ee-8b18-0200fd8284c1',1,97.31000,1,'2024-07-18','A','2024-07-18 21:49:03','2024-07-18 21:49:03'),('62aee646-bf6d-4508-a526-df41b18ba86a','86da9107-adb9-4a3b-bc71-f18710d66918','35747793-cf20-11ee-b21b-0200fd8284f8','a1fd1227-6001-4139-b8d0-b415228bdbe3','4fbc37ff-84ba-4586-a7c1-f8af9d579960','8571dc3e-cf6b-11ee-8dd3-0200fd8284c1',1,3610.00000,1,'2024-06-26','A','2024-06-26 20:04:37','2024-06-26 20:04:37'),('62f6a49b-67d5-4c4c-974a-4b6ff10dada0','86da9107-adb9-4a3b-bc71-f18710d66918','35747793-cf20-11ee-b21b-0200fd8284f8','bdfd864d-7c65-4895-b97f-dd3c8cd04fb7','75767abd-c25b-4fd3-9193-2fb0560b73fe','8571dc3e-cf6b-11ee-8dd3-0200fd8284c1',1,645.00000,1,'2024-06-28','A','2024-06-28 19:23:45','2024-06-28 19:23:45'),('63a3ee47-e40d-4918-9fce-a59dfb420fdd','86da9107-adb9-4a3b-bc71-f18710d66918','a444c790-c224-11ee-84c1-0200fd8284f8','0e9c721e-ca91-479f-8c5d-e913648529ef','2d7d2fd9-904d-4326-8609-90e21cf42286','2bbf897c-c226-11ee-8b18-0200fd8284c1',1,1000.00000,1,'2024-07-04','A','2024-07-04 19:45:12','2024-07-04 19:45:12'),('63ab50ab-ba56-4bce-ab7e-4d538db47b6f','86da9107-adb9-4a3b-bc71-f18710d66918','a444c790-c224-11ee-84c1-0200fd8284f8','5ff9c10b-821c-4fa3-bc09-d918ccd01abc','c80b2906-99db-4cb4-b843-9da9b20c89a5','2bbf897c-c226-11ee-8b18-0200fd8284c1',1,487.73000,1,'2024-04-30','A','2024-04-30 20:52:42','2024-04-30 20:52:42'),('648e0ce5-12a3-4969-be4d-5fc6cfe5041a','86da9107-adb9-4a3b-bc71-f18710d66918','a444c790-c224-11ee-84c1-0200fd8284f8','3f65e5b1-975f-4b7a-979c-bff5ac2c1311','6466a5a6-18f0-4e19-b32c-b50466b098db','2bbf897c-c226-11ee-8b18-0200fd8284c1',1,119.57000,1,'2024-05-15','A','2024-05-15 19:48:25','2024-05-15 19:48:25'),('65c867d1-a52e-4547-aed2-0b64fc4d55a6','86da9107-adb9-4a3b-bc71-f18710d66918','35747793-cf20-11ee-b21b-0200fd8284f8','b4b68ce6-ddba-4e49-9615-a500eb84692b','467f7057-d1d4-460d-8950-c603ddec1b15','8571dc3e-cf6b-11ee-8dd3-0200fd8284c1',1,602.50000,1,'2024-07-01','A','2024-07-01 20:56:58','2024-07-01 20:56:58'),('680242bc-2907-420f-abb6-a7627fd0e46e','86da9107-adb9-4a3b-bc71-f18710d66918','a444c790-c224-11ee-84c1-0200fd8284f8','8ce0d317-3266-4805-94e3-5251694cfdbb','1f912923-c304-43db-9ed6-5cd83d3617fa','2bbf897c-c226-11ee-8b18-0200fd8284c1',1,342.47000,1,'2024-07-25','A','2024-07-25 16:53:10','2024-07-25 16:53:10'),('693a8987-aaa6-499c-ad49-ad8d0ad1e773','86da9107-adb9-4a3b-bc71-f18710d66918','a444c790-c224-11ee-84c1-0200fd8284f8','3f65e5b1-975f-4b7a-979c-bff5ac2c1311','014ae3f6-56f9-475e-ba25-761b4899a9e1','2bbf897c-c226-11ee-8b18-0200fd8284c1',1,119.57000,1,'2024-05-15','A','2024-05-15 19:48:45','2024-05-15 19:48:45'),('6acad7b4-3933-4673-bab6-83ee9b3ac81e','86da9107-adb9-4a3b-bc71-f18710d66918','35747793-cf20-11ee-b21b-0200fd8284f8','be30ecd4-6b43-4f73-88bb-cd0bf2d07d5e','674c1222-1504-4e86-b34d-71507e894360','8571dc3e-cf6b-11ee-8dd3-0200fd8284c1',1,2358.50000,1,'2024-08-05','A','2024-08-05 20:24:53','2024-08-05 20:24:53'),('6b923bb2-4053-45e6-a307-b744d6369a9f','86da9107-adb9-4a3b-bc71-f18710d66918','35747793-cf20-11ee-b21b-0200fd8284f8','db8cad1c-ac2f-4d1f-a4e7-d3bbd4d67b0c','6bc59990-e6ed-4ffb-985d-8b00d6bb72f0','8571dc3e-cf6b-11ee-8dd3-0200fd8284c1',1,905.32000,1,'2024-07-23','A','2024-07-23 16:28:56','2024-07-23 16:28:56'),('6bd9af49-03ad-45fc-9e30-80769ee0ce2d','86da9107-adb9-4a3b-bc71-f18710d66918','35747793-cf20-11ee-b21b-0200fd8284f8','be30ecd4-6b43-4f73-88bb-cd0bf2d07d5e','84527622-d08d-46ff-a4dc-7852c2e206f1','8571dc3e-cf6b-11ee-8dd3-0200fd8284c1',7,3000.00000,1,'2024-08-03','A','2024-08-03 20:12:43','2024-08-03 20:12:43'),('6d1ee8ff-a1a2-42b9-8f37-ee8ed6c01764','86da9107-adb9-4a3b-bc71-f18710d66918','35747793-cf20-11ee-b21b-0200fd8284f8','8b8c6404-9f7c-49d3-8f9c-c5a3614db5c7','f810d7b7-af52-4546-bf1a-ff8614e1b00c','8571dc3e-cf6b-11ee-8dd3-0200fd8284c1',1,1159.00000,1,'2024-06-03','A','2024-06-03 20:42:19','2024-06-03 20:42:19'),('6dc4aae6-be3b-43ec-9157-6a7a1d069f93','86da9107-adb9-4a3b-bc71-f18710d66918','a444c790-c224-11ee-84c1-0200fd8284f8','8ce0d317-3266-4805-94e3-5251694cfdbb','2ddf6f7b-8941-4a31-a4b2-4b65121ebde9','2bbf897c-c226-11ee-8b18-0200fd8284c1',1,342.47000,1,'2024-07-18','A','2024-07-18 21:30:56','2024-07-18 21:30:56'),('6e004817-f0ac-4e0b-8964-ae34b3dbbe67','86da9107-adb9-4a3b-bc71-f18710d66918','a444c790-c224-11ee-84c1-0200fd8284f8','36abfb1b-c681-49e0-a5b8-68a56b74fdd0','16bdd6c6-9dd1-443a-abb7-288888cb2584','2bbf897c-c226-11ee-8b18-0200fd8284c1',1,1000.00000,1,'2024-04-25','A','2024-04-25 20:20:16','2024-04-25 20:20:16'),('6f635327-65f8-40d4-8bbd-c59aed7be030','86da9107-adb9-4a3b-bc71-f18710d66918','a444c790-c224-11ee-84c1-0200fd8284f8','3f72dd61-57b0-4b12-9f9e-d2eddd042ccd','7c99ece1-291c-4448-9f64-eb4a7d0b07d0','2bbf897c-c226-11ee-8b18-0200fd8284c1',1,143.00000,1,'2024-05-20','A','2024-05-20 20:52:10','2024-05-20 20:52:10'),('71980be8-afce-4946-8963-8095e54460a7','86da9107-adb9-4a3b-bc71-f18710d66918','a444c790-c224-11ee-84c1-0200fd8284f8','a6b6537a-9e6b-4b61-83f2-3ac565db4893','f7df075d-a079-40f5-8006-7c04acd1c1a7','2bbf897c-c226-11ee-8b18-0200fd8284c1',1,118.75000,1,'2024-04-22','A','2024-04-22 20:21:31','2024-04-22 20:21:31'),('73544906-2ac9-4802-808b-45ce15cfd192','86da9107-adb9-4a3b-bc71-f18710d66918','a444c790-c224-11ee-84c1-0200fd8284f8','e38507ce-3211-40b1-869f-4e4d9ab411a0','0c507b6c-fc47-4aeb-b1af-c09e22531d9e','2bbf897c-c226-11ee-8b18-0200fd8284c1',1,338.00000,1,'2024-05-13','A','2024-05-13 20:18:32','2024-05-13 20:18:32'),('73ecefb0-56f2-4002-b51a-1e5b6732224f','86da9107-adb9-4a3b-bc71-f18710d66918','35747793-cf20-11ee-b21b-0200fd8284f8','d3090527-4948-4f03-b88c-31c558fe0302','237b6b13-de1b-4adb-9ca2-a463b0afaf1f','8571dc3e-cf6b-11ee-8dd3-0200fd8284c1',1,156.46000,1,'2024-08-15','A','2024-08-15 20:36:58','2024-08-15 20:36:58'),('76aa7a02-1b4e-4f11-8c9b-cf67fd483640','86da9107-adb9-4a3b-bc71-f18710d66918','35747793-cf20-11ee-b21b-0200fd8284f8','123725ae-8d21-459f-9510-bd5507ff611d','5c122ea5-1126-4d2f-afc6-2fc22fff03c5','8571dc3e-cf6b-11ee-8dd3-0200fd8284c1',1,312.50000,1,'2024-08-02','A','2024-08-02 21:29:05','2024-08-02 21:29:05'),('775205e3-eba2-4d22-9555-8a5b72783afe','86da9107-adb9-4a3b-bc71-f18710d66918','a444c790-c224-11ee-84c1-0200fd8284f8','8ce0d317-3266-4805-94e3-5251694cfdbb','98c4fcd7-a3cd-4065-8025-0aa8590be7f6','2bbf897c-c226-11ee-8b18-0200fd8284c1',1,342.47000,1,'2024-07-25','A','2024-07-25 16:51:50','2024-07-25 16:51:50'),('783ab16b-7a04-4c30-8d75-93f665ac4b0a','86da9107-adb9-4a3b-bc71-f18710d66918','35747793-cf20-11ee-b21b-0200fd8284f8','b5abf057-d68b-4355-ae3e-6edbbbb6930c','0b073833-55e3-431b-ae10-c5a71336f53a','8571dc3e-cf6b-11ee-8dd3-0200fd8284c1',1,171.35000,1,'2024-06-10','A','2024-06-10 21:30:36','2024-06-10 21:30:36'),('78d2d4ba-b4ac-4f45-896a-92db4f73bb24','c577e6b9-a8fa-4636-ba3f-593f1191dc14','a444c790-c224-11ee-84c1-0200fd8284f8','36abfb1b-c681-49e0-a5b8-68a56b74fdd0','2d4e0d74-657d-4a87-a086-d18b8bde8b11','2bbf897c-c226-11ee-8b18-0200fd8284c1',1,1000.00000,1,'2024-03-14','A','2024-03-14 21:28:14','2024-03-14 21:28:14'),('7920f6d6-d902-4e55-929d-ac0ffa76464d','c577e6b9-a8fa-4636-ba3f-593f1191dc14','a444c790-c224-11ee-84c1-0200fd8284f8','36abfb1b-c681-49e0-a5b8-68a56b74fdd0','32800fa2-9cd6-4c9b-9400-5394258fdce7','2bbf897c-c226-11ee-8b18-0200fd8284c1',1,1000.00000,1,'2024-03-07','A','2024-03-07 18:17:42','2024-03-07 18:17:42'),('7a3d3533-c534-4d9f-a43c-afd60bb15d97','19fb1f0a-6b2c-4e12-8be6-11fe55e8482c','a444c790-c224-11ee-84c1-0200fd8284f8','61127c0c-1c61-41fa-8d3f-583ae2b27998','d2045b49-dee5-4923-91e7-2746211e8f02','2bbf897c-c226-11ee-8b18-0200fd8284c1',1,10252.00000,1,'2024-04-17','A','2024-04-17 20:36:14','2024-04-17 20:36:14'),('7c938f15-3391-48fd-b521-f7dcdc7b7baf','86da9107-adb9-4a3b-bc71-f18710d66918','35747793-cf20-11ee-b21b-0200fd8284f8','3144528f-a605-42dd-9a57-34df2680bde3','dc41206b-e2ae-46b6-911f-1f1d97e3a3ff','8571dc3e-cf6b-11ee-8dd3-0200fd8284c1',1,35.50000,1,'2024-07-15','A','2024-07-15 17:50:27','2024-07-15 17:50:27'),('7d4ae318-e7df-4200-a5d8-dffdc49780d7','86da9107-adb9-4a3b-bc71-f18710d66918','a444c790-c224-11ee-84c1-0200fd8284f8','07233f5d-0d4a-4ea1-bc44-505ce742a51c','1ee7ceec-59f0-4e31-9af2-ee593712b23a','2bbf897c-c226-11ee-8b18-0200fd8284c1',1,1453.20000,1,'2024-08-15','A','2024-08-15 20:49:52','2024-08-15 20:49:52'),('80a41e35-04ac-42f8-92e3-61c5611c01a8','86da9107-adb9-4a3b-bc71-f18710d66918','35747793-cf20-11ee-b21b-0200fd8284f8','d3090527-4948-4f03-b88c-31c558fe0302','e05f697f-181c-483f-836f-2c0e40354ca4','8571dc3e-cf6b-11ee-8dd3-0200fd8284c1',1,843.54000,1,'2024-08-08','A','2024-08-09 19:20:35','2024-08-09 19:20:35'),('81b8e89b-fee9-411c-ae12-e5952e004eaa','19fb1f0a-6b2c-4e12-8be6-11fe55e8482c','a444c790-c224-11ee-84c1-0200fd8284f8','8ce0d317-3266-4805-94e3-5251694cfdbb','1f912923-c304-43db-9ed6-5cd83d3617fa','2bbf897c-c226-11ee-8b18-0200fd8284c1',1,2000.00000,1,'2024-07-11','A','2024-07-11 20:10:41','2024-07-11 20:10:41'),('81fab708-87ee-4b8e-b880-dd4805f4a8c7','86da9107-adb9-4a3b-bc71-f18710d66918','a444c790-c224-11ee-84c1-0200fd8284f8','07233f5d-0d4a-4ea1-bc44-505ce742a51c','487f9517-a9fe-4c47-b26e-56dc8984514d','2bbf897c-c226-11ee-8b18-0200fd8284c1',1,2000.00000,1,'2024-07-10','A','2024-07-10 19:56:37','2024-07-10 19:56:37'),('833356a3-6082-407b-a308-f1887cf58cb7','86da9107-adb9-4a3b-bc71-f18710d66918','a444c790-c224-11ee-84c1-0200fd8284f8','f4970b0c-d183-40b5-a66a-ba2f5d3b4324','8818655f-507f-4f8c-a8e1-fd72c8779f82','2bbf897c-c226-11ee-8b18-0200fd8284c1',1,0.28000,1,'2024-05-31','A','2024-05-31 21:01:19','2024-05-31 21:01:19'),('84d5f784-1997-40fa-afcd-9ddddc56745c','86da9107-adb9-4a3b-bc71-f18710d66918','a444c790-c224-11ee-84c1-0200fd8284f8','3f72dd61-57b0-4b12-9f9e-d2eddd042ccd','e645932a-675e-4674-8a45-37ebc03dca3e','2bbf897c-c226-11ee-8b18-0200fd8284c1',1,600.00000,1,'2024-05-28','A','2024-05-28 18:52:30','2024-05-28 18:52:30'),('85554072-4e0d-48cc-bce7-a4b820a9c60e','86da9107-adb9-4a3b-bc71-f18710d66918','35747793-cf20-11ee-b21b-0200fd8284f8','ab23e8be-e6c6-4377-9e54-483617726b55','4ab2e85c-5e6b-4c0f-bb20-f3cccf6f81d7','8571dc3e-cf6b-11ee-8dd3-0200fd8284c1',1,7645.00000,1,'2024-07-06','A','2024-07-06 19:42:34','2024-07-06 19:42:34'),('855b8a43-e597-418f-88a1-d8980f8a1e42','86da9107-adb9-4a3b-bc71-f18710d66918','35747793-cf20-11ee-b21b-0200fd8284f8','be30ecd4-6b43-4f73-88bb-cd0bf2d07d5e','f9275921-571c-4704-8039-6045132bbf49','8571dc3e-cf6b-11ee-8dd3-0200fd8284c1',1,1075.50000,1,'2024-08-05','A','2024-08-05 20:25:48','2024-08-05 20:25:48'),('862483d7-760c-4d23-82ed-4c26bf15bbf3','86da9107-adb9-4a3b-bc71-f18710d66918','35747793-cf20-11ee-b21b-0200fd8284f8','dde50a9d-4d2c-42eb-98aa-d9564a4711dc','261217c8-7c4d-46e8-850e-656a129c0dfb','8571dc3e-cf6b-11ee-8dd3-0200fd8284c1',1,1003.88000,1,'2024-08-05','A','2024-08-05 20:23:22','2024-08-05 20:23:22'),('88b356ef-cf39-4b8b-b646-ff22a6fd23ec','86da9107-adb9-4a3b-bc71-f18710d66918','a444c790-c224-11ee-84c1-0200fd8284f8','07233f5d-0d4a-4ea1-bc44-505ce742a51c','1ee7ceec-59f0-4e31-9af2-ee593712b23a','2bbf897c-c226-11ee-8b18-0200fd8284c1',1,273.40000,1,'2024-07-31','A','2024-07-31 21:59:57','2024-07-31 21:59:57'),('8be6e3c4-d556-4020-9177-59d4afcfff00','86da9107-adb9-4a3b-bc71-f18710d66918','35747793-cf20-11ee-b21b-0200fd8284f8','8cd98be6-084b-4e19-a542-b1d4b7d46307','f4705c56-1bdc-4121-8603-810665094663','8571dc3e-cf6b-11ee-8dd3-0200fd8284c1',1,440.00000,1,'2024-07-03','A','2024-07-03 20:25:54','2024-07-03 20:25:54'),('8c3470b6-6106-453e-9655-d6184e32b3aa','86da9107-adb9-4a3b-bc71-f18710d66918','a444c790-c224-11ee-84c1-0200fd8284f8','ab4be6b5-3c37-4382-a367-60de087956f8','1ef2c733-db6e-4b95-9028-9fc6c1c64318','2bbf897c-c226-11ee-8b18-0200fd8284c1',1,233.63000,1,'2024-06-13','A','2024-06-13 21:38:38','2024-06-13 21:38:38'),('8d3d44e5-b956-4d85-a1d5-439afc9427d1','86da9107-adb9-4a3b-bc71-f18710d66918','a444c790-c224-11ee-84c1-0200fd8284f8','8ce0d317-3266-4805-94e3-5251694cfdbb','c8f39357-d1de-4cc0-9814-86b5d09081c0','2bbf897c-c226-11ee-8b18-0200fd8284c1',1,342.47000,1,'2024-07-25','A','2024-07-25 16:52:43','2024-07-25 16:52:43'),('8dafcbb1-7c72-4962-a384-9961b12f7e13','c577e6b9-a8fa-4636-ba3f-593f1191dc14','a444c790-c224-11ee-84c1-0200fd8284f8','36abfb1b-c681-49e0-a5b8-68a56b74fdd0','3d51f600-9c85-4431-a253-9eb6a09be1ca','2bbf897c-c226-11ee-8b18-0200fd8284c1',1,1000.00000,1,'2024-02-29','A','2024-02-29 20:44:53','2024-02-29 20:44:53'),('8edad9a6-d3ed-4e44-8421-6b170fefaa00','86da9107-adb9-4a3b-bc71-f18710d66918','35747793-cf20-11ee-b21b-0200fd8284f8','b5abf057-d68b-4355-ae3e-6edbbbb6930c','b56441c7-5c91-4b13-bd81-91d841bea0fd','8571dc3e-cf6b-11ee-8dd3-0200fd8284c1',1,671.35000,1,'2024-06-10','A','2024-06-10 21:27:54','2024-06-10 21:27:54'),('8f78a2e0-27c8-46e9-b18b-2d746a65412c','86da9107-adb9-4a3b-bc71-f18710d66918','35747793-cf20-11ee-b21b-0200fd8284f8','b5abf057-d68b-4355-ae3e-6edbbbb6930c','97eb71c6-322a-48b8-8a7e-40b1e268c9af','8571dc3e-cf6b-11ee-8dd3-0200fd8284c1',1,500.00000,1,'2024-06-03','A','2024-06-03 20:43:07','2024-06-03 20:43:07'),('92134bb8-51cf-468b-878d-49209be45e54','86da9107-adb9-4a3b-bc71-f18710d66918','a444c790-c224-11ee-84c1-0200fd8284f8','09eb121a-63a3-4fe9-a435-c5039109499e','8acd3181-3abd-4f70-b5ca-db1bb418d633','2bbf897c-c226-11ee-8b18-0200fd8284c1',1,550.73000,1,'2024-04-25','A','2024-04-25 20:23:19','2024-04-25 20:23:19'),('9544c0f3-db00-4914-8ed8-7565216a9d6a','86da9107-adb9-4a3b-bc71-f18710d66918','a444c790-c224-11ee-84c1-0200fd8284f8','ab4be6b5-3c37-4382-a367-60de087956f8','6f84f3e9-fb1e-42ca-be1e-2b6de899c1af','2bbf897c-c226-11ee-8b18-0200fd8284c1',1,430.63000,1,'2024-06-13','A','2024-06-13 21:38:09','2024-06-13 21:38:09'),('97872602-e53b-494c-a79d-dfe75b640740','86da9107-adb9-4a3b-bc71-f18710d66918','35747793-cf20-11ee-b21b-0200fd8284f8','b3749c93-5b5f-4fb1-8911-70e74c5fb74e','163b383e-d8b4-4d86-807d-9fe1bf675e40','8571dc3e-cf6b-11ee-8dd3-0200fd8284c1',1,2000.00000,1,'2024-06-28','A','2024-06-28 19:26:36','2024-06-28 19:26:36'),('983835b5-2713-429a-a25f-4a264a14d6dc','86da9107-adb9-4a3b-bc71-f18710d66918','35747793-cf20-11ee-b21b-0200fd8284f8','47f474a7-ab6e-4ff3-9fe8-0f015ad8bfcb','b4608208-5f24-41fb-8612-a6d7e8f7676c','8571dc3e-cf6b-11ee-8dd3-0200fd8284c1',1,473.50000,1,'2024-06-20','A','2024-06-20 20:07:01','2024-06-20 20:07:01'),('9af3a1a5-739c-4284-92cf-5ee7debc0912','86da9107-adb9-4a3b-bc71-f18710d66918','a444c790-c224-11ee-84c1-0200fd8284f8','0e9c721e-ca91-479f-8c5d-e913648529ef','b7cdf03b-c362-4b61-bf90-a7cd6c0a83e8','2bbf897c-c226-11ee-8b18-0200fd8284c1',1,1097.31000,1,'2024-07-18','A','2024-07-18 21:48:17','2024-07-18 21:48:17'),('9b50a1af-0929-4ee8-a0da-f5c658528f0d','86da9107-adb9-4a3b-bc71-f18710d66918','35747793-cf20-11ee-b21b-0200fd8284f8','dde50a9d-4d2c-42eb-98aa-d9564a4711dc','261217c8-7c4d-46e8-850e-656a129c0dfb','8571dc3e-cf6b-11ee-8dd3-0200fd8284c1',1,500.00000,1,'2024-07-08','A','2024-07-08 20:32:10','2024-07-08 20:32:10'),('a0bdcd87-ead0-4c69-93a8-01aee7ee6e30','86da9107-adb9-4a3b-bc71-f18710d66918','35747793-cf20-11ee-b21b-0200fd8284f8','b5abf057-d68b-4355-ae3e-6edbbbb6930c','83026d90-0bc4-48f1-bad2-27252438d95c','8571dc3e-cf6b-11ee-8dd3-0200fd8284c1',1,500.00000,1,'2024-05-27','A','2024-05-27 20:52:49','2024-05-27 20:52:49'),('a2e5000b-a9e4-469c-bc5f-b1e8e5080229','86da9107-adb9-4a3b-bc71-f18710d66918','a444c790-c224-11ee-84c1-0200fd8284f8','e38507ce-3211-40b1-869f-4e4d9ab411a0','81afa62c-57aa-48fc-a1a0-8764ad9e35a7','2bbf897c-c226-11ee-8b18-0200fd8284c1',1,297.00000,1,'2024-05-20','A','2024-05-20 20:51:12','2024-05-20 20:51:12'),('a38e1641-fdfe-4621-a1b9-256bde472578','86da9107-adb9-4a3b-bc71-f18710d66918','35747793-cf20-11ee-b21b-0200fd8284f8','5937b7a1-48d2-4928-af03-e99851efd7fc','2e8258a3-1fad-4db0-bfe6-8ee2d4e69c4b','8571dc3e-cf6b-11ee-8dd3-0200fd8284c1',1,860.00000,1,'2024-07-25','A','2024-07-25 18:45:07','2024-07-25 18:45:07'),('a48a9221-43d3-4c78-83cc-ad32889d0450','86da9107-adb9-4a3b-bc71-f18710d66918','a444c790-c224-11ee-84c1-0200fd8284f8','8ce0d317-3266-4805-94e3-5251694cfdbb','3807c8df-bacd-45e0-b712-9e3a6121b798','2bbf897c-c226-11ee-8b18-0200fd8284c1',1,342.47000,1,'2024-07-18','A','2024-07-18 21:33:14','2024-07-18 21:33:14'),('a512df0c-d365-4b72-9ae0-62bb9fecdd18','86da9107-adb9-4a3b-bc71-f18710d66918','35747793-cf20-11ee-b21b-0200fd8284f8','b4b68ce6-ddba-4e49-9615-a500eb84692b','a2aab2cf-eb9d-4f19-a257-595255e7a43d','8571dc3e-cf6b-11ee-8dd3-0200fd8284c1',1,530.00000,1,'2024-06-24','A','2024-06-24 20:37:50','2024-06-24 20:37:50'),('a5c7b1d2-8bd7-43f0-bc30-26e925d092ee','86da9107-adb9-4a3b-bc71-f18710d66918','a444c790-c224-11ee-84c1-0200fd8284f8','865b0d69-7c91-49ee-bdb2-96bd4b49ada3','c4fd80f0-46f0-444f-99e0-248bf5614cbe','2bbf897c-c226-11ee-8b18-0200fd8284c1',1,135.00000,1,'2024-04-18','A','2024-04-18 21:26:15','2024-04-18 21:26:15'),('a6262a3e-f5df-479f-adb9-f37a99bcc448','86da9107-adb9-4a3b-bc71-f18710d66918','35747793-cf20-11ee-b21b-0200fd8284f8','3144528f-a605-42dd-9a57-34df2680bde3','d5d44352-680f-4a8f-8c4b-df75c53a56ab','8571dc3e-cf6b-11ee-8dd3-0200fd8284c1',1,735.50000,1,'2024-07-15','A','2024-07-15 17:49:27','2024-07-15 17:49:27'),('a6ec8978-a902-4778-952e-89c2ad7ded48','77ce28f7-8cba-4c20-aa61-e88eade33a9e','a444c790-c224-11ee-84c1-0200fd8284f8','9542de93-28a9-4968-9fc4-8112255bc690','17bd2ad9-0241-40be-a2cc-5c9e899ca0f8','2bbf897c-c226-11ee-8b18-0200fd8284c1',1,778.50000,1,'2024-02-23','A','2024-02-24 00:00:20','2024-02-24 00:00:20'),('a6f3b9f4-ee32-43d0-b7f7-0914c6961e3e','86da9107-adb9-4a3b-bc71-f18710d66918','a444c790-c224-11ee-84c1-0200fd8284f8','0e9c721e-ca91-479f-8c5d-e913648529ef','56cb9fe8-dde3-4bfa-ae5e-233756ab34f9','2bbf897c-c226-11ee-8b18-0200fd8284c1',1,1000.00000,1,'2024-07-11','A','2024-07-11 20:13:38','2024-07-11 20:13:38'),('a82c647a-61dd-4633-971c-d66e6bd17172','86da9107-adb9-4a3b-bc71-f18710d66918','35747793-cf20-11ee-b21b-0200fd8284f8','c38221ff-e0e1-41b2-83e6-302076e480ba','0208f91b-763e-4758-9662-5c2453a6fd5a','8571dc3e-cf6b-11ee-8dd3-0200fd8284c1',1,469.70000,1,'2024-06-17','A','2024-06-17 20:11:24','2024-06-17 20:11:24'),('a9635272-239c-4837-b3bb-5cb0619df31f','86da9107-adb9-4a3b-bc71-f18710d66918','a444c790-c224-11ee-84c1-0200fd8284f8','8ce0d317-3266-4805-94e3-5251694cfdbb','527d5a1d-e82d-49b1-b047-5125b0aeb2d3','2bbf897c-c226-11ee-8b18-0200fd8284c1',1,2500.00000,1,'2024-06-07','A','2024-06-07 20:36:28','2024-06-07 20:36:28'),('a99bd790-e413-46e6-abd5-636ebbeb341e','86da9107-adb9-4a3b-bc71-f18710d66918','35747793-cf20-11ee-b21b-0200fd8284f8','c5bae583-19d2-46fb-b782-5c961a2bb04e','270f9e92-4725-44aa-bdf7-fa8c0dfc295e','8571dc3e-cf6b-11ee-8dd3-0200fd8284c1',1,779.54000,1,'2024-06-25','A','2024-06-25 20:05:37','2024-06-25 20:05:37'),('aa1b5495-4051-4cbe-99b2-efa27dfca1f4','86da9107-adb9-4a3b-bc71-f18710d66918','35747793-cf20-11ee-b21b-0200fd8284f8','98daccde-abf0-4636-9c06-06dc75606b60','7f933e87-6ce1-40da-afce-b9fb16653a8b','8571dc3e-cf6b-11ee-8dd3-0200fd8284c1',1,405.55000,1,'2024-05-31','A','2024-05-31 20:37:51','2024-05-31 20:37:51'),('aaca3935-a1d7-426c-a954-847d3ccdd01a','86da9107-adb9-4a3b-bc71-f18710d66918','a444c790-c224-11ee-84c1-0200fd8284f8','0e9c721e-ca91-479f-8c5d-e913648529ef','7eee64af-6bcc-4a16-a609-a076f80af951','2bbf897c-c226-11ee-8b18-0200fd8284c1',1,1000.00000,1,'2024-06-20','A','2024-06-20 20:10:44','2024-06-20 20:10:44'),('ab3138eb-e3b9-420a-87bc-c2c7947cef7c','c577e6b9-a8fa-4636-ba3f-593f1191dc14','a444c790-c224-11ee-84c1-0200fd8284f8','784b9d67-6e8e-421e-b449-6e039033f88e','a98c49c0-bd33-4c54-bfdf-a60ae2a54663','2bbf897c-c226-11ee-8b18-0200fd8284c1',1,301.75000,1,'2024-03-25','A','2024-03-25 19:30:02','2024-03-25 19:30:02'),('ab81e1f0-09ad-4ffb-b58e-358a57fc1314','86da9107-adb9-4a3b-bc71-f18710d66918','a444c790-c224-11ee-84c1-0200fd8284f8','0e9c721e-ca91-479f-8c5d-e913648529ef','56cb9fe8-dde3-4bfa-ae5e-233756ab34f9','2bbf897c-c226-11ee-8b18-0200fd8284c1',1,97.31000,1,'2024-07-18','A','2024-07-18 21:48:41','2024-07-18 21:48:41'),('ac0d31ac-bd91-463b-a816-e0c44ceb9ea6','86da9107-adb9-4a3b-bc71-f18710d66918','35747793-cf20-11ee-b21b-0200fd8284f8','b3749c93-5b5f-4fb1-8911-70e74c5fb74e','98515b52-ca15-457b-8761-138689127f83','8571dc3e-cf6b-11ee-8dd3-0200fd8284c1',7,2000.00000,1,'2024-06-19','A','2024-06-19 20:18:06','2024-06-19 20:18:06'),('ac314897-34b6-431d-94bb-31c71d04eb6a','86da9107-adb9-4a3b-bc71-f18710d66918','a444c790-c224-11ee-84c1-0200fd8284f8','3f72dd61-57b0-4b12-9f9e-d2eddd042ccd','efab9a49-9b39-4050-bc38-cea669989099','2bbf897c-c226-11ee-8b18-0200fd8284c1',1,628.60000,1,'2024-06-10','A','2024-06-10 21:21:36','2024-06-10 21:21:36'),('ad73d08b-471a-4d8d-8598-988a7bef17ce','86da9107-adb9-4a3b-bc71-f18710d66918','35747793-cf20-11ee-b21b-0200fd8284f8','c38221ff-e0e1-41b2-83e6-302076e480ba','ece3b077-592a-4102-add2-b47769fca73f','8571dc3e-cf6b-11ee-8dd3-0200fd8284c1',1,469.70000,1,'2024-07-01','A','2024-07-01 20:55:26','2024-07-01 20:55:26'),('b0c15410-a67e-47c6-a990-080b3504c2da','86da9107-adb9-4a3b-bc71-f18710d66918','35747793-cf20-11ee-b21b-0200fd8284f8','afcca419-a54d-44ba-a27a-f7093947af11','3de6e7d4-5b13-47d1-a5a8-535cb6240109','8571dc3e-cf6b-11ee-8dd3-0200fd8284c1',1,139.76000,1,'2024-08-02','A','2024-08-02 21:16:46','2024-08-02 21:16:46'),('b0cc9b78-0be4-4d6b-a195-e5685e08137c','86da9107-adb9-4a3b-bc71-f18710d66918','35747793-cf20-11ee-b21b-0200fd8284f8','f86e697d-a31b-4eb5-a090-84584c0ab84c','cc5939c2-ded8-430c-ba45-b57aab07847e','8571dc3e-cf6b-11ee-8dd3-0200fd8284c1',1,975.00000,1,'2024-06-15','A','2024-06-15 21:12:35','2024-06-15 21:12:35'),('b1c18d91-d769-4a5c-afde-306674cfc336','77ce28f7-8cba-4c20-aa61-e88eade33a9e','a444c790-c224-11ee-84c1-0200fd8284f8','64952bea-2c48-47ce-a3fc-448b4c9e8b78','c83cf598-e42d-4e6e-a4e4-b19eae7ad877','2bbf897c-c226-11ee-8b18-0200fd8284c1',7,9000.00000,1,'2024-02-23','A','2024-02-23 23:53:08','2024-02-23 23:53:08'),('b326cd07-af9d-4243-9120-a3b01db824df','86da9107-adb9-4a3b-bc71-f18710d66918','35747793-cf20-11ee-b21b-0200fd8284f8','be30ecd4-6b43-4f73-88bb-cd0bf2d07d5e','c3577c10-fc02-47a6-ad78-7163dbf9ab32','8571dc3e-cf6b-11ee-8dd3-0200fd8284c1',7,2358.50000,1,'2024-07-20','A','2024-08-03 20:42:37','2024-08-03 20:42:37'),('b3327828-1388-41af-9b59-df436e08ec07','86da9107-adb9-4a3b-bc71-f18710d66918','35747793-cf20-11ee-b21b-0200fd8284f8','1f18338b-3359-49ef-ba07-0b344cbf8dd5','af9bd5eb-69b4-4a7d-b7d7-559a7929b936','8571dc3e-cf6b-11ee-8dd3-0200fd8284c1',1,927.00000,1,'2024-06-19','A','2024-06-19 20:05:20','2024-06-19 20:05:20'),('b36502c0-7675-4bc9-b6db-179d49a334f2','86da9107-adb9-4a3b-bc71-f18710d66918','a444c790-c224-11ee-84c1-0200fd8284f8','8ce0d317-3266-4805-94e3-5251694cfdbb','c8f39357-d1de-4cc0-9814-86b5d09081c0','2bbf897c-c226-11ee-8b18-0200fd8284c1',1,2000.00000,1,'2024-07-04','A','2024-07-04 19:48:05','2024-07-04 19:48:05'),('b3fe840e-82b8-4ddd-8deb-b4c20fb6b97e','c577e6b9-a8fa-4636-ba3f-593f1191dc14','a444c790-c224-11ee-84c1-0200fd8284f8','a9bd69eb-5318-4996-9490-6e2805f741a3','942c2e81-16d5-4907-8aeb-059f9541b29f','2bbf897c-c226-11ee-8b18-0200fd8284c1',1,885.00000,1,'2024-03-20','A','2024-03-20 19:14:52','2024-03-20 19:14:52'),('b53f31c8-dbc2-4f2d-b0b2-21689052c201','86da9107-adb9-4a3b-bc71-f18710d66918','a444c790-c224-11ee-84c1-0200fd8284f8','8ce0d317-3266-4805-94e3-5251694cfdbb','04840cbc-5ee7-40e2-9233-b05c257185bc','2bbf897c-c226-11ee-8b18-0200fd8284c1',1,2000.00000,1,'2024-06-13','A','2024-06-13 17:30:43','2024-06-13 17:30:43'),('b589bbef-baf5-4616-8edc-c9dd57ec9ab3','86da9107-adb9-4a3b-bc71-f18710d66918','35747793-cf20-11ee-b21b-0200fd8284f8','9cd9c415-289d-491c-9cbb-d38dd7b2a1e4','36d5a991-e9f6-49cd-9547-4bb8181ac6a5','8571dc3e-cf6b-11ee-8dd3-0200fd8284c1',1,642.33000,1,'2024-06-19','A','2024-06-19 19:59:09','2024-06-19 19:59:09'),('b5d7facb-511f-484a-b51a-5e79ca142c01','86da9107-adb9-4a3b-bc71-f18710d66918','35747793-cf20-11ee-b21b-0200fd8284f8','be30ecd4-6b43-4f73-88bb-cd0bf2d07d5e','f9275921-571c-4704-8039-6045132bbf49','8571dc3e-cf6b-11ee-8dd3-0200fd8284c1',7,641.50000,1,'2024-07-20','A','2024-08-03 20:43:01','2024-08-03 20:43:01'),('b81fac5c-25cd-48d9-95c0-5efe5ca9ecf8','86da9107-adb9-4a3b-bc71-f18710d66918','35747793-cf20-11ee-b21b-0200fd8284f8','a1fd1227-6001-4139-b8d0-b415228bdbe3','cf3bb6a0-4f0f-4211-b8d7-b42bea88ff69','8571dc3e-cf6b-11ee-8dd3-0200fd8284c1',1,3220.00000,1,'2024-07-02','A','2024-07-02 19:24:03','2024-07-02 19:24:03'),('b8f88892-c8de-4d0d-a2e6-9c3ec06e9254','86da9107-adb9-4a3b-bc71-f18710d66918','35747793-cf20-11ee-b21b-0200fd8284f8','be30ecd4-6b43-4f73-88bb-cd0bf2d07d5e','f9275921-571c-4704-8039-6045132bbf49','8571dc3e-cf6b-11ee-8dd3-0200fd8284c1',1,641.50000,1,'2024-07-26','A','2024-08-03 20:41:59','2024-08-03 20:41:59'),('b90c4901-7ca4-49c4-94a2-0c7cf86b8d4c','86da9107-adb9-4a3b-bc71-f18710d66918','35747793-cf20-11ee-b21b-0200fd8284f8','c5bae583-19d2-46fb-b782-5c961a2bb04e','4bcc7386-39cd-498e-9b00-3a98f621ef80','8571dc3e-cf6b-11ee-8dd3-0200fd8284c1',1,220.36000,1,'2024-07-17','A','2024-07-17 21:40:35','2024-07-17 21:40:35'),('b9f729d6-c00b-4078-8644-b2731cd2d725','86da9107-adb9-4a3b-bc71-f18710d66918','35747793-cf20-11ee-b21b-0200fd8284f8','d3090527-4948-4f03-b88c-31c558fe0302','6ac2a000-2877-4488-ad09-52ca84f49381','8571dc3e-cf6b-11ee-8dd3-0200fd8284c1',1,843.54000,1,'2024-08-15','A','2024-08-15 20:36:16','2024-08-15 20:36:16'),('be818960-4ce8-482b-8dbd-77339ca600b5','c577e6b9-a8fa-4636-ba3f-593f1191dc14','a444c790-c224-11ee-84c1-0200fd8284f8','b5c70662-5f3b-446b-b715-fd4eaaac5ce9','5e1ef8f8-b9aa-465c-b96f-7e02fe58b643','2bbf897c-c226-11ee-8b18-0200fd8284c1',1,273.33000,1,'2024-04-08','A','2024-04-09 21:20:36','2024-04-09 21:20:36'),('be83ba27-8ba5-47c2-92ec-8d376a1c686c','86da9107-adb9-4a3b-bc71-f18710d66918','35747793-cf20-11ee-b21b-0200fd8284f8','b3749c93-5b5f-4fb1-8911-70e74c5fb74e','68ea7daa-ae42-4ea8-9812-50e36959df02','8571dc3e-cf6b-11ee-8dd3-0200fd8284c1',1,1000.00000,1,'2024-06-14','A','2024-06-14 19:52:49','2024-06-14 19:52:49'),('c0c1b706-5cc1-4582-b92e-a13f920ccf1c','86da9107-adb9-4a3b-bc71-f18710d66918','35747793-cf20-11ee-b21b-0200fd8284f8','afcca419-a54d-44ba-a27a-f7093947af11','87e042b0-df25-488e-b33a-281f548166fa','8571dc3e-cf6b-11ee-8dd3-0200fd8284c1',1,227.88000,1,'2024-08-02','A','2024-08-02 21:15:52','2024-08-02 21:15:52'),('c26ab5ac-4674-47cf-a6d0-4f692478b9db','86da9107-adb9-4a3b-bc71-f18710d66918','a444c790-c224-11ee-84c1-0200fd8284f8','17e7de1d-10f7-4543-8d9e-ea781e438ffb','3cac110c-f280-42dd-900e-7a7fba106399','2bbf897c-c226-11ee-8b18-0200fd8284c1',1,279.00000,1,'2024-04-11','A','2024-04-11 21:17:06','2024-04-11 21:17:06'),('c5ed8191-8d76-49a1-97d6-cd1280de7bff','86da9107-adb9-4a3b-bc71-f18710d66918','a444c790-c224-11ee-84c1-0200fd8284f8','09eb121a-63a3-4fe9-a435-c5039109499e','4ab19aa8-9e75-4c00-9e3c-dc3f8af5df66','2bbf897c-c226-11ee-8b18-0200fd8284c1',1,1000.00000,1,'2024-04-18','A','2024-04-18 21:25:35','2024-04-18 21:25:35'),('c67b1175-a797-4272-be9a-b7d8a700d2e4','86da9107-adb9-4a3b-bc71-f18710d66918','a444c790-c224-11ee-84c1-0200fd8284f8','3f72dd61-57b0-4b12-9f9e-d2eddd042ccd','7c99ece1-291c-4448-9f64-eb4a7d0b07d0','2bbf897c-c226-11ee-8b18-0200fd8284c1',1,485.60000,1,'2024-06-17','A','2024-06-17 20:28:06','2024-06-17 20:28:06'),('c70fa948-8d43-4768-bfc1-e1a944780998','86da9107-adb9-4a3b-bc71-f18710d66918','a444c790-c224-11ee-84c1-0200fd8284f8','3f72dd61-57b0-4b12-9f9e-d2eddd042ccd','657e2a89-41f3-48b5-be25-6d37676deb96','2bbf897c-c226-11ee-8b18-0200fd8284c1',1,500.00000,1,'2024-06-03','A','2024-06-03 20:13:22','2024-06-03 20:13:22'),('c72c01a1-4bb4-4988-9d2a-8b510360541d','86da9107-adb9-4a3b-bc71-f18710d66918','a444c790-c224-11ee-84c1-0200fd8284f8','ab4be6b5-3c37-4382-a367-60de087956f8','799f4b1f-8f6f-491a-98a1-b9226457b501','2bbf897c-c226-11ee-8b18-0200fd8284c1',1,233.63000,1,'2024-06-13','A','2024-06-13 21:39:05','2024-06-13 21:39:05'),('c73371ce-218d-4abc-9546-54120d1e7592','86da9107-adb9-4a3b-bc71-f18710d66918','a444c790-c224-11ee-84c1-0200fd8284f8','8ce0d317-3266-4805-94e3-5251694cfdbb','04840cbc-5ee7-40e2-9233-b05c257185bc','2bbf897c-c226-11ee-8b18-0200fd8284c1',1,342.47000,1,'2024-07-25','A','2024-07-25 16:51:20','2024-07-25 16:51:20'),('c8134774-193d-45bb-bc3a-d3ba14551355','86da9107-adb9-4a3b-bc71-f18710d66918','35747793-cf20-11ee-b21b-0200fd8284f8','afcca419-a54d-44ba-a27a-f7093947af11','e1881913-cf93-4245-a417-2eb178baea52','8571dc3e-cf6b-11ee-8dd3-0200fd8284c1',1,727.88000,1,'2024-08-02','A','2024-08-02 21:15:17','2024-08-02 21:15:17'),('d3f20db2-9c89-47e9-89ec-769bc4b8958e','86da9107-adb9-4a3b-bc71-f18710d66918','35747793-cf20-11ee-b21b-0200fd8284f8','b5abf057-d68b-4355-ae3e-6edbbbb6930c','0b073833-55e3-431b-ae10-c5a71336f53a','8571dc3e-cf6b-11ee-8dd3-0200fd8284c1',1,500.00000,1,'2024-05-20','A','2024-05-20 21:05:54','2024-05-20 21:05:54'),('d41003a0-5946-4cbe-b410-cb6f9bbf347e','86da9107-adb9-4a3b-bc71-f18710d66918','35747793-cf20-11ee-b21b-0200fd8284f8','b5abf057-d68b-4355-ae3e-6edbbbb6930c','377fa7b8-31a7-4768-813b-6ac9fb9ece96','8571dc3e-cf6b-11ee-8dd3-0200fd8284c1',1,171.35000,1,'2024-06-10','A','2024-06-10 21:31:01','2024-06-10 21:31:01'),('d456d0ee-d238-4ec7-b95d-6ef1b5de811d','c577e6b9-a8fa-4636-ba3f-593f1191dc14','a444c790-c224-11ee-84c1-0200fd8284f8','b5c70662-5f3b-446b-b715-fd4eaaac5ce9','fd37b51e-7104-4d5c-ac92-7175b47500d3','2bbf897c-c226-11ee-8b18-0200fd8284c1',1,726.67000,1,'2024-04-08','A','2024-04-09 21:19:55','2024-04-09 21:19:55'),('d55c1c9b-45d1-43b4-9af4-057dbc20538e','86da9107-adb9-4a3b-bc71-f18710d66918','35747793-cf20-11ee-b21b-0200fd8284f8','123725ae-8d21-459f-9510-bd5507ff611d','029efabf-f137-4877-9200-6d6d41bf6a0d','8571dc3e-cf6b-11ee-8dd3-0200fd8284c1',1,7.50000,1,'2024-08-02','A','2024-08-02 21:29:26','2024-08-02 21:29:26'),('d5adf9d6-8741-4d1e-8df6-8b948ef12bc5','86da9107-adb9-4a3b-bc71-f18710d66918','35747793-cf20-11ee-b21b-0200fd8284f8','bebc1c39-557f-4494-82cc-308cff0e22ed','cb1be56f-3ea8-4eda-bd74-7335fed708c4','8571dc3e-cf6b-11ee-8dd3-0200fd8284c1',1,5000.00000,1,'2024-08-08','A','2024-08-08 22:03:21','2024-08-08 22:03:21'),('d658909e-4f55-4913-868d-7b18df913fc4','86da9107-adb9-4a3b-bc71-f18710d66918','a444c790-c224-11ee-84c1-0200fd8284f8','8ce0d317-3266-4805-94e3-5251694cfdbb','3807c8df-bacd-45e0-b712-9e3a6121b798','2bbf897c-c226-11ee-8b18-0200fd8284c1',1,2000.00000,1,'2024-05-20','A','2024-05-27 21:21:46','2024-05-27 21:21:46'),('d75287da-7cb6-446f-82c7-d440a8c37572','c577e6b9-a8fa-4636-ba3f-593f1191dc14','a444c790-c224-11ee-84c1-0200fd8284f8','e587c291-78a0-4495-8578-bb489e26de20','8adf8e68-81e9-4083-8ef0-28b2b774ffca','2bbf897c-c226-11ee-8b18-0200fd8284c1',1,725.50000,1,'2024-03-27','A','2024-03-27 22:40:54','2024-03-27 22:40:54'),('d8161941-0645-4aec-921d-eec935aa6901','86da9107-adb9-4a3b-bc71-f18710d66918','35747793-cf20-11ee-b21b-0200fd8284f8','c5bae583-19d2-46fb-b782-5c961a2bb04e','40701092-d1ac-4102-a64b-1444c62806cb','8571dc3e-cf6b-11ee-8dd3-0200fd8284c1',1,779.64000,1,'2024-07-17','A','2024-07-17 21:39:58','2024-07-17 21:39:58'),('d85e1b7c-4164-4271-82c3-cba86e2ed57d','86da9107-adb9-4a3b-bc71-f18710d66918','35747793-cf20-11ee-b21b-0200fd8284f8','dde50a9d-4d2c-42eb-98aa-d9564a4711dc','018d54ee-b984-4d54-8760-77b0aa904413','8571dc3e-cf6b-11ee-8dd3-0200fd8284c1',1,1000.00000,1,'2024-07-22','A','2024-07-22 20:47:07','2024-07-22 20:47:07'),('d8b44b7c-4688-4b2b-abf4-0db60d62abfd','86da9107-adb9-4a3b-bc71-f18710d66918','a444c790-c224-11ee-84c1-0200fd8284f8','197c1bec-be9b-44b0-ba49-7a0987fe9802','b2a000be-4bac-46e1-aca2-96712656ab51','2bbf897c-c226-11ee-8b18-0200fd8284c1',7,4807.00000,1,'2024-03-02','A','2024-03-02 21:56:13','2024-03-02 21:56:13'),('da812234-8e39-44b6-8eb3-e70d4a932090','86da9107-adb9-4a3b-bc71-f18710d66918','a444c790-c224-11ee-84c1-0200fd8284f8','8ce0d317-3266-4805-94e3-5251694cfdbb','2ddf6f7b-8941-4a31-a4b2-4b65121ebde9','2bbf897c-c226-11ee-8b18-0200fd8284c1',1,2000.00000,1,'2024-04-15','A','2024-04-16 19:58:00','2024-04-16 19:58:00'),('dacb1c20-e739-427d-9fe9-bbeb9e2ff256','86da9107-adb9-4a3b-bc71-f18710d66918','35747793-cf20-11ee-b21b-0200fd8284f8','b3749c93-5b5f-4fb1-8911-70e74c5fb74e','163b383e-d8b4-4d86-807d-9fe1bf675e40','8571dc3e-cf6b-11ee-8dd3-0200fd8284c1',7,651.94000,1,'2024-07-06','A','2024-07-06 19:39:30','2024-07-06 19:39:30'),('dbf96096-6176-41ac-9b42-88367861bb3a','86da9107-adb9-4a3b-bc71-f18710d66918','a444c790-c224-11ee-84c1-0200fd8284f8','8ce0d317-3266-4805-94e3-5251694cfdbb','595de009-b02f-4f8a-a76b-767445f6cb5e','2bbf897c-c226-11ee-8b18-0200fd8284c1',1,342.47000,1,'2024-07-18','A','2024-07-18 21:32:05','2024-07-18 21:32:05'),('dd1c51ae-9a72-482a-94b1-cc5d5e846474','86da9107-adb9-4a3b-bc71-f18710d66918','a444c790-c224-11ee-84c1-0200fd8284f8','5ddbc488-097a-4e34-aa5b-e02a9555da1a','ab3be2cd-2bd0-4dfd-bda3-5e3bb2adb2d6','2bbf897c-c226-11ee-8b18-0200fd8284c1',1,738.00000,1,'2024-07-31','A','2024-07-31 21:57:49','2024-07-31 21:57:49'),('dd294ac6-9f86-4fad-a147-4410b3590aff','86da9107-adb9-4a3b-bc71-f18710d66918','35747793-cf20-11ee-b21b-0200fd8284f8','5701dc20-fa03-4221-95c1-0aa1d6a6894d','85e3a789-9ba3-4c80-b655-e20814a3c2c6','8571dc3e-cf6b-11ee-8dd3-0200fd8284c1',1,1479.70000,1,'2024-05-20','A','2024-05-20 21:02:44','2024-05-20 21:02:44'),('dd362de8-549e-4a4d-9fb6-1becf10dccc7','86da9107-adb9-4a3b-bc71-f18710d66918','a444c790-c224-11ee-84c1-0200fd8284f8','07233f5d-0d4a-4ea1-bc44-505ce742a51c','ad05db2a-8e55-417c-8212-daac7bd3a7f0','2bbf897c-c226-11ee-8b18-0200fd8284c1',1,1726.60000,1,'2024-08-15','A','2024-08-15 20:49:03','2024-08-15 20:49:03'),('dee72da1-4fa7-4437-98ad-8baf68e61ce2','86da9107-adb9-4a3b-bc71-f18710d66918','a444c790-c224-11ee-84c1-0200fd8284f8','09eb121a-63a3-4fe9-a435-c5039109499e','6275ed10-eb10-46da-8fcc-1c793652457e','2bbf897c-c226-11ee-8b18-0200fd8284c1',1,1500.00000,1,'2024-04-11','A','2024-04-11 21:15:46','2024-04-11 21:15:46'),('e14e21da-a418-402a-a61d-e587b86e434f','86da9107-adb9-4a3b-bc71-f18710d66918','a444c790-c224-11ee-84c1-0200fd8284f8','f4970b0c-d183-40b5-a66a-ba2f5d3b4324','8818655f-507f-4f8c-a8e1-fd72c8779f82','2bbf897c-c226-11ee-8b18-0200fd8284c1',1,151.36000,1,'2024-05-23','A','2024-05-23 19:56:54','2024-05-23 19:56:54'),('e1b737be-8b17-4781-bd29-1351fa22cdc2','86da9107-adb9-4a3b-bc71-f18710d66918','35747793-cf20-11ee-b21b-0200fd8284f8','123725ae-8d21-459f-9510-bd5507ff611d','029efabf-f137-4877-9200-6d6d41bf6a0d','8571dc3e-cf6b-11ee-8dd3-0200fd8284c1',1,305.00000,1,'2024-08-09','A','2024-08-09 19:15:26','2024-08-09 19:15:26'),('e4b609bc-636f-4266-b615-2dff1afd1d92','86da9107-adb9-4a3b-bc71-f18710d66918','35747793-cf20-11ee-b21b-0200fd8284f8','77e9e2e5-1d5d-420b-b175-e74587a59bc2','124b2e78-a904-47f7-ba43-b601a5005bfa','8571dc3e-cf6b-11ee-8dd3-0200fd8284c1',1,3878.30000,1,'2024-07-23','A','2024-07-23 16:19:56','2024-07-23 16:19:56'),('e6d98b7a-8ceb-469c-8f2c-8990afd112e9','86da9107-adb9-4a3b-bc71-f18710d66918','35747793-cf20-11ee-b21b-0200fd8284f8','79fda09f-169d-4879-b8e8-1c27d3d5c5ce','192a4dda-8734-42dc-bcb3-22deab4385fb','8571dc3e-cf6b-11ee-8dd3-0200fd8284c1',7,5871.50000,1,'2024-08-07','A','2024-08-07 20:43:32','2024-08-07 20:43:32'),('e73a72b0-5761-42b9-971b-5e78398f1cf8','86da9107-adb9-4a3b-bc71-f18710d66918','35747793-cf20-11ee-b21b-0200fd8284f8','c5bae583-19d2-46fb-b782-5c961a2bb04e','270f9e92-4725-44aa-bdf7-fa8c0dfc295e','8571dc3e-cf6b-11ee-8dd3-0200fd8284c1',1,0.10000,1,'2024-06-25','A','2024-06-25 20:06:11','2024-06-25 20:06:11'),('e882cfcf-a688-4172-ac78-70f35b903b1b','86da9107-adb9-4a3b-bc71-f18710d66918','35747793-cf20-11ee-b21b-0200fd8284f8','c5bae583-19d2-46fb-b782-5c961a2bb04e','4df77cf1-9027-4d73-9a08-740320a120c0','8571dc3e-cf6b-11ee-8dd3-0200fd8284c1',1,779.64000,1,'2024-07-24','A','2024-07-24 16:01:39','2024-07-24 16:01:39'),('e9c9e62a-71c4-4110-b4b9-10a60bc458df','86da9107-adb9-4a3b-bc71-f18710d66918','a444c790-c224-11ee-84c1-0200fd8284f8','09eb121a-63a3-4fe9-a435-c5039109499e','f611cff4-a71e-421c-a350-5524d825d685','2bbf897c-c226-11ee-8b18-0200fd8284c1',1,1000.00000,1,'2024-03-21','A','2024-03-21 20:02:35','2024-03-21 20:02:35'),('ebac1572-72b7-4017-ad99-67a8e06404e4','86da9107-adb9-4a3b-bc71-f18710d66918','35747793-cf20-11ee-b21b-0200fd8284f8','b4b68ce6-ddba-4e49-9615-a500eb84692b','a2aab2cf-eb9d-4f19-a257-595255e7a43d','8571dc3e-cf6b-11ee-8dd3-0200fd8284c1',1,72.50000,1,'2024-07-01','A','2024-07-01 20:57:29','2024-07-01 20:57:29'),('ee0369d2-8ad1-4ab0-81d8-1ce24fd911ff','86da9107-adb9-4a3b-bc71-f18710d66918','a444c790-c224-11ee-84c1-0200fd8284f8','3f72dd61-57b0-4b12-9f9e-d2eddd042ccd','1fe8b035-d70b-4877-8643-629f25e706c6','2bbf897c-c226-11ee-8b18-0200fd8284c1',1,257.20000,1,'2024-06-17','A','2024-06-17 20:30:03','2024-06-17 20:30:03'),('eecf9c15-83f0-4388-b202-a9e53ebe8157','86da9107-adb9-4a3b-bc71-f18710d66918','a444c790-c224-11ee-84c1-0200fd8284f8','8ce0d317-3266-4805-94e3-5251694cfdbb','7246d942-81b0-4cc7-89a8-a93af73275c8','2bbf897c-c226-11ee-8b18-0200fd8284c1',1,342.47000,1,'2024-07-18','A','2024-07-18 21:31:28','2024-07-18 21:31:28'),('f10b5cfb-1644-47d1-bb3a-c971c2f255ec','86da9107-adb9-4a3b-bc71-f18710d66918','35747793-cf20-11ee-b21b-0200fd8284f8','a1fd1227-6001-4139-b8d0-b415228bdbe3','cf3bb6a0-4f0f-4211-b8d7-b42bea88ff69','8571dc3e-cf6b-11ee-8dd3-0200fd8284c1',1,390.00000,1,'2024-06-26','A','2024-06-26 20:05:17','2024-06-26 20:05:17'),('f22eca75-0324-4db0-b85a-83ea42060832','86da9107-adb9-4a3b-bc71-f18710d66918','a444c790-c224-11ee-84c1-0200fd8284f8','a6b6537a-9e6b-4b61-83f2-3ac565db4893','3c0ca83d-4a24-467e-8620-3b3cc6f9aa8a','2bbf897c-c226-11ee-8b18-0200fd8284c1',1,975.00000,1,'2024-03-21','A','2024-03-21 19:54:57','2024-03-21 19:54:57'),('f6bcd376-a17c-49c4-845b-a464768b613c','86da9107-adb9-4a3b-bc71-f18710d66918','35747793-cf20-11ee-b21b-0200fd8284f8','db8cad1c-ac2f-4d1f-a4e7-d3bbd4d67b0c','c3300bc7-5fa2-49a1-bd09-3d388bed2757','8571dc3e-cf6b-11ee-8dd3-0200fd8284c1',1,905.32000,1,'2024-08-07','A','2024-08-07 20:38:54','2024-08-07 20:38:54'),('f712d556-316c-48fe-b785-9745c7970918','86da9107-adb9-4a3b-bc71-f18710d66918','a444c790-c224-11ee-84c1-0200fd8284f8','ab4be6b5-3c37-4382-a367-60de087956f8','799f4b1f-8f6f-491a-98a1-b9226457b501','2bbf897c-c226-11ee-8b18-0200fd8284c1',1,500.00000,1,'2024-06-07','A','2024-06-07 20:39:00','2024-06-07 20:39:00'),('f7550894-7957-4a64-af0f-04906624cf12','86da9107-adb9-4a3b-bc71-f18710d66918','35747793-cf20-11ee-b21b-0200fd8284f8','b3749c93-5b5f-4fb1-8911-70e74c5fb74e','e42eff3a-ea50-4441-a8ba-e238ea303ab2','8571dc3e-cf6b-11ee-8dd3-0200fd8284c1',7,348.06000,1,'2024-07-03','A','2024-07-03 20:21:56','2024-07-03 20:21:56'),('f97a5761-58e3-4604-bfeb-855471e1784a','86da9107-adb9-4a3b-bc71-f18710d66918','a444c790-c224-11ee-84c1-0200fd8284f8','0e9c721e-ca91-479f-8c5d-e913648529ef','7eee64af-6bcc-4a16-a609-a076f80af951','2bbf897c-c226-11ee-8b18-0200fd8284c1',1,97.31000,1,'2024-07-18','A','2024-07-18 21:49:35','2024-07-18 21:49:35'),('f98f958f-3dd1-48f2-a603-638e4a9e7dc2','c577e6b9-a8fa-4636-ba3f-593f1191dc14','a444c790-c224-11ee-84c1-0200fd8284f8','e587c291-78a0-4495-8578-bb489e26de20','c260dcf0-6007-4f29-b97d-0729a71f9364','2bbf897c-c226-11ee-8b18-0200fd8284c1',1,25.50000,1,'2024-03-27','A','2024-03-27 22:40:28','2024-03-27 22:40:28'),('fb0e40c8-af66-44e7-89a8-42d9611c943e','86da9107-adb9-4a3b-bc71-f18710d66918','a444c790-c224-11ee-84c1-0200fd8284f8','0e9c721e-ca91-479f-8c5d-e913648529ef','6db51e1b-7f60-403e-9aca-193843d465d8','2bbf897c-c226-11ee-8b18-0200fd8284c1',1,1000.00000,1,'2024-06-13','A','2024-06-13 17:32:12','2024-06-13 17:32:12'),('fb321638-9b97-4a68-b4ed-4228a3d9d085','86da9107-adb9-4a3b-bc71-f18710d66918','35747793-cf20-11ee-b21b-0200fd8284f8','b3749c93-5b5f-4fb1-8911-70e74c5fb74e','e42eff3a-ea50-4441-a8ba-e238ea303ab2','8571dc3e-cf6b-11ee-8dd3-0200fd8284c1',1,1000.00000,1,'2024-06-04','A','2024-06-04 20:53:40','2024-06-04 20:53:40'),('fb85ecae-1f45-45c7-9410-96a13a440cf8','86da9107-adb9-4a3b-bc71-f18710d66918','35747793-cf20-11ee-b21b-0200fd8284f8','c5bae583-19d2-46fb-b782-5c961a2bb04e','4bcc7386-39cd-498e-9b00-3a98f621ef80','8571dc3e-cf6b-11ee-8dd3-0200fd8284c1',1,220.36000,1,'2024-06-25','A','2024-06-25 20:06:50','2024-06-25 20:06:50'),('fcca91a0-94b4-48cc-8274-5101142fa2b9','c577e6b9-a8fa-4636-ba3f-593f1191dc14','a444c790-c224-11ee-84c1-0200fd8284f8','784b9d67-6e8e-421e-b449-6e039033f88e','4a168496-433a-47f4-8a7e-fc02ff766b5a','2bbf897c-c226-11ee-8b18-0200fd8284c1',1,301.75000,1,'2024-03-25','A','2024-03-25 19:34:31','2024-03-25 19:34:31'),('fcf3c001-aa6f-4c00-8cd4-20e92b4348f1','86da9107-adb9-4a3b-bc71-f18710d66918','a444c790-c224-11ee-84c1-0200fd8284f8','0e9c721e-ca91-479f-8c5d-e913648529ef','6db51e1b-7f60-403e-9aca-193843d465d8','2bbf897c-c226-11ee-8b18-0200fd8284c1',1,97.31000,1,'2024-07-18','A','2024-07-18 21:49:57','2024-07-18 21:49:57');

--
-- Table structure for table `sivir_store_debt_payments_todo`
--

CREATE TABLE `sivir_store_debt_payments_todo` (
  `relative` varchar(50) NOT NULL COMMENT 'UUID',
  `users_sid` varchar(50) NOT NULL COMMENT 'Related to users table',
  `global_branch_office_id` varchar(50) NOT NULL COMMENT 'Related to branch table',
  `store_debt_id` varchar(50) NOT NULL COMMENT 'Related to store debt',
  `total_ammount` decimal(15,5) NOT NULL COMMENT 'The payment total ammount',
  `currency_id` int(11) NOT NULL COMMENT 'Related to currency table',
  `payment_duedate` date NOT NULL COMMENT 'The due date for the payment',
  `paid` tinyint(1) NOT NULL DEFAULT 0 COMMENT 'Its paid completed?',
  `status` enum('A','X') NOT NULL DEFAULT 'A',
  `created_at` datetime NOT NULL DEFAULT current_timestamp(),
  `updated_at` datetime DEFAULT NULL,
  PRIMARY KEY (`relative`)
) ENGINE=InnoDB DEFAULT CHARSET=latin1 COLLATE=latin1_general_ci;

--
-- Dumping data for table `sivir_store_debt_payments_todo`
--

INSERT INTO `sivir_store_debt_payments_todo` VALUES ('00dc5e58-5d93-4305-8ee5-924d805131fa','86da9107-adb9-4a3b-bc71-f18710d66918','35747793-cf20-11ee-b21b-0200fd8284f8','22caa680-53f7-4423-9069-b0e791db5fb9',1201.60000,1,'2024-08-15',0,'A','2024-07-11 13:34:15','2024-07-11 13:34:15'),('014ae3f6-56f9-475e-ba25-761b4899a9e1','86da9107-adb9-4a3b-bc71-f18710d66918','a444c790-c224-11ee-84c1-0200fd8284f8','3f65e5b1-975f-4b7a-979c-bff5ac2c1311',119.57000,1,'2024-05-09',1,'A','2024-05-03 11:43:35','2024-05-15 19:48:45'),('018d1062-2ab5-45f5-b6c9-0417777f53fd','86da9107-adb9-4a3b-bc71-f18710d66918','a444c790-c224-11ee-84c1-0200fd8284f8','bfadc292-e0ea-4348-be7c-8b29f56071b3',943.33000,1,'2024-05-09',0,'A','2024-04-11 21:27:04','2024-04-11 21:27:04'),('018d54ee-b984-4d54-8760-77b0aa904413','86da9107-adb9-4a3b-bc71-f18710d66918','35747793-cf20-11ee-b21b-0200fd8284f8','dde50a9d-4d2c-42eb-98aa-d9564a4711dc',1503.88000,1,'2024-05-27',1,'A','2024-05-13 20:41:35','2024-08-05 20:23:55'),('0208f91b-763e-4758-9662-5c2453a6fd5a','86da9107-adb9-4a3b-bc71-f18710d66918','35747793-cf20-11ee-b21b-0200fd8284f8','c38221ff-e0e1-41b2-83e6-302076e480ba',469.70000,1,'2024-06-24',1,'A','2024-05-13 20:38:50','2024-06-17 20:11:24'),('029efabf-f137-4877-9200-6d6d41bf6a0d','86da9107-adb9-4a3b-bc71-f18710d66918','35747793-cf20-11ee-b21b-0200fd8284f8','123725ae-8d21-459f-9510-bd5507ff611d',312.50000,1,'2024-08-09',1,'A','2024-08-02 21:28:14','2024-08-09 19:15:26'),('04840cbc-5ee7-40e2-9233-b05c257185bc','86da9107-adb9-4a3b-bc71-f18710d66918','a444c790-c224-11ee-84c1-0200fd8284f8','8ce0d317-3266-4805-94e3-5251694cfdbb',2342.47000,1,'2024-06-03',1,'A','2024-04-16 19:57:12','2024-07-25 16:51:20'),('04af2684-a9a8-457b-bbc5-8ec9c9e1c1cd','86da9107-adb9-4a3b-bc71-f18710d66918','35747793-cf20-11ee-b21b-0200fd8284f8','99f3a82c-b96d-431d-bfbf-775024893afb',586.64000,1,'2024-08-24',0,'A','2024-08-01 16:14:55','2024-08-01 16:14:55'),('0791ef55-36e7-4a26-a99a-ff2a8195cc91','86da9107-adb9-4a3b-bc71-f18710d66918','a444c790-c224-11ee-84c1-0200fd8284f8','8ce0d317-3266-4805-94e3-5251694cfdbb',2342.47000,1,'2024-06-17',1,'A','2024-04-16 19:57:12','2024-07-25 16:52:19'),('0b073833-55e3-431b-ae10-c5a71336f53a','86da9107-adb9-4a3b-bc71-f18710d66918','35747793-cf20-11ee-b21b-0200fd8284f8','b5abf057-d68b-4355-ae3e-6edbbbb6930c',671.35000,1,'2024-05-20',1,'A','2024-05-13 20:32:41','2024-06-10 21:30:36'),('0b251d6a-6587-475c-a4e3-4d54f40393f7','86da9107-adb9-4a3b-bc71-f18710d66918','35747793-cf20-11ee-b21b-0200fd8284f8','be30ecd4-6b43-4f73-88bb-cd0bf2d07d5e',2358.50000,1,'2024-06-07',1,'A','2024-06-07 20:26:04','2024-08-03 20:41:20'),('0bc83293-1dd7-40af-a839-91170bac7f5c','c577e6b9-a8fa-4636-ba3f-593f1191dc14','a444c790-c224-11ee-84c1-0200fd8284f8','238742bf-2931-418f-a263-292d52daa7b7',618.75000,1,'2024-03-07',0,'A','2024-02-29 19:54:44','2024-02-29 19:54:44'),('0c507b6c-fc47-4aeb-b1af-c09e22531d9e','86da9107-adb9-4a3b-bc71-f18710d66918','a444c790-c224-11ee-84c1-0200fd8284f8','e38507ce-3211-40b1-869f-4e4d9ab411a0',459.00000,1,'2024-05-13',1,'A','2024-05-06 20:39:26','2024-05-13 20:18:32'),('0f33b3be-4d51-46b3-a8f8-732ed02b569a','86da9107-adb9-4a3b-bc71-f18710d66918','35747793-cf20-11ee-b21b-0200fd8284f8','db8cad1c-ac2f-4d1f-a4e7-d3bbd4d67b0c',905.32000,1,'2024-07-30',0,'A','2024-07-19 20:24:39','2024-07-19 20:24:39'),('124b2e78-a904-47f7-ba43-b601a5005bfa','86da9107-adb9-4a3b-bc71-f18710d66918','35747793-cf20-11ee-b21b-0200fd8284f8','77e9e2e5-1d5d-420b-b175-e74587a59bc2',3878.26000,1,'2024-07-18',1,'A','2024-07-11 15:22:08','2024-07-23 16:19:56'),('138f2360-8df6-4826-a332-7ab047659168','86da9107-adb9-4a3b-bc71-f18710d66918','35747793-cf20-11ee-b21b-0200fd8284f8','afcca419-a54d-44ba-a27a-f7093947af11',727.88000,1,'2024-07-22',1,'A','2024-07-04 11:30:18','2024-07-22 20:48:42'),('163b383e-d8b4-4d86-807d-9fe1bf675e40','86da9107-adb9-4a3b-bc71-f18710d66918','35747793-cf20-11ee-b21b-0200fd8284f8','b3749c93-5b5f-4fb1-8911-70e74c5fb74e',2651.94000,1,'2024-06-18',1,'A','2024-05-24 17:05:10','2024-07-06 19:39:30'),('16bdd6c6-9dd1-443a-abb7-288888cb2584','c577e6b9-a8fa-4636-ba3f-593f1191dc14','a444c790-c224-11ee-84c1-0200fd8284f8','36abfb1b-c681-49e0-a5b8-68a56b74fdd0',1138.15000,1,'2024-04-04',0,'A','2024-02-29 19:38:33','2024-02-29 19:38:33'),('17bd2ad9-0241-40be-a2cc-5c9e899ca0f8','77ce28f7-8cba-4c20-aa61-e88eade33a9e','a444c790-c224-11ee-84c1-0200fd8284f8','9542de93-28a9-4968-9fc4-8112255bc690',9000.00000,1,'2024-02-23',0,'A','2024-02-23 23:59:47','2024-02-23 23:59:47'),('1869362c-b08b-4d63-b065-11f825629279','86da9107-adb9-4a3b-bc71-f18710d66918','35747793-cf20-11ee-b21b-0200fd8284f8','5937b7a1-48d2-4928-af03-e99851efd7fc',1860.00000,1,'2024-07-27',1,'A','2024-07-25 18:44:01','2024-07-25 18:44:52'),('192a4dda-8734-42dc-bcb3-22deab4385fb','86da9107-adb9-4a3b-bc71-f18710d66918','35747793-cf20-11ee-b21b-0200fd8284f8','79fda09f-169d-4879-b8e8-1c27d3d5c5ce',5871.50000,1,'2024-08-07',1,'A','2024-08-07 20:43:06','2024-08-07 20:43:32'),('1c1b6e96-2ee0-458f-96a2-eaf62f3b1edd','c577e6b9-a8fa-4636-ba3f-593f1191dc14','a444c790-c224-11ee-84c1-0200fd8284f8','36abfb1b-c681-49e0-a5b8-68a56b74fdd0',1138.15000,1,'2024-03-21',0,'A','2024-02-29 19:38:33','2024-02-29 19:38:33'),('1d49954c-3c20-4eb6-b3bc-7b688371f93c','86da9107-adb9-4a3b-bc71-f18710d66918','35747793-cf20-11ee-b21b-0200fd8284f8','99f3a82c-b96d-431d-bfbf-775024893afb',586.64000,1,'2024-08-10',0,'A','2024-08-01 16:14:55','2024-08-01 16:14:55'),('1ee7ceec-59f0-4e31-9af2-ee593712b23a','86da9107-adb9-4a3b-bc71-f18710d66918','a444c790-c224-11ee-84c1-0200fd8284f8','07233f5d-0d4a-4ea1-bc44-505ce742a51c',1726.60000,1,'2024-07-24',1,'A','2024-07-10 19:56:09','2024-08-15 20:49:52'),('1ef2c733-db6e-4b95-9028-9fc6c1c64318','86da9107-adb9-4a3b-bc71-f18710d66918','a444c790-c224-11ee-84c1-0200fd8284f8','ab4be6b5-3c37-4382-a367-60de087956f8',733.63000,1,'2024-05-02',1,'A','2024-04-04 21:03:25','2024-06-13 21:38:38'),('1f912923-c304-43db-9ed6-5cd83d3617fa','86da9107-adb9-4a3b-bc71-f18710d66918','a444c790-c224-11ee-84c1-0200fd8284f8','8ce0d317-3266-4805-94e3-5251694cfdbb',2342.47000,1,'2024-07-01',1,'A','2024-04-16 19:57:12','2024-07-25 16:53:10'),('1fe8b035-d70b-4877-8643-629f25e706c6','86da9107-adb9-4a3b-bc71-f18710d66918','a444c790-c224-11ee-84c1-0200fd8284f8','3f72dd61-57b0-4b12-9f9e-d2eddd042ccd',628.60000,1,'2024-06-03',0,'A','2024-04-30 21:03:48','2024-04-30 21:03:48'),('237b6b13-de1b-4adb-9ca2-a463b0afaf1f','86da9107-adb9-4a3b-bc71-f18710d66918','35747793-cf20-11ee-b21b-0200fd8284f8','d3090527-4948-4f03-b88c-31c558fe0302',843.54000,1,'2024-08-15',0,'A','2024-08-01 16:23:59','2024-08-01 16:23:59'),('2434b9cc-317b-467a-9246-e201c497df80','86da9107-adb9-4a3b-bc71-f18710d66918','a444c790-c224-11ee-84c1-0200fd8284f8','8c1f3c1b-18fd-467f-aa2f-1fb52aaab112',147.00000,1,'2024-03-20',1,'A','2024-04-11 21:19:02','2024-04-11 21:19:34'),('261217c8-7c4d-46e8-850e-656a129c0dfb','86da9107-adb9-4a3b-bc71-f18710d66918','35747793-cf20-11ee-b21b-0200fd8284f8','dde50a9d-4d2c-42eb-98aa-d9564a4711dc',1503.88000,1,'2024-05-20',1,'A','2024-05-13 20:41:35','2024-08-05 20:23:22'),('270f9e92-4725-44aa-bdf7-fa8c0dfc295e','86da9107-adb9-4a3b-bc71-f18710d66918','35747793-cf20-11ee-b21b-0200fd8284f8','c5bae583-19d2-46fb-b782-5c961a2bb04e',779.64000,1,'2024-06-25',1,'A','2024-06-25 20:04:05','2024-06-25 20:06:11'),('273c3b2a-8fc3-4bbb-9d2f-6dfdeeb20911','86da9107-adb9-4a3b-bc71-f18710d66918','35747793-cf20-11ee-b21b-0200fd8284f8','d3117997-a468-4884-9126-86c9ddb5b83a',430.00000,1,'2024-07-15',0,'A','2024-07-08 20:37:19','2024-07-08 20:37:19'),('2a2c3c43-a80c-4a22-93e4-e31e672c9248','c577e6b9-a8fa-4636-ba3f-593f1191dc14','a444c790-c224-11ee-84c1-0200fd8284f8','36abfb1b-c681-49e0-a5b8-68a56b74fdd0',1138.15000,1,'2024-03-28',0,'A','2024-02-29 19:38:33','2024-02-29 19:38:33'),('2d4e0d74-657d-4a87-a086-d18b8bde8b11','c577e6b9-a8fa-4636-ba3f-593f1191dc14','a444c790-c224-11ee-84c1-0200fd8284f8','36abfb1b-c681-49e0-a5b8-68a56b74fdd0',1138.15000,1,'2024-03-14',0,'A','2024-02-29 19:38:33','2024-02-29 19:38:33'),('2d7d2fd9-904d-4326-8609-90e21cf42286','86da9107-adb9-4a3b-bc71-f18710d66918','a444c790-c224-11ee-84c1-0200fd8284f8','0e9c721e-ca91-479f-8c5d-e913648529ef',1097.31000,1,'2024-06-20',1,'A','2024-05-24 19:17:43','2024-07-18 21:49:03'),('2ddf6f7b-8941-4a31-a4b2-4b65121ebde9','86da9107-adb9-4a3b-bc71-f18710d66918','a444c790-c224-11ee-84c1-0200fd8284f8','8ce0d317-3266-4805-94e3-5251694cfdbb',2342.47000,1,'2024-04-15',1,'A','2024-04-16 19:57:12','2024-07-18 21:30:56'),('2e8258a3-1fad-4db0-bfe6-8ee2d4e69c4b','86da9107-adb9-4a3b-bc71-f18710d66918','35747793-cf20-11ee-b21b-0200fd8284f8','5937b7a1-48d2-4928-af03-e99851efd7fc',1860.00000,1,'2024-07-20',1,'A','2024-07-25 18:44:01','2024-07-25 18:45:07'),('2f1f0260-68f2-4d8b-964f-c25966da72c4','77ce28f7-8cba-4c20-aa61-e88eade33a9e','a444c790-c224-11ee-84c1-0200fd8284f8','c0cecc11-079f-4d65-accb-2057219b42ed',20000.00000,1,'2024-04-18',0,'A','2024-02-19 23:31:24','2024-02-19 23:31:24'),('30ae4981-e341-42ea-b49c-e37ad4efc701','86da9107-adb9-4a3b-bc71-f18710d66918','a444c790-c224-11ee-84c1-0200fd8284f8','f4970b0c-d183-40b5-a66a-ba2f5d3b4324',848.64000,1,'2024-04-11',1,'A','2024-04-04 21:01:13','2024-05-23 19:55:30'),('32800fa2-9cd6-4c9b-9400-5394258fdce7','c577e6b9-a8fa-4636-ba3f-593f1191dc14','a444c790-c224-11ee-84c1-0200fd8284f8','36abfb1b-c681-49e0-a5b8-68a56b74fdd0',1138.15000,1,'2024-03-07',0,'A','2024-02-29 19:38:33','2024-02-29 19:38:33'),('341e368c-0fa9-4992-b98d-88c0c742cd6a','86da9107-adb9-4a3b-bc71-f18710d66918','a444c790-c224-11ee-84c1-0200fd8284f8','8ce0d317-3266-4805-94e3-5251694cfdbb',2342.47000,1,'2024-05-06',1,'A','2024-04-16 19:57:12','2024-07-18 21:32:49'),('36d5a991-e9f6-49cd-9547-4bb8181ac6a5','86da9107-adb9-4a3b-bc71-f18710d66918','35747793-cf20-11ee-b21b-0200fd8284f8','9cd9c415-289d-491c-9cbb-d38dd7b2a1e4',642.33000,1,'2024-06-27',1,'A','2024-06-13 17:18:18','2024-06-19 19:59:09'),('377fa7b8-31a7-4768-813b-6ac9fb9ece96','86da9107-adb9-4a3b-bc71-f18710d66918','35747793-cf20-11ee-b21b-0200fd8284f8','b5abf057-d68b-4355-ae3e-6edbbbb6930c',671.35000,1,'2024-05-13',1,'A','2024-05-13 20:32:41','2024-06-10 21:31:01'),('3807c8df-bacd-45e0-b712-9e3a6121b798','86da9107-adb9-4a3b-bc71-f18710d66918','a444c790-c224-11ee-84c1-0200fd8284f8','8ce0d317-3266-4805-94e3-5251694cfdbb',2342.47000,1,'2024-05-13',1,'A','2024-04-16 19:57:12','2024-07-18 21:33:14'),('39e0d6e8-8514-4fc3-af35-4782b3025637','c577e6b9-a8fa-4636-ba3f-593f1191dc14','a444c790-c224-11ee-84c1-0200fd8284f8','a6b6537a-9e6b-4b61-83f2-3ac565db4893',618.75000,1,'2024-03-14',1,'A','2024-02-29 20:48:06','2024-03-14 21:29:51'),('3b7981b4-20f2-4c80-8f3e-d347d595a72a','86da9107-adb9-4a3b-bc71-f18710d66918','35747793-cf20-11ee-b21b-0200fd8284f8','123725ae-8d21-459f-9510-bd5507ff611d',312.50000,1,'2024-08-23',1,'A','2024-08-02 21:28:14','2024-08-09 19:16:03'),('3c07ab1e-cb01-4760-bb44-51de48ecdb4a','c577e6b9-a8fa-4636-ba3f-593f1191dc14','a444c790-c224-11ee-84c1-0200fd8284f8','784b9d67-6e8e-421e-b449-6e039033f88e',301.75000,1,'2024-04-01',1,'A','2024-03-13 20:24:20','2024-03-25 19:31:41'),('3c0ca83d-4a24-467e-8620-3b3cc6f9aa8a','86da9107-adb9-4a3b-bc71-f18710d66918','a444c790-c224-11ee-84c1-0200fd8284f8','a6b6537a-9e6b-4b61-83f2-3ac565db4893',618.75000,1,'2024-03-21',1,'A','2024-02-29 20:48:06','2024-03-21 19:54:59'),('3cac110c-f280-42dd-900e-7a7fba106399','86da9107-adb9-4a3b-bc71-f18710d66918','a444c790-c224-11ee-84c1-0200fd8284f8','17e7de1d-10f7-4543-8d9e-ea781e438ffb',279.00000,1,'2024-03-29',1,'A','2024-03-20 19:10:50','2024-04-11 21:17:06'),('3d51f600-9c85-4431-a253-9eb6a09be1ca','c577e6b9-a8fa-4636-ba3f-593f1191dc14','a444c790-c224-11ee-84c1-0200fd8284f8','36abfb1b-c681-49e0-a5b8-68a56b74fdd0',1138.15000,1,'2024-02-29',0,'A','2024-02-29 19:38:33','2024-02-29 19:38:33'),('3de6e7d4-5b13-47d1-a5a8-535cb6240109','86da9107-adb9-4a3b-bc71-f18710d66918','35747793-cf20-11ee-b21b-0200fd8284f8','afcca419-a54d-44ba-a27a-f7093947af11',727.88000,1,'2024-07-15',1,'A','2024-07-04 11:30:18','2024-08-02 21:16:46'),('40701092-d1ac-4102-a64b-1444c62806cb','86da9107-adb9-4a3b-bc71-f18710d66918','35747793-cf20-11ee-b21b-0200fd8284f8','c5bae583-19d2-46fb-b782-5c961a2bb04e',779.64000,1,'2024-07-09',1,'A','2024-06-25 20:04:05','2024-07-17 21:39:58'),('42b63cd8-c7ac-4ab0-8ff3-3dabea8378a3','c577e6b9-a8fa-4636-ba3f-593f1191dc14','a444c790-c224-11ee-84c1-0200fd8284f8','238742bf-2931-418f-a263-292d52daa7b7',618.75000,1,'2024-03-14',0,'A','2024-02-29 19:54:44','2024-02-29 19:54:44'),('467f7057-d1d4-460d-8950-c603ddec1b15','86da9107-adb9-4a3b-bc71-f18710d66918','35747793-cf20-11ee-b21b-0200fd8284f8','b4b68ce6-ddba-4e49-9615-a500eb84692b',602.50000,1,'2024-07-01',1,'A','2024-06-24 20:37:26','2024-07-01 20:56:58'),('487f9517-a9fe-4c47-b26e-56dc8984514d','86da9107-adb9-4a3b-bc71-f18710d66918','a444c790-c224-11ee-84c1-0200fd8284f8','07233f5d-0d4a-4ea1-bc44-505ce742a51c',1726.60000,1,'2024-07-10',1,'A','2024-07-10 19:56:09','2024-07-10 19:56:37'),('4a168496-433a-47f4-8a7e-fc02ff766b5a','c577e6b9-a8fa-4636-ba3f-593f1191dc14','a444c790-c224-11ee-84c1-0200fd8284f8','784b9d67-6e8e-421e-b449-6e039033f88e',301.75000,1,'2024-04-08',1,'A','2024-03-13 20:24:20','2024-03-25 19:34:31'),('4ab19aa8-9e75-4c00-9e3c-dc3f8af5df66','c577e6b9-a8fa-4636-ba3f-593f1191dc14','a444c790-c224-11ee-84c1-0200fd8284f8','09eb121a-63a3-4fe9-a435-c5039109499e',2050.73000,1,'2024-04-04',0,'A','2024-03-08 21:17:28','2024-03-08 21:17:28'),('4ab2e85c-5e6b-4c0f-bb20-f3cccf6f81d7','86da9107-adb9-4a3b-bc71-f18710d66918','35747793-cf20-11ee-b21b-0200fd8284f8','ab23e8be-e6c6-4377-9e54-483617726b55',7645.00000,1,'2024-07-06',1,'A','2024-07-06 19:42:10','2024-07-06 19:42:34'),('4b39b5b0-4bc8-4a65-b65a-6b76986ee94a','86da9107-adb9-4a3b-bc71-f18710d66918','35747793-cf20-11ee-b21b-0200fd8284f8','1f18338b-3359-49ef-ba07-0b344cbf8dd5',963.50000,1,'2024-06-13',1,'A','2024-06-19 20:01:57','2024-06-19 20:02:57'),('4bcc7386-39cd-498e-9b00-3a98f621ef80','86da9107-adb9-4a3b-bc71-f18710d66918','35747793-cf20-11ee-b21b-0200fd8284f8','c5bae583-19d2-46fb-b782-5c961a2bb04e',779.64000,1,'2024-07-02',1,'A','2024-06-25 20:04:05','2024-07-24 16:05:32'),('4df77cf1-9027-4d73-9a08-740320a120c0','86da9107-adb9-4a3b-bc71-f18710d66918','35747793-cf20-11ee-b21b-0200fd8284f8','c5bae583-19d2-46fb-b782-5c961a2bb04e',779.64000,1,'2024-07-16',1,'A','2024-06-25 20:04:05','2024-07-24 16:01:39'),('4fbc37ff-84ba-4586-a7c1-f8af9d579960','86da9107-adb9-4a3b-bc71-f18710d66918','35747793-cf20-11ee-b21b-0200fd8284f8','a1fd1227-6001-4139-b8d0-b415228bdbe3',3610.00000,1,'2024-06-26',1,'A','2024-06-26 20:04:02','2024-06-26 20:04:37'),('527d5a1d-e82d-49b1-b047-5125b0aeb2d3','86da9107-adb9-4a3b-bc71-f18710d66918','a444c790-c224-11ee-84c1-0200fd8284f8','8ce0d317-3266-4805-94e3-5251694cfdbb',2342.47000,1,'2024-05-27',1,'A','2024-04-16 19:57:12','2024-06-07 20:36:28'),('537d9248-f099-46b9-bccb-266f2c8884f5','86da9107-adb9-4a3b-bc71-f18710d66918','35747793-cf20-11ee-b21b-0200fd8284f8','c38221ff-e0e1-41b2-83e6-302076e480ba',469.70000,1,'2024-07-08',1,'A','2024-05-13 20:38:50','2024-06-24 20:40:36'),('56cb9fe8-dde3-4bfa-ae5e-233756ab34f9','86da9107-adb9-4a3b-bc71-f18710d66918','a444c790-c224-11ee-84c1-0200fd8284f8','0e9c721e-ca91-479f-8c5d-e913648529ef',1097.31000,1,'2024-06-27',1,'A','2024-05-24 19:17:43','2024-07-18 21:48:41'),('57c66441-35a4-43f2-a01e-59e5ff1a1775','86da9107-adb9-4a3b-bc71-f18710d66918','35747793-cf20-11ee-b21b-0200fd8284f8','d051dfef-4ce1-42de-8766-61d7593686fc',3931.38000,1,'2024-05-29',0,'A','2024-05-22 17:01:23','2024-05-22 17:01:23'),('57f5d8ea-b107-4513-823b-cb2874c87434','86da9107-adb9-4a3b-bc71-f18710d66918','a444c790-c224-11ee-84c1-0200fd8284f8','799f0fb9-ce17-4fb3-9686-57f1dc831328',654.00000,1,'2024-04-18',0,'A','2024-04-11 21:24:43','2024-04-11 21:24:43'),('58e2a7a3-e1ef-49a8-9d0c-af98f367bfe3','86da9107-adb9-4a3b-bc71-f18710d66918','a444c790-c224-11ee-84c1-0200fd8284f8','bfadc292-e0ea-4348-be7c-8b29f56071b3',943.33000,1,'2024-05-23',0,'A','2024-04-11 21:27:04','2024-04-11 21:27:04'),('595de009-b02f-4f8a-a76b-767445f6cb5e','86da9107-adb9-4a3b-bc71-f18710d66918','a444c790-c224-11ee-84c1-0200fd8284f8','8ce0d317-3266-4805-94e3-5251694cfdbb',2342.47000,1,'2024-04-29',1,'A','2024-04-16 19:57:12','2024-07-18 21:32:05'),('5c122ea5-1126-4d2f-afc6-2fc22fff03c5','86da9107-adb9-4a3b-bc71-f18710d66918','35747793-cf20-11ee-b21b-0200fd8284f8','123725ae-8d21-459f-9510-bd5507ff611d',312.50000,1,'2024-08-02',1,'A','2024-08-02 21:28:14','2024-08-02 21:29:05'),('5d21936a-05af-4a39-9966-0bd19c80cc32','c577e6b9-a8fa-4636-ba3f-593f1191dc14','a444c790-c224-11ee-84c1-0200fd8284f8','d30624c8-12ae-453b-839c-b4e965c9145a',2.00000,1,'2024-04-04',0,'A','2024-03-08 21:16:13','2024-03-08 21:16:13'),('5e1ef8f8-b9aa-465c-b96f-7e02fe58b643','86da9107-adb9-4a3b-bc71-f18710d66918','a444c790-c224-11ee-84c1-0200fd8284f8','b5c70662-5f3b-446b-b715-fd4eaaac5ce9',726.67000,1,'2024-04-08',1,'A','2024-03-26 21:00:34','2024-04-30 20:57:43'),('6275ed10-eb10-46da-8fcc-1c793652457e','86da9107-adb9-4a3b-bc71-f18710d66918','a444c790-c224-11ee-84c1-0200fd8284f8','09eb121a-63a3-4fe9-a435-c5039109499e',2050.73000,1,'2024-03-14',1,'A','2024-03-08 21:17:28','2024-04-25 20:22:30'),('6466a5a6-18f0-4e19-b32c-b50466b098db','86da9107-adb9-4a3b-bc71-f18710d66918','a444c790-c224-11ee-84c1-0200fd8284f8','3f65e5b1-975f-4b7a-979c-bff5ac2c1311',119.57000,1,'2024-05-07',1,'A','2024-05-03 11:43:35','2024-05-15 19:48:25'),('657e2a89-41f3-48b5-be25-6d37676deb96','86da9107-adb9-4a3b-bc71-f18710d66918','a444c790-c224-11ee-84c1-0200fd8284f8','3f72dd61-57b0-4b12-9f9e-d2eddd042ccd',628.60000,1,'2024-05-20',1,'A','2024-04-30 21:03:48','2024-06-17 20:29:04'),('674c1222-1504-4e86-b34d-71507e894360','86da9107-adb9-4a3b-bc71-f18710d66918','35747793-cf20-11ee-b21b-0200fd8284f8','be30ecd4-6b43-4f73-88bb-cd0bf2d07d5e',2358.50000,1,'2024-07-05',1,'A','2024-06-07 20:26:04','2024-08-05 20:24:53'),('68ea7daa-ae42-4ea8-9812-50e36959df02','86da9107-adb9-4a3b-bc71-f18710d66918','35747793-cf20-11ee-b21b-0200fd8284f8','b3749c93-5b5f-4fb1-8911-70e74c5fb74e',2651.94000,1,'2024-06-04',1,'A','2024-05-24 17:05:10','2024-07-03 20:21:02'),('6ac2a000-2877-4488-ad09-52ca84f49381','86da9107-adb9-4a3b-bc71-f18710d66918','35747793-cf20-11ee-b21b-0200fd8284f8','d3090527-4948-4f03-b88c-31c558fe0302',843.54000,1,'2024-08-22',1,'A','2024-08-01 16:23:59','2024-08-15 20:36:16'),('6bc59990-e6ed-4ffb-985d-8b00d6bb72f0','86da9107-adb9-4a3b-bc71-f18710d66918','35747793-cf20-11ee-b21b-0200fd8284f8','db8cad1c-ac2f-4d1f-a4e7-d3bbd4d67b0c',905.32000,1,'2024-07-23',1,'A','2024-07-19 20:24:39','2024-07-23 16:28:56'),('6caaa6e9-9199-4793-88a1-0fa17de5e96d','86da9107-adb9-4a3b-bc71-f18710d66918','a444c790-c224-11ee-84c1-0200fd8284f8','e8e7d541-68fd-4749-a30d-922b95961707',9937.00000,1,'2024-05-30',0,'A','2024-04-30 21:33:38','2024-04-30 21:33:38'),('6db51e1b-7f60-403e-9aca-193843d465d8','86da9107-adb9-4a3b-bc71-f18710d66918','a444c790-c224-11ee-84c1-0200fd8284f8','0e9c721e-ca91-479f-8c5d-e913648529ef',1097.31000,1,'2024-06-06',1,'A','2024-05-24 19:17:43','2024-07-18 21:49:57'),('6e03cad7-f325-44d7-b008-76682097e415','86da9107-adb9-4a3b-bc71-f18710d66918','35747793-cf20-11ee-b21b-0200fd8284f8','99f3a82c-b96d-431d-bfbf-775024893afb',586.64000,1,'2024-08-31',0,'A','2024-08-01 16:14:55','2024-08-01 16:14:55'),('6f84f3e9-fb1e-42ca-be1e-2b6de899c1af','86da9107-adb9-4a3b-bc71-f18710d66918','a444c790-c224-11ee-84c1-0200fd8284f8','ab4be6b5-3c37-4382-a367-60de087956f8',733.63000,1,'2024-04-25',1,'A','2024-04-04 21:03:25','2024-06-13 21:38:09'),('71861781-9732-45f0-96db-32b40ba77118','86da9107-adb9-4a3b-bc71-f18710d66918','35747793-cf20-11ee-b21b-0200fd8284f8','25458742-48ee-458e-bd4d-081db28df65f',3932.26000,1,'2024-07-23',0,'A','2024-07-23 16:11:21','2024-07-23 16:11:21'),('722ea638-41ea-4cfd-919d-10552925af46','86da9107-adb9-4a3b-bc71-f18710d66918','a444c790-c224-11ee-84c1-0200fd8284f8','b5c70662-5f3b-446b-b715-fd4eaaac5ce9',726.67000,1,'2024-04-15',1,'A','2024-03-26 21:00:34','2024-04-30 20:58:26'),('7246d942-81b0-4cc7-89a8-a93af73275c8','86da9107-adb9-4a3b-bc71-f18710d66918','a444c790-c224-11ee-84c1-0200fd8284f8','8ce0d317-3266-4805-94e3-5251694cfdbb',2342.47000,1,'2024-04-22',1,'A','2024-04-16 19:57:12','2024-07-18 21:31:28'),('72c5c761-deea-4062-8d54-e8752086579d','86da9107-adb9-4a3b-bc71-f18710d66918','35747793-cf20-11ee-b21b-0200fd8284f8','99f3a82c-b96d-431d-bfbf-775024893afb',586.64000,1,'2024-08-17',0,'A','2024-08-01 16:14:55','2024-08-01 16:14:55'),('74a0e496-e6f6-4812-919b-3a360cd5f2ac','86da9107-adb9-4a3b-bc71-f18710d66918','35747793-cf20-11ee-b21b-0200fd8284f8','22caa680-53f7-4423-9069-b0e791db5fb9',1201.60000,1,'2024-08-01',0,'A','2024-07-11 13:34:15','2024-07-11 13:34:15'),('75767abd-c25b-4fd3-9193-2fb0560b73fe','86da9107-adb9-4a3b-bc71-f18710d66918','35747793-cf20-11ee-b21b-0200fd8284f8','bdfd864d-7c65-4895-b97f-dd3c8cd04fb7',645.00000,1,'2024-06-10',1,'A','2024-05-24 17:08:04','2024-06-28 19:23:45'),('75786dd9-2acb-4d04-ace9-3d3d7b22b724','86da9107-adb9-4a3b-bc71-f18710d66918','a444c790-c224-11ee-84c1-0200fd8284f8','f914b3aa-7f02-4bdd-87b2-125177bac648',3191.00000,1,'2024-04-18',1,'A','2024-04-04 21:06:07','2024-05-02 20:27:32'),('75c31a26-15db-4aed-9a48-096b1b0ef202','86da9107-adb9-4a3b-bc71-f18710d66918','a444c790-c224-11ee-84c1-0200fd8284f8','cf011f3e-061c-4a83-b2f1-43a816fb83a3',135.00000,1,'2024-04-11',0,'A','2024-04-11 21:21:24','2024-04-11 21:21:24'),('766765f2-f0dc-4501-890f-572d1f106e93','c577e6b9-a8fa-4636-ba3f-593f1191dc14','a444c790-c224-11ee-84c1-0200fd8284f8','784b9d67-6e8e-421e-b449-6e039033f88e',301.75000,1,'2024-03-18',1,'A','2024-03-13 20:24:20','2024-03-18 21:29:38'),('7827ab84-fd28-4825-b422-46c60b2e9501','86da9107-adb9-4a3b-bc71-f18710d66918','35747793-cf20-11ee-b21b-0200fd8284f8','22caa680-53f7-4423-9069-b0e791db5fb9',1201.60000,1,'2024-07-25',0,'A','2024-07-11 13:34:15','2024-07-11 13:34:15'),('799f4b1f-8f6f-491a-98a1-b9226457b501','86da9107-adb9-4a3b-bc71-f18710d66918','a444c790-c224-11ee-84c1-0200fd8284f8','ab4be6b5-3c37-4382-a367-60de087956f8',733.63000,1,'2024-05-09',1,'A','2024-04-04 21:03:25','2024-06-13 21:39:05'),('79bcc5a8-602e-40dc-8ab9-988e560a5c37','86da9107-adb9-4a3b-bc71-f18710d66918','a444c790-c224-11ee-84c1-0200fd8284f8','8ce0d317-3266-4805-94e3-5251694cfdbb',2342.47000,1,'2024-05-20',1,'A','2024-04-16 19:57:12','2024-07-25 16:50:47'),('7b9a4a2b-323a-4a3d-bd12-5f9ce9f82bf3','86da9107-adb9-4a3b-bc71-f18710d66918','35747793-cf20-11ee-b21b-0200fd8284f8','d3090527-4948-4f03-b88c-31c558fe0302',843.54000,1,'2024-08-29',0,'A','2024-08-01 16:23:59','2024-08-01 16:23:59'),('7c99ece1-291c-4448-9f64-eb4a7d0b07d0','86da9107-adb9-4a3b-bc71-f18710d66918','a444c790-c224-11ee-84c1-0200fd8284f8','3f72dd61-57b0-4b12-9f9e-d2eddd042ccd',628.60000,1,'2024-05-06',1,'A','2024-04-30 21:03:48','2024-06-17 20:28:06'),('7eee64af-6bcc-4a16-a609-a076f80af951','86da9107-adb9-4a3b-bc71-f18710d66918','a444c790-c224-11ee-84c1-0200fd8284f8','0e9c721e-ca91-479f-8c5d-e913648529ef',1097.31000,1,'2024-06-13',1,'A','2024-05-24 19:17:43','2024-07-18 21:49:35'),('7f933e87-6ce1-40da-afce-b9fb16653a8b','86da9107-adb9-4a3b-bc71-f18710d66918','35747793-cf20-11ee-b21b-0200fd8284f8','98daccde-abf0-4636-9c06-06dc75606b60',405.55000,1,'2024-05-31',1,'A','2024-05-31 20:37:25','2024-05-31 20:37:51'),('81afa62c-57aa-48fc-a1a0-8764ad9e35a7','86da9107-adb9-4a3b-bc71-f18710d66918','a444c790-c224-11ee-84c1-0200fd8284f8','e38507ce-3211-40b1-869f-4e4d9ab411a0',459.00000,1,'2024-05-20',1,'A','2024-05-06 20:39:26','2024-05-20 20:51:12'),('83026d90-0bc4-48f1-bad2-27252438d95c','86da9107-adb9-4a3b-bc71-f18710d66918','35747793-cf20-11ee-b21b-0200fd8284f8','b5abf057-d68b-4355-ae3e-6edbbbb6930c',671.35000,1,'2024-05-27',1,'A','2024-05-13 20:32:41','2024-06-10 21:30:16'),('843bcc4f-fecc-4beb-a27a-0e2be5d62d3c','c577e6b9-a8fa-4636-ba3f-593f1191dc14','a444c790-c224-11ee-84c1-0200fd8284f8','d30624c8-12ae-453b-839c-b4e965c9145a',2.00000,1,'2024-03-28',0,'A','2024-03-08 21:16:13','2024-03-08 21:16:13'),('84527622-d08d-46ff-a4dc-7852c2e206f1','86da9107-adb9-4a3b-bc71-f18710d66918','35747793-cf20-11ee-b21b-0200fd8284f8','be30ecd4-6b43-4f73-88bb-cd0bf2d07d5e',2358.50000,1,'2024-06-21',1,'A','2024-06-07 20:26:04','2024-08-03 20:12:43'),('85c8775d-a4ca-42af-9f3d-445c4a3ad7e5','86da9107-adb9-4a3b-bc71-f18710d66918','35747793-cf20-11ee-b21b-0200fd8284f8','a0be15a8-803c-4b01-9c6a-c6bb6561f8a6',653.00000,1,'2024-05-20',1,'A','2024-05-17 20:36:21','2024-05-21 20:43:40'),('85e3a789-9ba3-4c80-b655-e20814a3c2c6','86da9107-adb9-4a3b-bc71-f18710d66918','35747793-cf20-11ee-b21b-0200fd8284f8','5701dc20-fa03-4221-95c1-0aa1d6a6894d',1479.00000,1,'2024-05-18',1,'A','2024-05-17 20:35:08','2024-05-20 21:02:44'),('87e042b0-df25-488e-b33a-281f548166fa','86da9107-adb9-4a3b-bc71-f18710d66918','35747793-cf20-11ee-b21b-0200fd8284f8','afcca419-a54d-44ba-a27a-f7093947af11',727.88000,1,'2024-07-08',1,'A','2024-07-04 11:30:18','2024-08-02 21:15:52'),('8818655f-507f-4f8c-a8e1-fd72c8779f82','86da9107-adb9-4a3b-bc71-f18710d66918','a444c790-c224-11ee-84c1-0200fd8284f8','f4970b0c-d183-40b5-a66a-ba2f5d3b4324',848.64000,1,'2024-04-18',1,'A','2024-04-04 21:01:13','2024-05-31 21:01:19'),('88616e39-dba2-4f1f-b07e-10047af3e73d','c577e6b9-a8fa-4636-ba3f-593f1191dc14','a444c790-c224-11ee-84c1-0200fd8284f8','238742bf-2931-418f-a263-292d52daa7b7',618.75000,1,'2024-02-29',1,'A','2024-02-29 19:54:44','2024-02-29 20:35:17'),('89b613f7-09b7-4cd1-ae23-08c6b2440266','86da9107-adb9-4a3b-bc71-f18710d66918','a444c790-c224-11ee-84c1-0200fd8284f8','aebcc036-d34b-44e1-84cb-f9bb3f710152',943.33000,1,'2024-05-13',0,'A','2024-04-11 21:30:18','2024-04-11 21:30:18'),('8acd3181-3abd-4f70-b5ca-db1bb418d633','86da9107-adb9-4a3b-bc71-f18710d66918','a444c790-c224-11ee-84c1-0200fd8284f8','09eb121a-63a3-4fe9-a435-c5039109499e',2050.73000,1,'2024-03-28',1,'A','2024-03-08 21:17:28','2024-04-25 20:23:19'),('8adf8e68-81e9-4083-8ef0-28b2b774ffca','c577e6b9-a8fa-4636-ba3f-593f1191dc14','a444c790-c224-11ee-84c1-0200fd8284f8','e587c291-78a0-4495-8578-bb489e26de20',725.50000,1,'2024-03-13',1,'A','2024-03-06 19:34:15','2024-03-27 22:40:54'),('8b46b32d-cce2-4d5f-aa3e-08a90da8f708','86da9107-adb9-4a3b-bc71-f18710d66918','35747793-cf20-11ee-b21b-0200fd8284f8','c38221ff-e0e1-41b2-83e6-302076e480ba',469.70000,1,'2024-07-01',1,'A','2024-05-13 20:38:50','2024-07-01 20:56:03'),('8e2fe6fa-b20b-45f4-99d3-ee1840bdcb3c','86da9107-adb9-4a3b-bc71-f18710d66918','35747793-cf20-11ee-b21b-0200fd8284f8','22caa680-53f7-4423-9069-b0e791db5fb9',1201.60000,1,'2024-08-08',0,'A','2024-07-11 13:34:15','2024-07-11 13:34:15'),('8e78da4a-82d8-4bca-979b-6657c559b7e1','86da9107-adb9-4a3b-bc71-f18710d66918','a444c790-c224-11ee-84c1-0200fd8284f8','aebcc036-d34b-44e1-84cb-f9bb3f710152',943.33000,1,'2024-05-20',0,'A','2024-04-11 21:30:18','2024-04-11 21:30:18'),('942c2e81-16d5-4907-8aeb-059f9541b29f','c577e6b9-a8fa-4636-ba3f-593f1191dc14','a444c790-c224-11ee-84c1-0200fd8284f8','a9bd69eb-5318-4996-9490-6e2805f741a3',885.00000,1,'2024-03-11',1,'A','2024-03-05 14:27:09','2024-03-20 19:14:52'),('97eb71c6-322a-48b8-8a7e-40b1e268c9af','86da9107-adb9-4a3b-bc71-f18710d66918','35747793-cf20-11ee-b21b-0200fd8284f8','b5abf057-d68b-4355-ae3e-6edbbbb6930c',671.35000,1,'2024-06-03',1,'A','2024-05-13 20:32:41','2024-06-10 21:29:55'),('98515b52-ca15-457b-8761-138689127f83','86da9107-adb9-4a3b-bc71-f18710d66918','35747793-cf20-11ee-b21b-0200fd8284f8','b3749c93-5b5f-4fb1-8911-70e74c5fb74e',2651.94000,1,'2024-06-11',1,'A','2024-05-24 17:05:10','2024-07-06 19:38:59'),('98c4fcd7-a3cd-4065-8025-0aa8590be7f6','86da9107-adb9-4a3b-bc71-f18710d66918','a444c790-c224-11ee-84c1-0200fd8284f8','8ce0d317-3266-4805-94e3-5251694cfdbb',2342.47000,1,'2024-06-10',1,'A','2024-04-16 19:57:12','2024-07-25 16:51:50'),('a02c89e2-059e-4909-b8d3-fa67dc89f058','86da9107-adb9-4a3b-bc71-f18710d66918','a444c790-c224-11ee-84c1-0200fd8284f8','bfadc292-e0ea-4348-be7c-8b29f56071b3',943.33000,1,'2024-05-16',0,'A','2024-04-11 21:27:04','2024-04-11 21:27:04'),('a2499258-ea7f-4ee0-9607-914fc18ad591','c577e6b9-a8fa-4636-ba3f-593f1191dc14','a444c790-c224-11ee-84c1-0200fd8284f8','238742bf-2931-418f-a263-292d52daa7b7',618.75000,1,'2024-03-21',0,'A','2024-02-29 19:54:44','2024-02-29 19:54:44'),('a2aab2cf-eb9d-4f19-a257-595255e7a43d','86da9107-adb9-4a3b-bc71-f18710d66918','35747793-cf20-11ee-b21b-0200fd8284f8','b4b68ce6-ddba-4e49-9615-a500eb84692b',602.50000,1,'2024-06-24',1,'A','2024-06-24 20:37:26','2024-07-01 20:57:29'),('a430bbf0-0297-4ef2-828f-d0340b3d5ac5','86da9107-adb9-4a3b-bc71-f18710d66918','35747793-cf20-11ee-b21b-0200fd8284f8','d3117997-a468-4884-9126-86c9ddb5b83a',430.00000,1,'2024-07-08',0,'A','2024-07-08 20:37:19','2024-07-08 20:37:19'),('a98c49c0-bd33-4c54-bfdf-a60ae2a54663','c577e6b9-a8fa-4636-ba3f-593f1191dc14','a444c790-c224-11ee-84c1-0200fd8284f8','784b9d67-6e8e-421e-b449-6e039033f88e',301.75000,1,'2024-03-25',1,'A','2024-03-13 20:24:20','2024-03-25 19:30:02'),('ab3be2cd-2bd0-4dfd-bda3-5e3bb2adb2d6','86da9107-adb9-4a3b-bc71-f18710d66918','a444c790-c224-11ee-84c1-0200fd8284f8','5ddbc488-097a-4e34-aa5b-e02a9555da1a',738.00000,1,'2024-07-18',1,'A','2024-06-20 20:19:32','2024-07-31 21:57:49'),('ad05db2a-8e55-417c-8212-daac7bd3a7f0','86da9107-adb9-4a3b-bc71-f18710d66918','a444c790-c224-11ee-84c1-0200fd8284f8','07233f5d-0d4a-4ea1-bc44-505ce742a51c',1726.60000,1,'2024-08-07',1,'A','2024-07-10 19:56:09','2024-08-15 20:49:03'),('ae6135da-c746-4f6b-abe1-6eda23a4d823','86da9107-adb9-4a3b-bc71-f18710d66918','35747793-cf20-11ee-b21b-0200fd8284f8','9cd9c415-289d-491c-9cbb-d38dd7b2a1e4',642.33000,1,'2024-06-13',1,'A','2024-06-13 17:18:18','2024-06-13 17:18:38'),('af9bd5eb-69b4-4a7d-b7d7-559a7929b936','86da9107-adb9-4a3b-bc71-f18710d66918','35747793-cf20-11ee-b21b-0200fd8284f8','1f18338b-3359-49ef-ba07-0b344cbf8dd5',963.50000,1,'2024-06-20',1,'A','2024-06-19 20:01:57','2024-06-19 20:05:20'),('b075651f-fe58-4b04-8214-f305531ec8d7','c577e6b9-a8fa-4636-ba3f-593f1191dc14','a444c790-c224-11ee-84c1-0200fd8284f8','d30624c8-12ae-453b-839c-b4e965c9145a',2.00000,1,'2024-03-21',0,'A','2024-03-08 21:16:13','2024-03-08 21:16:13'),('b2a000be-4bac-46e1-aca2-96712656ab51','86da9107-adb9-4a3b-bc71-f18710d66918','a444c790-c224-11ee-84c1-0200fd8284f8','197c1bec-be9b-44b0-ba49-7a0987fe9802',4807.00000,1,'2024-03-02',1,'A','2024-03-02 21:55:37','2024-03-02 21:56:13'),('b4608208-5f24-41fb-8612-a6d7e8f7676c','86da9107-adb9-4a3b-bc71-f18710d66918','35747793-cf20-11ee-b21b-0200fd8284f8','47f474a7-ab6e-4ff3-9fe8-0f015ad8bfcb',473.50000,1,'2024-06-19',1,'A','2024-06-12 20:44:13','2024-06-20 20:07:01'),('b56441c7-5c91-4b13-bd81-91d841bea0fd','86da9107-adb9-4a3b-bc71-f18710d66918','35747793-cf20-11ee-b21b-0200fd8284f8','b5abf057-d68b-4355-ae3e-6edbbbb6930c',671.35000,1,'2024-06-10',1,'A','2024-05-13 20:32:41','2024-06-10 21:27:54'),('b5ae9a5c-3fd3-491d-b19e-85869f369965','86da9107-adb9-4a3b-bc71-f18710d66918','35747793-cf20-11ee-b21b-0200fd8284f8','bebc1c39-557f-4494-82cc-308cff0e22ed',5069.25000,1,'2024-08-22',0,'A','2024-08-08 22:02:50','2024-08-08 22:02:50'),('b7cdf03b-c362-4b61-bf90-a7cd6c0a83e8','86da9107-adb9-4a3b-bc71-f18710d66918','a444c790-c224-11ee-84c1-0200fd8284f8','0e9c721e-ca91-479f-8c5d-e913648529ef',1097.31000,1,'2024-07-04',1,'A','2024-05-24 19:17:43','2024-07-18 21:48:17'),('c0d31a5f-4429-4ab3-8c70-9cbd2dc5835f','86da9107-adb9-4a3b-bc71-f18710d66918','a444c790-c224-11ee-84c1-0200fd8284f8','07233f5d-0d4a-4ea1-bc44-505ce742a51c',1726.60000,1,'2024-07-31',1,'A','2024-07-10 19:56:09','2024-08-15 20:48:39'),('c260dcf0-6007-4f29-b97d-0729a71f9364','c577e6b9-a8fa-4636-ba3f-593f1191dc14','a444c790-c224-11ee-84c1-0200fd8284f8','e587c291-78a0-4495-8578-bb489e26de20',725.50000,1,'2024-03-06',1,'A','2024-03-06 19:34:15','2024-03-27 22:40:28'),('c3300bc7-5fa2-49a1-bd09-3d388bed2757','86da9107-adb9-4a3b-bc71-f18710d66918','35747793-cf20-11ee-b21b-0200fd8284f8','db8cad1c-ac2f-4d1f-a4e7-d3bbd4d67b0c',905.32000,1,'2024-08-06',1,'A','2024-07-19 20:24:39','2024-08-07 20:38:54'),('c3577c10-fc02-47a6-ad78-7163dbf9ab32','86da9107-adb9-4a3b-bc71-f18710d66918','35747793-cf20-11ee-b21b-0200fd8284f8','be30ecd4-6b43-4f73-88bb-cd0bf2d07d5e',2358.50000,1,'2024-06-14',1,'A','2024-06-07 20:26:04','2024-08-03 20:42:37'),('c4fd80f0-46f0-444f-99e0-248bf5614cbe','86da9107-adb9-4a3b-bc71-f18710d66918','a444c790-c224-11ee-84c1-0200fd8284f8','865b0d69-7c91-49ee-bdb2-96bd4b49ada3',135.00000,1,'2024-04-18',1,'A','2024-04-11 21:22:48','2024-04-18 21:26:15'),('c5d12ce7-33c6-4502-ad6e-6dcbc9214d95','86da9107-adb9-4a3b-bc71-f18710d66918','35747793-cf20-11ee-b21b-0200fd8284f8','9cd9c415-289d-491c-9cbb-d38dd7b2a1e4',642.33000,1,'2024-06-20',1,'A','2024-06-13 17:18:18','2024-06-19 19:58:39'),('c80b2906-99db-4cb4-b843-9da9b20c89a5','86da9107-adb9-4a3b-bc71-f18710d66918','a444c790-c224-11ee-84c1-0200fd8284f8','5ff9c10b-821c-4fa3-bc09-d918ccd01abc',487.73000,1,'2024-04-30',1,'A','2024-04-26 20:22:05','2024-04-30 20:52:42'),('c83cf598-e42d-4e6e-a4e4-b19eae7ad877','77ce28f7-8cba-4c20-aa61-e88eade33a9e','a444c790-c224-11ee-84c1-0200fd8284f8','64952bea-2c48-47ce-a3fc-448b4c9e8b78',9000.00000,1,'2024-02-23',1,'A','2024-02-23 23:51:55','2024-02-23 23:53:08'),('c8f39357-d1de-4cc0-9814-86b5d09081c0','86da9107-adb9-4a3b-bc71-f18710d66918','a444c790-c224-11ee-84c1-0200fd8284f8','8ce0d317-3266-4805-94e3-5251694cfdbb',2342.47000,1,'2024-06-24',1,'A','2024-04-16 19:57:12','2024-07-25 16:52:43'),('cb1be56f-3ea8-4eda-bd74-7335fed708c4','86da9107-adb9-4a3b-bc71-f18710d66918','35747793-cf20-11ee-b21b-0200fd8284f8','bebc1c39-557f-4494-82cc-308cff0e22ed',5069.25000,1,'2024-08-08',0,'A','2024-08-08 22:02:50','2024-08-08 22:02:50'),('cc5939c2-ded8-430c-ba45-b57aab07847e','86da9107-adb9-4a3b-bc71-f18710d66918','35747793-cf20-11ee-b21b-0200fd8284f8','f86e697d-a31b-4eb5-a090-84584c0ab84c',975.00000,1,'2024-06-15',1,'A','2024-06-15 21:12:14','2024-06-15 21:12:35'),('cefdb773-6770-49d1-b1ac-e5906f36597c','86da9107-adb9-4a3b-bc71-f18710d66918','a444c790-c224-11ee-84c1-0200fd8284f8','aebcc036-d34b-44e1-84cb-f9bb3f710152',943.33000,1,'2024-05-06',0,'A','2024-04-11 21:30:18','2024-04-11 21:30:18'),('cf3bb6a0-4f0f-4211-b8d7-b42bea88ff69','86da9107-adb9-4a3b-bc71-f18710d66918','35747793-cf20-11ee-b21b-0200fd8284f8','a1fd1227-6001-4139-b8d0-b415228bdbe3',3610.00000,1,'2024-07-06',1,'A','2024-06-26 20:04:02','2024-07-02 19:24:03'),('d2045b49-dee5-4923-91e7-2746211e8f02','19fb1f0a-6b2c-4e12-8be6-11fe55e8482c','a444c790-c224-11ee-84c1-0200fd8284f8','61127c0c-1c61-41fa-8d3f-583ae2b27998',10252.00000,1,'2024-04-03',1,'A','2024-03-08 21:14:14','2024-04-17 20:36:14'),('d433be6c-5485-4708-a9aa-9eb1aad1387e','77ce28f7-8cba-4c20-aa61-e88eade33a9e','a444c790-c224-11ee-84c1-0200fd8284f8','c0cecc11-079f-4d65-accb-2057219b42ed',20000.00000,1,'2024-03-19',1,'A','2024-02-19 23:31:24','2024-02-19 23:32:42'),('d5d44352-680f-4a8f-8c4b-df75c53a56ab','86da9107-adb9-4a3b-bc71-f18710d66918','35747793-cf20-11ee-b21b-0200fd8284f8','3144528f-a605-42dd-9a57-34df2680bde3',735.50000,1,'2024-07-15',1,'A','2024-07-15 17:48:04','2024-07-15 17:49:27'),('da93f894-5251-4fca-9267-99b558187939','86da9107-adb9-4a3b-bc71-f18710d66918','a444c790-c224-11ee-84c1-0200fd8284f8','e38507ce-3211-40b1-869f-4e4d9ab411a0',459.00000,1,'2024-05-06',1,'A','2024-05-06 20:39:26','2024-05-06 20:39:55'),('dc41206b-e2ae-46b6-911f-1f1d97e3a3ff','86da9107-adb9-4a3b-bc71-f18710d66918','35747793-cf20-11ee-b21b-0200fd8284f8','3144528f-a605-42dd-9a57-34df2680bde3',735.50000,1,'2024-07-22',1,'A','2024-07-15 17:48:04','2024-07-22 20:45:12'),('dfa93b31-99d5-4515-be48-9f744e3f60a8','86da9107-adb9-4a3b-bc71-f18710d66918','35747793-cf20-11ee-b21b-0200fd8284f8','fc7b68c4-c76f-452e-b6d2-84176ba11dca',833.00000,1,'2024-06-17',0,'A','2024-06-13 17:15:43','2024-06-13 17:15:43'),('e05f697f-181c-483f-836f-2c0e40354ca4','86da9107-adb9-4a3b-bc71-f18710d66918','35747793-cf20-11ee-b21b-0200fd8284f8','d3090527-4948-4f03-b88c-31c558fe0302',843.54000,1,'2024-08-08',1,'A','2024-08-01 16:23:59','2024-08-09 19:20:35'),('e1881913-cf93-4245-a417-2eb178baea52','86da9107-adb9-4a3b-bc71-f18710d66918','35747793-cf20-11ee-b21b-0200fd8284f8','afcca419-a54d-44ba-a27a-f7093947af11',727.88000,1,'2024-07-29',1,'A','2024-07-04 11:30:19','2024-08-02 21:15:17'),('e42eff3a-ea50-4441-a8ba-e238ea303ab2','86da9107-adb9-4a3b-bc71-f18710d66918','35747793-cf20-11ee-b21b-0200fd8284f8','b3749c93-5b5f-4fb1-8911-70e74c5fb74e',2651.94000,1,'2024-05-28',1,'A','2024-05-24 17:05:10','2024-07-06 19:40:37'),('e645932a-675e-4674-8a45-37ebc03dca3e','86da9107-adb9-4a3b-bc71-f18710d66918','a444c790-c224-11ee-84c1-0200fd8284f8','3f72dd61-57b0-4b12-9f9e-d2eddd042ccd',628.60000,1,'2024-05-13',1,'A','2024-04-30 21:03:48','2024-06-17 20:28:34'),('e7eddc14-2996-4d4d-961f-1f534134bf86','86da9107-adb9-4a3b-bc71-f18710d66918','a444c790-c224-11ee-84c1-0200fd8284f8','a6b6537a-9e6b-4b61-83f2-3ac565db4893',618.75000,1,'2024-02-29',1,'A','2024-02-29 20:48:06','2024-04-22 20:20:39'),('e852e406-a185-485c-b5da-a9481be3d1ea','86da9107-adb9-4a3b-bc71-f18710d66918','a444c790-c224-11ee-84c1-0200fd8284f8','652ba53a-2a9d-4bfa-b4b3-635c4d5f72ed',4282.00000,1,'2024-03-01',0,'A','2024-03-02 21:52:11','2024-03-02 21:52:11'),('e8e149cf-fc82-4a64-a85e-aa622144f865','86da9107-adb9-4a3b-bc71-f18710d66918','35747793-cf20-11ee-b21b-0200fd8284f8','47f474a7-ab6e-4ff3-9fe8-0f015ad8bfcb',473.50000,1,'2024-06-26',1,'A','2024-06-12 20:44:13','2024-07-18 21:45:32'),('ecbc1d04-a59a-430f-9d0b-08dbfb5bef62','86da9107-adb9-4a3b-bc71-f18710d66918','35747793-cf20-11ee-b21b-0200fd8284f8','22caa680-53f7-4423-9069-b0e791db5fb9',1201.60000,1,'2024-07-18',0,'A','2024-07-11 13:34:15','2024-07-11 13:34:15'),('ece3b077-592a-4102-add2-b47769fca73f','86da9107-adb9-4a3b-bc71-f18710d66918','35747793-cf20-11ee-b21b-0200fd8284f8','c38221ff-e0e1-41b2-83e6-302076e480ba',469.70000,1,'2024-07-15',1,'A','2024-05-13 20:38:50','2024-07-01 20:55:26'),('ed31dd9b-572b-4407-8e4c-ee3d71b7c375','86da9107-adb9-4a3b-bc71-f18710d66918','35747793-cf20-11ee-b21b-0200fd8284f8','d3090527-4948-4f03-b88c-31c558fe0302',843.54000,1,'2024-09-05',0,'A','2024-08-01 16:24:00','2024-08-01 16:24:00'),('efab9a49-9b39-4050-bc38-cea669989099','86da9107-adb9-4a3b-bc71-f18710d66918','a444c790-c224-11ee-84c1-0200fd8284f8','3f72dd61-57b0-4b12-9f9e-d2eddd042ccd',628.60000,1,'2024-05-27',1,'A','2024-04-30 21:03:48','2024-06-10 21:21:36'),('efff20a5-0ff4-40ea-9b86-57aa4538c1db','c577e6b9-a8fa-4636-ba3f-593f1191dc14','a444c790-c224-11ee-84c1-0200fd8284f8','d30624c8-12ae-453b-839c-b4e965c9145a',2.00000,1,'2024-03-14',0,'A','2024-03-08 21:16:13','2024-03-08 21:16:13'),('f4705c56-1bdc-4121-8603-810665094663','86da9107-adb9-4a3b-bc71-f18710d66918','35747793-cf20-11ee-b21b-0200fd8284f8','8cd98be6-084b-4e19-a542-b1d4b7d46307',440.00000,1,'2024-07-03',1,'A','2024-07-03 20:25:36','2024-07-03 20:25:54'),('f611cff4-a71e-421c-a350-5524d825d685','c577e6b9-a8fa-4636-ba3f-593f1191dc14','a444c790-c224-11ee-84c1-0200fd8284f8','09eb121a-63a3-4fe9-a435-c5039109499e',2050.73000,1,'2024-03-21',0,'A','2024-03-08 21:17:28','2024-03-08 21:17:28'),('f7c4c365-c0fd-42fa-b4ae-371d61c52c52','86da9107-adb9-4a3b-bc71-f18710d66918','a444c790-c224-11ee-84c1-0200fd8284f8','07233f5d-0d4a-4ea1-bc44-505ce742a51c',1726.60000,1,'2024-07-17',1,'A','2024-07-10 19:56:09','2024-07-31 21:59:19'),('f7df075d-a079-40f5-8006-7c04acd1c1a7','86da9107-adb9-4a3b-bc71-f18710d66918','a444c790-c224-11ee-84c1-0200fd8284f8','a6b6537a-9e6b-4b61-83f2-3ac565db4893',618.75000,1,'2024-03-07',1,'A','2024-02-29 20:48:06','2024-04-22 20:21:31'),('f810d7b7-af52-4546-bf1a-ff8614e1b00c','86da9107-adb9-4a3b-bc71-f18710d66918','35747793-cf20-11ee-b21b-0200fd8284f8','8b8c6404-9f7c-49d3-8f9c-c5a3614db5c7',1159.00000,1,'2024-05-16',1,'A','2024-05-02 20:45:49','2024-06-03 20:42:19'),('f87c198d-2c1d-4db6-9bf5-03619f15a9d3','86da9107-adb9-4a3b-bc71-f18710d66918','35747793-cf20-11ee-b21b-0200fd8284f8','123725ae-8d21-459f-9510-bd5507ff611d',312.50000,1,'2024-08-16',1,'A','2024-08-02 21:28:14','2024-08-09 19:15:46'),('f9275921-571c-4704-8039-6045132bbf49','86da9107-adb9-4a3b-bc71-f18710d66918','35747793-cf20-11ee-b21b-0200fd8284f8','be30ecd4-6b43-4f73-88bb-cd0bf2d07d5e',2358.50000,1,'2024-06-28',1,'A','2024-06-07 20:26:04','2024-08-05 20:25:48'),('fd37b51e-7104-4d5c-ac92-7175b47500d3','c577e6b9-a8fa-4636-ba3f-593f1191dc14','a444c790-c224-11ee-84c1-0200fd8284f8','b5c70662-5f3b-446b-b715-fd4eaaac5ce9',726.67000,1,'2024-04-01',1,'A','2024-03-26 21:00:34','2024-04-09 21:19:55');

--
-- Table structure for table `sivir_sync_by_day`
--

CREATE TABLE `sivir_sync_by_day` (
  `id` int(11) NOT NULL AUTO_INCREMENT,
  `users_sid` varchar(50) NOT NULL COMMENT 'Related to users table',
  `global_branch_office_id` varchar(50) NOT NULL COMMENT 'Related to branch table',
  `day` date NOT NULL COMMENT 'The date for sync',
  `status` enum('A','X') CHARACTER SET latin1 COLLATE latin1_bin NOT NULL DEFAULT 'A',
  `created_at` datetime NOT NULL DEFAULT current_timestamp(),
  `updated_at` datetime DEFAULT NULL,
  PRIMARY KEY (`id`)
) ENGINE=InnoDB AUTO_INCREMENT=2211 DEFAULT CHARSET=latin1 COLLATE=latin1_general_ci;

--
-- Dumping data for table `sivir_sync_by_day`
--

INSERT INTO `sivir_sync_by_day` VALUES (1,'69abe0de-7812-41bd-9124-6a7238aee7d1','a444c790-c224-11ee-84c1-0200fd8284f8','2024-02-19','A','2024-02-19 16:38:10','2024-02-19 16:38:10'),(2,'69abe0de-7812-41bd-9124-6a7238aee7d1','a444c790-c224-11ee-84c1-0200fd8284f8','2024-02-19','A','2024-02-19 17:09:59','2024-02-19 17:09:59'),(3,'69abe0de-7812-41bd-9124-6a7238aee7d1','35747793-cf20-11ee-b21b-0200fd8284f8','2024-02-19','A','2024-02-19 17:10:13','2024-02-19 17:10:13'),(4,'69abe0de-7812-41bd-9124-6a7238aee7d1','35747793-cf20-11ee-b21b-0200fd8284f8','2024-02-19','A','2024-02-19 17:16:59','2024-02-19 17:16:59'),(5,'69abe0de-7812-41bd-9124-6a7238aee7d1','a444c790-c224-11ee-84c1-0200fd8284f8','2024-02-19','A','2024-02-19 17:17:08','2024-02-19 17:17:08'),(6,'69abe0de-7812-41bd-9124-6a7238aee7d1','35747793-cf20-11ee-b21b-0200fd8284f8','2024-02-19','A','2024-02-19 17:19:17','2024-02-19 17:19:17'),(7,'69abe0de-7812-41bd-9124-6a7238aee7d1','35747793-cf20-11ee-b21b-0200fd8284f8','2024-02-19','A','2024-02-19 17:19:29','2024-02-19 17:19:29'),(8,'69abe0de-7812-41bd-9124-6a7238aee7d1','a444c790-c224-11ee-84c1-0200fd8284f8','2024-02-19','A','2024-02-19 17:26:35','2024-02-19 17:26:35'),(9,'69abe0de-7812-41bd-9124-6a7238aee7d1','a444c790-c224-11ee-84c1-0200fd8284f8','2024-02-19','A','2024-02-19 17:28:07','2024-02-19 17:28:07'),(10,'69abe0de-7812-41bd-9124-6a7238aee7d1','35747793-cf20-11ee-b21b-0200fd8284f8','2024-02-19','A','2024-02-19 17:37:06','2024-02-19 17:37:06'),(11,'69abe0de-7812-41bd-9124-6a7238aee7d1','35747793-cf20-11ee-b21b-0200fd8284f8','2024-02-19','A','2024-02-19 17:41:37','2024-02-19 17:41:37'),(12,'69abe0de-7812-41bd-9124-6a7238aee7d1','35747793-cf20-11ee-b21b-0200fd8284f8','2024-02-19','A','2024-02-19 17:41:53','2024-02-19 17:41:53'),(13,'69abe0de-7812-41bd-9124-6a7238aee7d1','a444c790-c224-11ee-84c1-0200fd8284f8','2024-02-19','A','2024-02-19 17:44:00','2024-02-19 17:44:00'),(14,'69abe0de-7812-41bd-9124-6a7238aee7d1','35747793-cf20-11ee-b21b-0200fd8284f8','2024-02-19','A','2024-02-19 17:44:39','2024-02-19 17:44:39'),(15,'69abe0de-7812-41bd-9124-6a7238aee7d1','35747793-cf20-11ee-b21b-0200fd8284f8','2024-02-19','A','2024-02-19 17:44:53','2024-02-19 17:44:53'),(16,'69abe0de-7812-41bd-9124-6a7238aee7d1','a444c790-c224-11ee-84c1-0200fd8284f8','2024-02-19','A','2024-02-19 17:45:29','2024-02-19 17:45:29'),(17,'69abe0de-7812-41bd-9124-6a7238aee7d1','a444c790-c224-11ee-84c1-0200fd8284f8','2024-02-19','A','2024-02-19 17:59:18','2024-02-19 17:59:18'),(18,'69abe0de-7812-41bd-9124-6a7238aee7d1','35747793-cf20-11ee-b21b-0200fd8284f8','2024-02-19','A','2024-02-19 17:59:26','2024-02-19 17:59:26'),(19,'77ce28f7-8cba-4c20-aa61-e88eade33a9e','35747793-cf20-11ee-b21b-0200fd8284f8','2024-02-19','A','2024-02-19 18:17:15','2024-02-19 18:17:15'),(20,'69abe0de-7812-41bd-9124-6a7238aee7d1','a444c790-c224-11ee-84c1-0200fd8284f8','2024-02-19','A','2024-02-19 18:17:51','2024-02-19 18:17:51'),(21,'77ce28f7-8cba-4c20-aa61-e88eade33a9e','35747793-cf20-11ee-b21b-0200fd8284f8','2024-02-19','A','2024-02-19 18:17:58','2024-02-19 18:17:58'),(22,'35f2ea39-f082-4777-87a9-99f6433bb6f8','35747793-cf20-11ee-b21b-0200fd8284f8','2024-02-19','A','2024-02-19 19:03:04','2024-02-19 19:03:04'),(23,'19fb1f0a-6b2c-4e12-8be6-11fe55e8482c','a444c790-c224-11ee-84c1-0200fd8284f8','2024-02-19','A','2024-02-19 19:19:12','2024-02-19 19:19:12'),(24,'69abe0de-7812-41bd-9124-6a7238aee7d1','a444c790-c224-11ee-84c1-0200fd8284f8','2024-02-19','A','2024-02-19 19:22:02','2024-02-19 19:22:02'),(25,'69abe0de-7812-41bd-9124-6a7238aee7d1','35747793-cf20-11ee-b21b-0200fd8284f8','2024-02-19','A','2024-02-19 19:22:10','2024-02-19 19:22:10'),(26,'69abe0de-7812-41bd-9124-6a7238aee7d1','35747793-cf20-11ee-b21b-0200fd8284f8','2024-02-19','A','2024-02-19 19:22:50','2024-02-19 19:22:50'),(27,'69abe0de-7812-41bd-9124-6a7238aee7d1','35747793-cf20-11ee-b21b-0200fd8284f8','2024-02-19','A','2024-02-19 19:23:56','2024-02-19 19:23:56'),(28,'69abe0de-7812-41bd-9124-6a7238aee7d1','35747793-cf20-11ee-b21b-0200fd8284f8','2024-02-19','A','2024-02-19 20:03:38','2024-02-19 20:03:38'),(29,'69abe0de-7812-41bd-9124-6a7238aee7d1','35747793-cf20-11ee-b21b-0200fd8284f8','2024-02-19','A','2024-02-19 20:05:29','2024-02-19 20:05:29'),(30,'69abe0de-7812-41bd-9124-6a7238aee7d1','35747793-cf20-11ee-b21b-0200fd8284f8','2024-02-19','A','2024-02-19 20:11:17','2024-02-19 20:11:17'),(31,'69abe0de-7812-41bd-9124-6a7238aee7d1','a444c790-c224-11ee-84c1-0200fd8284f8','2024-02-19','A','2024-02-19 20:22:37','2024-02-19 20:22:37'),(32,'69abe0de-7812-41bd-9124-6a7238aee7d1','a444c790-c224-11ee-84c1-0200fd8284f8','2024-02-19','A','2024-02-19 20:25:38','2024-02-19 20:25:38'),(33,'69abe0de-7812-41bd-9124-6a7238aee7d1','35747793-cf20-11ee-b21b-0200fd8284f8','2024-02-19','A','2024-02-19 20:26:03','2024-02-19 20:26:03'),(34,'19fb1f0a-6b2c-4e12-8be6-11fe55e8482c','35747793-cf20-11ee-b21b-0200fd8284f8','2024-02-19','A','2024-02-19 20:41:02','2024-02-19 20:41:02'),(35,'35f2ea39-f082-4777-87a9-99f6433bb6f8','35747793-cf20-11ee-b21b-0200fd8284f8','2024-02-19','A','2024-02-19 20:47:47','2024-02-19 20:47:47'),(36,'77ce28f7-8cba-4c20-aa61-e88eade33a9e','35747793-cf20-11ee-b21b-0200fd8284f8','2024-02-19','A','2024-02-19 20:51:54','2024-02-19 20:51:54'),(37,'19fb1f0a-6b2c-4e12-8be6-11fe55e8482c','a444c790-c224-11ee-84c1-0200fd8284f8','2024-02-19','A','2024-02-19 21:03:12','2024-02-19 21:03:12'),(38,'77ce28f7-8cba-4c20-aa61-e88eade33a9e','35747793-cf20-11ee-b21b-0200fd8284f8','2024-02-19','A','2024-02-19 21:06:34','2024-02-19 21:06:34'),(39,'69abe0de-7812-41bd-9124-6a7238aee7d1','a444c790-c224-11ee-84c1-0200fd8284f8','2024-02-19','A','2024-02-19 21:10:07','2024-02-19 21:10:07'),(40,'69abe0de-7812-41bd-9124-6a7238aee7d1','35747793-cf20-11ee-b21b-0200fd8284f8','2024-02-19','A','2024-02-19 21:10:19','2024-02-19 21:10:19'),(41,'77ce28f7-8cba-4c20-aa61-e88eade33a9e','35747793-cf20-11ee-b21b-0200fd8284f8','2024-02-19','A','2024-02-19 21:31:03','2024-02-19 21:31:03'),(42,'77ce28f7-8cba-4c20-aa61-e88eade33a9e','a444c790-c224-11ee-84c1-0200fd8284f8','2024-02-19','A','2024-02-19 21:32:53','2024-02-19 21:32:53'),(43,'35f2ea39-f082-4777-87a9-99f6433bb6f8','35747793-cf20-11ee-b21b-0200fd8284f8','2024-02-19','A','2024-02-19 21:41:43','2024-02-19 21:41:43'),(44,'86da9107-adb9-4a3b-bc71-f18710d66918','a444c790-c224-11ee-84c1-0200fd8284f8','2024-02-19','A','2024-02-19 21:57:46','2024-02-19 21:57:46'),(45,'56b845b7-1236-4a32-a118-982a89f230aa','35747793-cf20-11ee-b21b-0200fd8284f8','2024-02-19','A','2024-02-19 22:17:15','2024-02-19 22:17:15'),(46,'77ce28f7-8cba-4c20-aa61-e88eade33a9e','a444c790-c224-11ee-84c1-0200fd8284f8','2024-02-19','A','2024-02-19 22:42:12','2024-02-19 22:42:12'),(47,'77ce28f7-8cba-4c20-aa61-e88eade33a9e','a444c790-c224-11ee-84c1-0200fd8284f8','2024-02-19','A','2024-02-19 22:49:22','2024-02-19 22:49:22'),(48,'56b845b7-1236-4a32-a118-982a89f230aa','35747793-cf20-11ee-b21b-0200fd8284f8','2024-02-19','A','2024-02-19 23:22:15','2024-02-19 23:22:15'),(49,'35f2ea39-f082-4777-87a9-99f6433bb6f8','35747793-cf20-11ee-b21b-0200fd8284f8','2024-02-19','A','2024-02-19 23:57:48','2024-02-19 23:57:48'),(50,'35f2ea39-f082-4777-87a9-99f6433bb6f8','35747793-cf20-11ee-b21b-0200fd8284f8','2024-02-19','A','2024-02-19 23:58:41','2024-02-19 23:58:41'),(51,'56b845b7-1236-4a32-a118-982a89f230aa','35747793-cf20-11ee-b21b-0200fd8284f8','2024-02-20','A','2024-02-20 00:39:07','2024-02-20 00:39:07'),(52,'56b845b7-1236-4a32-a118-982a89f230aa','35747793-cf20-11ee-b21b-0200fd8284f8','2024-02-20','A','2024-02-20 00:40:32','2024-02-20 00:40:32'),(53,'35f2ea39-f082-4777-87a9-99f6433bb6f8','35747793-cf20-11ee-b21b-0200fd8284f8','2024-02-20','A','2024-02-20 08:33:51','2024-02-20 08:33:51'),(54,'56b845b7-1236-4a32-a118-982a89f230aa','35747793-cf20-11ee-b21b-0200fd8284f8','2024-02-20','A','2024-02-20 08:36:08','2024-02-20 08:36:08'),(55,'69abe0de-7812-41bd-9124-6a7238aee7d1','a444c790-c224-11ee-84c1-0200fd8284f8','2024-02-20','A','2024-02-20 08:59:51','2024-02-20 08:59:51'),(56,'69abe0de-7812-41bd-9124-6a7238aee7d1','35747793-cf20-11ee-b21b-0200fd8284f8','2024-02-20','A','2024-02-20 09:01:50','2024-02-20 09:01:50'),(57,'69abe0de-7812-41bd-9124-6a7238aee7d1','35747793-cf20-11ee-b21b-0200fd8284f8','2024-02-20','A','2024-02-20 09:02:16','2024-02-20 09:02:16'),(58,'69abe0de-7812-41bd-9124-6a7238aee7d1','35747793-cf20-11ee-b21b-0200fd8284f8','2024-02-20','A','2024-02-20 09:02:46','2024-02-20 09:02:46'),(59,'56b845b7-1236-4a32-a118-982a89f230aa','35747793-cf20-11ee-b21b-0200fd8284f8','2024-02-20','A','2024-02-20 09:16:20','2024-02-20 09:16:20'),(60,'86da9107-adb9-4a3b-bc71-f18710d66918','a444c790-c224-11ee-84c1-0200fd8284f8','2024-02-20','A','2024-02-20 09:32:53','2024-02-20 09:32:53'),(61,'69abe0de-7812-41bd-9124-6a7238aee7d1','a444c790-c224-11ee-84c1-0200fd8284f8','2024-02-20','A','2024-02-20 10:29:48','2024-02-20 10:29:48'),(62,'69abe0de-7812-41bd-9124-6a7238aee7d1','35747793-cf20-11ee-b21b-0200fd8284f8','2024-02-20','A','2024-02-20 10:30:56','2024-02-20 10:30:56'),(63,'77ce28f7-8cba-4c20-aa61-e88eade33a9e','35747793-cf20-11ee-b21b-0200fd8284f8','2024-02-20','A','2024-02-20 10:45:46','2024-02-20 10:45:46'),(64,'77ce28f7-8cba-4c20-aa61-e88eade33a9e','a444c790-c224-11ee-84c1-0200fd8284f8','2024-02-20','A','2024-02-20 10:46:47','2024-02-20 10:46:47'),(65,'86da9107-adb9-4a3b-bc71-f18710d66918','a444c790-c224-11ee-84c1-0200fd8284f8','2024-02-20','A','2024-02-20 14:31:11','2024-02-20 14:31:11'),(66,'86da9107-adb9-4a3b-bc71-f18710d66918','a444c790-c224-11ee-84c1-0200fd8284f8','2024-02-20','A','2024-02-20 15:54:38','2024-02-20 15:54:38'),(67,'77ce28f7-8cba-4c20-aa61-e88eade33a9e','a444c790-c224-11ee-84c1-0200fd8284f8','2024-02-20','A','2024-02-20 16:19:18','2024-02-20 16:19:18'),(68,'77ce28f7-8cba-4c20-aa61-e88eade33a9e','a444c790-c224-11ee-84c1-0200fd8284f8','2024-02-20','A','2024-02-20 16:27:31','2024-02-20 16:27:31'),(69,'77ce28f7-8cba-4c20-aa61-e88eade33a9e','a444c790-c224-11ee-84c1-0200fd8284f8','2024-02-20','A','2024-02-20 16:28:23','2024-02-20 16:28:23'),(70,'77ce28f7-8cba-4c20-aa61-e88eade33a9e','35747793-cf20-11ee-b21b-0200fd8284f8','2024-02-20','A','2024-02-20 16:28:29','2024-02-20 16:28:29'),(71,'56b845b7-1236-4a32-a118-982a89f230aa','35747793-cf20-11ee-b21b-0200fd8284f8','2024-02-20','A','2024-02-20 16:31:01','2024-02-20 16:31:01'),(72,'77ce28f7-8cba-4c20-aa61-e88eade33a9e','a444c790-c224-11ee-84c1-0200fd8284f8','2024-02-20','A','2024-02-20 16:34:48','2024-02-20 16:34:48'),(73,'77ce28f7-8cba-4c20-aa61-e88eade33a9e','35747793-cf20-11ee-b21b-0200fd8284f8','2024-02-20','A','2024-02-20 16:36:23','2024-02-20 16:36:23'),(74,'86da9107-adb9-4a3b-bc71-f18710d66918','a444c790-c224-11ee-84c1-0200fd8284f8','2024-02-20','A','2024-02-20 16:40:49','2024-02-20 16:40:49'),(75,'35f2ea39-f082-4777-87a9-99f6433bb6f8','35747793-cf20-11ee-b21b-0200fd8284f8','2024-02-20','A','2024-02-20 18:06:05','2024-02-20 18:06:05'),(76,'35f2ea39-f082-4777-87a9-99f6433bb6f8','35747793-cf20-11ee-b21b-0200fd8284f8','2024-02-20','A','2024-02-20 18:11:22','2024-02-20 18:11:22'),(77,'35f2ea39-f082-4777-87a9-99f6433bb6f8','35747793-cf20-11ee-b21b-0200fd8284f8','2024-02-20','A','2024-02-20 18:14:10','2024-02-20 18:14:10'),(78,'35f2ea39-f082-4777-87a9-99f6433bb6f8','35747793-cf20-11ee-b21b-0200fd8284f8','2024-02-20','A','2024-02-20 19:39:54','2024-02-20 19:39:54'),(79,'35f2ea39-f082-4777-87a9-99f6433bb6f8','35747793-cf20-11ee-b21b-0200fd8284f8','2024-02-20','A','2024-02-20 20:09:04','2024-02-20 20:09:04'),(80,'19fb1f0a-6b2c-4e12-8be6-11fe55e8482c','a444c790-c224-11ee-84c1-0200fd8284f8','2024-02-20','A','2024-02-20 21:08:25','2024-02-20 21:08:25'),(81,'c577e6b9-a8fa-4636-ba3f-593f1191dc14','a444c790-c224-11ee-84c1-0200fd8284f8','2024-02-20','A','2024-02-20 21:44:17','2024-02-20 21:44:17'),(82,'86da9107-adb9-4a3b-bc71-f18710d66918','a444c790-c224-11ee-84c1-0200fd8284f8','2024-02-20','A','2024-02-20 22:21:53','2024-02-20 22:21:53'),(83,'35f2ea39-f082-4777-87a9-99f6433bb6f8','35747793-cf20-11ee-b21b-0200fd8284f8','2024-02-21','A','2024-02-21 08:59:33','2024-02-21 08:59:33'),(84,'19fb1f0a-6b2c-4e12-8be6-11fe55e8482c','a444c790-c224-11ee-84c1-0200fd8284f8','2024-02-21','A','2024-02-21 12:54:19','2024-02-21 12:54:19'),(85,'35f2ea39-f082-4777-87a9-99f6433bb6f8','35747793-cf20-11ee-b21b-0200fd8284f8','2024-02-21','A','2024-02-21 14:41:07','2024-02-21 14:41:07'),(86,'86da9107-adb9-4a3b-bc71-f18710d66918','a444c790-c224-11ee-84c1-0200fd8284f8','2024-02-21','A','2024-02-21 15:21:32','2024-02-21 15:21:32'),(87,'35f2ea39-f082-4777-87a9-99f6433bb6f8','35747793-cf20-11ee-b21b-0200fd8284f8','2024-02-21','A','2024-02-21 16:01:07','2024-02-21 16:01:07'),(88,'77ce28f7-8cba-4c20-aa61-e88eade33a9e','35747793-cf20-11ee-b21b-0200fd8284f8','2024-02-21','A','2024-02-21 16:30:20','2024-02-21 16:30:20'),(89,'77ce28f7-8cba-4c20-aa61-e88eade33a9e','a444c790-c224-11ee-84c1-0200fd8284f8','2024-02-21','A','2024-02-21 16:34:49','2024-02-21 16:34:49'),(90,'77ce28f7-8cba-4c20-aa61-e88eade33a9e','a444c790-c224-11ee-84c1-0200fd8284f8','2024-02-21','A','2024-02-21 16:38:31','2024-02-21 16:38:31'),(91,'77ce28f7-8cba-4c20-aa61-e88eade33a9e','a444c790-c224-11ee-84c1-0200fd8284f8','2024-02-21','A','2024-02-21 16:39:14','2024-02-21 16:39:14'),(92,'69abe0de-7812-41bd-9124-6a7238aee7d1','a444c790-c224-11ee-84c1-0200fd8284f8','2024-02-21','A','2024-02-21 17:58:05','2024-02-21 17:58:05'),(93,'69abe0de-7812-41bd-9124-6a7238aee7d1','35747793-cf20-11ee-b21b-0200fd8284f8','2024-02-21','A','2024-02-21 18:17:28','2024-02-21 18:17:28'),(94,'69abe0de-7812-41bd-9124-6a7238aee7d1','a444c790-c224-11ee-84c1-0200fd8284f8','2024-02-21','A','2024-02-21 18:19:26','2024-02-21 18:19:26'),(95,'69abe0de-7812-41bd-9124-6a7238aee7d1','35747793-cf20-11ee-b21b-0200fd8284f8','2024-02-21','A','2024-02-21 18:32:42','2024-02-21 18:32:42'),(96,'69abe0de-7812-41bd-9124-6a7238aee7d1','a444c790-c224-11ee-84c1-0200fd8284f8','2024-02-21','A','2024-02-21 18:34:59','2024-02-21 18:34:59'),(97,'69abe0de-7812-41bd-9124-6a7238aee7d1','a444c790-c224-11ee-84c1-0200fd8284f8','2024-02-21','A','2024-02-21 18:48:26','2024-02-21 18:48:26'),(98,'69abe0de-7812-41bd-9124-6a7238aee7d1','a444c790-c224-11ee-84c1-0200fd8284f8','2024-02-21','A','2024-02-21 18:48:57','2024-02-21 18:48:57'),(99,'86da9107-adb9-4a3b-bc71-f18710d66918','a444c790-c224-11ee-84c1-0200fd8284f8','2024-02-21','A','2024-02-21 18:58:34','2024-02-21 18:58:34'),(100,'86da9107-adb9-4a3b-bc71-f18710d66918','35747793-cf20-11ee-b21b-0200fd8284f8','2024-02-21','A','2024-02-21 19:00:42','2024-02-21 19:00:42'),(101,'69abe0de-7812-41bd-9124-6a7238aee7d1','a444c790-c224-11ee-84c1-0200fd8284f8','2024-02-21','A','2024-02-21 19:05:33','2024-02-21 19:05:33'),(102,'69abe0de-7812-41bd-9124-6a7238aee7d1','35747793-cf20-11ee-b21b-0200fd8284f8','2024-02-21','A','2024-02-21 19:08:25','2024-02-21 19:08:25'),(103,'69abe0de-7812-41bd-9124-6a7238aee7d1','a444c790-c224-11ee-84c1-0200fd8284f8','2024-02-21','A','2024-02-21 19:08:42','2024-02-21 19:08:42'),(104,'69abe0de-7812-41bd-9124-6a7238aee7d1','a444c790-c224-11ee-84c1-0200fd8284f8','2024-02-21','A','2024-02-21 19:09:00','2024-02-21 19:09:00'),(105,'c577e6b9-a8fa-4636-ba3f-593f1191dc14','a444c790-c224-11ee-84c1-0200fd8284f8','2024-02-21','A','2024-02-21 19:11:36','2024-02-21 19:11:36'),(106,'69abe0de-7812-41bd-9124-6a7238aee7d1','35747793-cf20-11ee-b21b-0200fd8284f8','2024-02-21','A','2024-02-21 19:16:31','2024-02-21 19:16:31'),(107,'69abe0de-7812-41bd-9124-6a7238aee7d1','a444c790-c224-11ee-84c1-0200fd8284f8','2024-02-21','A','2024-02-21 19:17:40','2024-02-21 19:17:40'),(108,'69abe0de-7812-41bd-9124-6a7238aee7d1','a444c790-c224-11ee-84c1-0200fd8284f8','2024-02-21','A','2024-02-21 19:17:52','2024-02-21 19:17:52'),(109,'69abe0de-7812-41bd-9124-6a7238aee7d1','a444c790-c224-11ee-84c1-0200fd8284f8','2024-02-21','A','2024-02-21 19:40:41','2024-02-21 19:40:41'),(110,'69abe0de-7812-41bd-9124-6a7238aee7d1','35747793-cf20-11ee-b21b-0200fd8284f8','2024-02-21','A','2024-02-21 19:40:53','2024-02-21 19:40:53'),(111,'69abe0de-7812-41bd-9124-6a7238aee7d1','35747793-cf20-11ee-b21b-0200fd8284f8','2024-02-21','A','2024-02-21 19:58:01','2024-02-21 19:58:01'),(112,'69abe0de-7812-41bd-9124-6a7238aee7d1','a444c790-c224-11ee-84c1-0200fd8284f8','2024-02-21','A','2024-02-21 19:58:17','2024-02-21 19:58:17'),(113,'c577e6b9-a8fa-4636-ba3f-593f1191dc14','a444c790-c224-11ee-84c1-0200fd8284f8','2024-02-21','A','2024-02-21 21:02:10','2024-02-21 21:02:10'),(114,'86da9107-adb9-4a3b-bc71-f18710d66918','a444c790-c224-11ee-84c1-0200fd8284f8','2024-02-21','A','2024-02-21 21:30:36','2024-02-21 21:30:36'),(115,'35f2ea39-f082-4777-87a9-99f6433bb6f8','35747793-cf20-11ee-b21b-0200fd8284f8','2024-02-21','A','2024-02-21 22:07:31','2024-02-21 22:07:31'),(116,'69abe0de-7812-41bd-9124-6a7238aee7d1','a444c790-c224-11ee-84c1-0200fd8284f8','2024-02-21','A','2024-02-21 22:27:29','2024-02-21 22:27:29'),(117,'69abe0de-7812-41bd-9124-6a7238aee7d1','35747793-cf20-11ee-b21b-0200fd8284f8','2024-02-21','A','2024-02-21 22:27:41','2024-02-21 22:27:41'),(118,'69abe0de-7812-41bd-9124-6a7238aee7d1','a444c790-c224-11ee-84c1-0200fd8284f8','2024-02-22','A','2024-02-22 06:25:16','2024-02-22 06:25:16'),(119,'69abe0de-7812-41bd-9124-6a7238aee7d1','a444c790-c224-11ee-84c1-0200fd8284f8','2024-02-22','A','2024-02-22 06:25:57','2024-02-22 06:25:57'),(120,'56b845b7-1236-4a32-a118-982a89f230aa','35747793-cf20-11ee-b21b-0200fd8284f8','2024-02-22','A','2024-02-22 08:44:26','2024-02-22 08:44:26'),(121,'19fb1f0a-6b2c-4e12-8be6-11fe55e8482c','a444c790-c224-11ee-84c1-0200fd8284f8','2024-02-22','A','2024-02-22 09:24:18','2024-02-22 09:24:18'),(122,'69abe0de-7812-41bd-9124-6a7238aee7d1','a444c790-c224-11ee-84c1-0200fd8284f8','2024-02-22','A','2024-02-22 10:52:45','2024-02-22 10:52:45'),(123,'69abe0de-7812-41bd-9124-6a7238aee7d1','35747793-cf20-11ee-b21b-0200fd8284f8','2024-02-22','A','2024-02-22 10:53:01','2024-02-22 10:53:01'),(124,'69abe0de-7812-41bd-9124-6a7238aee7d1','35747793-cf20-11ee-b21b-0200fd8284f8','2024-02-22','A','2024-02-22 10:53:14','2024-02-22 10:53:14'),(125,'69abe0de-7812-41bd-9124-6a7238aee7d1','a444c790-c224-11ee-84c1-0200fd8284f8','2024-02-22','A','2024-02-22 10:57:19','2024-02-22 10:57:19'),(126,'86da9107-adb9-4a3b-bc71-f18710d66918','a444c790-c224-11ee-84c1-0200fd8284f8','2024-02-22','A','2024-02-22 11:03:51','2024-02-22 11:03:51'),(127,'69abe0de-7812-41bd-9124-6a7238aee7d1','a444c790-c224-11ee-84c1-0200fd8284f8','2024-02-22','A','2024-02-22 11:11:16','2024-02-22 11:11:16'),(128,'77ce28f7-8cba-4c20-aa61-e88eade33a9e','a444c790-c224-11ee-84c1-0200fd8284f8','2024-02-22','A','2024-02-22 11:37:25','2024-02-22 11:37:25'),(129,'69abe0de-7812-41bd-9124-6a7238aee7d1','a444c790-c224-11ee-84c1-0200fd8284f8','2024-02-22','A','2024-02-22 11:47:04','2024-02-22 11:47:04'),(130,'69abe0de-7812-41bd-9124-6a7238aee7d1','a444c790-c224-11ee-84c1-0200fd8284f8','2024-02-22','A','2024-02-22 11:49:05','2024-02-22 11:49:05'),(131,'69abe0de-7812-41bd-9124-6a7238aee7d1','35747793-cf20-11ee-b21b-0200fd8284f8','2024-02-22','A','2024-02-22 11:49:13','2024-02-22 11:49:13'),(132,'77ce28f7-8cba-4c20-aa61-e88eade33a9e','35747793-cf20-11ee-b21b-0200fd8284f8','2024-02-22','A','2024-02-22 11:52:41','2024-02-22 11:52:41'),(133,'69abe0de-7812-41bd-9124-6a7238aee7d1','35747793-cf20-11ee-b21b-0200fd8284f8','2024-02-22','A','2024-02-22 11:55:06','2024-02-22 11:55:06'),(134,'86da9107-adb9-4a3b-bc71-f18710d66918','a444c790-c224-11ee-84c1-0200fd8284f8','2024-02-22','A','2024-02-22 15:14:53','2024-02-22 15:14:53'),(135,'86da9107-adb9-4a3b-bc71-f18710d66918','a444c790-c224-11ee-84c1-0200fd8284f8','2024-02-22','A','2024-02-22 15:55:44','2024-02-22 15:55:44'),(136,'69abe0de-7812-41bd-9124-6a7238aee7d1','a444c790-c224-11ee-84c1-0200fd8284f8','2024-02-22','A','2024-02-22 17:33:37','2024-02-22 17:33:37'),(137,'69abe0de-7812-41bd-9124-6a7238aee7d1','a444c790-c224-11ee-84c1-0200fd8284f8','2024-02-22','A','2024-02-22 17:39:24','2024-02-22 17:39:24'),(138,'40c9245e-db39-4d8d-b7ef-987c48d856a6','35747793-cf20-11ee-b21b-0200fd8284f8','2024-02-22','A','2024-02-22 18:25:54','2024-02-22 18:25:54'),(139,'35f2ea39-f082-4777-87a9-99f6433bb6f8','35747793-cf20-11ee-b21b-0200fd8284f8','2024-02-22','A','2024-02-22 18:27:54','2024-02-22 18:27:54'),(140,'86da9107-adb9-4a3b-bc71-f18710d66918','a444c790-c224-11ee-84c1-0200fd8284f8','2024-02-22','A','2024-02-22 18:30:30','2024-02-22 18:30:30'),(141,'86da9107-adb9-4a3b-bc71-f18710d66918','a444c790-c224-11ee-84c1-0200fd8284f8','2024-02-22','A','2024-02-22 18:44:13','2024-02-22 18:44:13'),(142,'86da9107-adb9-4a3b-bc71-f18710d66918','a444c790-c224-11ee-84c1-0200fd8284f8','2024-02-22','A','2024-02-22 20:41:56','2024-02-22 20:41:56'),(143,'35f2ea39-f082-4777-87a9-99f6433bb6f8','35747793-cf20-11ee-b21b-0200fd8284f8','2024-02-22','A','2024-02-22 21:56:06','2024-02-22 21:56:06'),(144,'35f2ea39-f082-4777-87a9-99f6433bb6f8','35747793-cf20-11ee-b21b-0200fd8284f8','2024-02-23','A','2024-02-23 08:36:55','2024-02-23 08:36:55'),(145,'19fb1f0a-6b2c-4e12-8be6-11fe55e8482c','a444c790-c224-11ee-84c1-0200fd8284f8','2024-02-23','A','2024-02-23 11:10:59','2024-02-23 11:10:59'),(146,'86da9107-adb9-4a3b-bc71-f18710d66918','a444c790-c224-11ee-84c1-0200fd8284f8','2024-02-23','A','2024-02-23 11:25:24','2024-02-23 11:25:24'),(147,'19fb1f0a-6b2c-4e12-8be6-11fe55e8482c','a444c790-c224-11ee-84c1-0200fd8284f8','2024-02-23','A','2024-02-23 14:06:41','2024-02-23 14:06:41'),(148,'19fb1f0a-6b2c-4e12-8be6-11fe55e8482c','a444c790-c224-11ee-84c1-0200fd8284f8','2024-02-23','A','2024-02-23 15:18:18','2024-02-23 15:18:18'),(149,'86da9107-adb9-4a3b-bc71-f18710d66918','a444c790-c224-11ee-84c1-0200fd8284f8','2024-02-23','A','2024-02-23 16:35:52','2024-02-23 16:35:52'),(150,'86da9107-adb9-4a3b-bc71-f18710d66918','a444c790-c224-11ee-84c1-0200fd8284f8','2024-02-23','A','2024-02-23 16:42:05','2024-02-23 16:42:05'),(151,'35f2ea39-f082-4777-87a9-99f6433bb6f8','a444c790-c224-11ee-84c1-0200fd8284f8','2024-02-23','A','2024-02-23 18:35:05','2024-02-23 18:35:05'),(152,'35f2ea39-f082-4777-87a9-99f6433bb6f8','a444c790-c224-11ee-84c1-0200fd8284f8','2024-02-23','A','2024-02-23 18:36:35','2024-02-23 18:36:35'),(153,'35f2ea39-f082-4777-87a9-99f6433bb6f8','a444c790-c224-11ee-84c1-0200fd8284f8','2024-02-23','A','2024-02-23 18:37:41','2024-02-23 18:37:41'),(154,'35f2ea39-f082-4777-87a9-99f6433bb6f8','35747793-cf20-11ee-b21b-0200fd8284f8','2024-02-23','A','2024-02-23 18:38:58','2024-02-23 18:38:58'),(155,'86da9107-adb9-4a3b-bc71-f18710d66918','a444c790-c224-11ee-84c1-0200fd8284f8','2024-02-23','A','2024-02-23 18:52:39','2024-02-23 18:52:39'),(156,'86da9107-adb9-4a3b-bc71-f18710d66918','a444c790-c224-11ee-84c1-0200fd8284f8','2024-02-23','A','2024-02-23 19:45:38','2024-02-23 19:45:38'),(157,'c577e6b9-a8fa-4636-ba3f-593f1191dc14','a444c790-c224-11ee-84c1-0200fd8284f8','2024-02-23','A','2024-02-23 21:48:16','2024-02-23 21:48:16'),(158,'86da9107-adb9-4a3b-bc71-f18710d66918','a444c790-c224-11ee-84c1-0200fd8284f8','2024-02-23','A','2024-02-23 22:07:32','2024-02-23 22:07:32'),(159,'77ce28f7-8cba-4c20-aa61-e88eade33a9e','a444c790-c224-11ee-84c1-0200fd8284f8','2024-02-23','A','2024-02-23 23:09:38','2024-02-23 23:09:38'),(160,'77ce28f7-8cba-4c20-aa61-e88eade33a9e','a444c790-c224-11ee-84c1-0200fd8284f8','2024-02-23','A','2024-02-23 23:35:45','2024-02-23 23:35:45'),(161,'86da9107-adb9-4a3b-bc71-f18710d66918','a444c790-c224-11ee-84c1-0200fd8284f8','2024-02-23','A','2024-02-23 23:44:34','2024-02-23 23:44:34'),(162,'77ce28f7-8cba-4c20-aa61-e88eade33a9e','a444c790-c224-11ee-84c1-0200fd8284f8','2024-02-23','A','2024-02-23 23:44:37','2024-02-23 23:44:37'),(163,'77ce28f7-8cba-4c20-aa61-e88eade33a9e','a444c790-c224-11ee-84c1-0200fd8284f8','2024-02-23','A','2024-02-23 23:51:05','2024-02-23 23:51:05'),(164,'40c9245e-db39-4d8d-b7ef-987c48d856a6','35747793-cf20-11ee-b21b-0200fd8284f8','2024-02-24','A','2024-02-24 09:07:33','2024-02-24 09:07:33'),(165,'40c9245e-db39-4d8d-b7ef-987c48d856a6','35747793-cf20-11ee-b21b-0200fd8284f8','2024-02-24','A','2024-02-24 10:37:05','2024-02-24 10:37:05'),(166,'19fb1f0a-6b2c-4e12-8be6-11fe55e8482c','a444c790-c224-11ee-84c1-0200fd8284f8','2024-02-24','A','2024-02-24 10:58:07','2024-02-24 10:58:07'),(167,'35f2ea39-f082-4777-87a9-99f6433bb6f8','35747793-cf20-11ee-b21b-0200fd8284f8','2024-02-24','A','2024-02-24 14:16:37','2024-02-24 14:16:37'),(168,'86da9107-adb9-4a3b-bc71-f18710d66918','a444c790-c224-11ee-84c1-0200fd8284f8','2024-02-24','A','2024-02-24 14:31:50','2024-02-24 14:31:50'),(169,'35f2ea39-f082-4777-87a9-99f6433bb6f8','35747793-cf20-11ee-b21b-0200fd8284f8','2024-02-24','A','2024-02-24 15:19:42','2024-02-24 15:19:42'),(170,'c577e6b9-a8fa-4636-ba3f-593f1191dc14','a444c790-c224-11ee-84c1-0200fd8284f8','2024-02-24','A','2024-02-24 15:56:18','2024-02-24 15:56:18'),(171,'35f2ea39-f082-4777-87a9-99f6433bb6f8','35747793-cf20-11ee-b21b-0200fd8284f8','2024-02-24','A','2024-02-24 20:24:00','2024-02-24 20:24:00'),(172,'56b845b7-1236-4a32-a118-982a89f230aa','35747793-cf20-11ee-b21b-0200fd8284f8','2024-02-26','A','2024-02-26 08:42:17','2024-02-26 08:42:17'),(173,'19fb1f0a-6b2c-4e12-8be6-11fe55e8482c','a444c790-c224-11ee-84c1-0200fd8284f8','2024-02-26','A','2024-02-26 09:15:56','2024-02-26 09:15:56'),(174,'19fb1f0a-6b2c-4e12-8be6-11fe55e8482c','a444c790-c224-11ee-84c1-0200fd8284f8','2024-02-26','A','2024-02-26 15:07:37','2024-02-26 15:07:37'),(175,'86da9107-adb9-4a3b-bc71-f18710d66918','a444c790-c224-11ee-84c1-0200fd8284f8','2024-02-26','A','2024-02-26 16:10:30','2024-02-26 16:10:30'),(176,'35f2ea39-f082-4777-87a9-99f6433bb6f8','35747793-cf20-11ee-b21b-0200fd8284f8','2024-02-26','A','2024-02-26 17:17:54','2024-02-26 17:17:54'),(177,'35f2ea39-f082-4777-87a9-99f6433bb6f8','35747793-cf20-11ee-b21b-0200fd8284f8','2024-02-26','A','2024-02-26 18:51:56','2024-02-26 18:51:56'),(178,'86da9107-adb9-4a3b-bc71-f18710d66918','a444c790-c224-11ee-84c1-0200fd8284f8','2024-02-26','A','2024-02-26 18:56:11','2024-02-26 18:56:11'),(179,'56b845b7-1236-4a32-a118-982a89f230aa','35747793-cf20-11ee-b21b-0200fd8284f8','2024-02-26','A','2024-02-26 19:55:59','2024-02-26 19:55:59'),(180,'86da9107-adb9-4a3b-bc71-f18710d66918','a444c790-c224-11ee-84c1-0200fd8284f8','2024-02-26','A','2024-02-26 20:25:43','2024-02-26 20:25:43'),(181,'35f2ea39-f082-4777-87a9-99f6433bb6f8','35747793-cf20-11ee-b21b-0200fd8284f8','2024-02-27','A','2024-02-27 08:40:27','2024-02-27 08:40:27'),(182,'56b845b7-1236-4a32-a118-982a89f230aa','35747793-cf20-11ee-b21b-0200fd8284f8','2024-02-27','A','2024-02-27 08:43:02','2024-02-27 08:43:02'),(183,'86da9107-adb9-4a3b-bc71-f18710d66918','35747793-cf20-11ee-b21b-0200fd8284f8','2024-02-27','A','2024-02-27 15:07:15','2024-02-27 15:07:15'),(184,'35f2ea39-f082-4777-87a9-99f6433bb6f8','35747793-cf20-11ee-b21b-0200fd8284f8','2024-02-27','A','2024-02-27 15:13:02','2024-02-27 15:13:02'),(185,'35f2ea39-f082-4777-87a9-99f6433bb6f8','35747793-cf20-11ee-b21b-0200fd8284f8','2024-02-27','A','2024-02-27 15:13:48','2024-02-27 15:13:48'),(186,'86da9107-adb9-4a3b-bc71-f18710d66918','a444c790-c224-11ee-84c1-0200fd8284f8','2024-02-27','A','2024-02-27 15:37:58','2024-02-27 15:37:58'),(187,'69abe0de-7812-41bd-9124-6a7238aee7d1','a444c790-c224-11ee-84c1-0200fd8284f8','2024-02-27','A','2024-02-27 20:16:05','2024-02-27 20:16:05'),(188,'69abe0de-7812-41bd-9124-6a7238aee7d1','35747793-cf20-11ee-b21b-0200fd8284f8','2024-02-27','A','2024-02-27 20:16:32','2024-02-27 20:16:32'),(189,'86da9107-adb9-4a3b-bc71-f18710d66918','a444c790-c224-11ee-84c1-0200fd8284f8','2024-02-27','A','2024-02-27 20:19:52','2024-02-27 20:19:52'),(190,'86da9107-adb9-4a3b-bc71-f18710d66918','a444c790-c224-11ee-84c1-0200fd8284f8','2024-02-27','A','2024-02-27 20:46:36','2024-02-27 20:46:36'),(191,'86da9107-adb9-4a3b-bc71-f18710d66918','a444c790-c224-11ee-84c1-0200fd8284f8','2024-02-27','A','2024-02-27 21:17:00','2024-02-27 21:17:00'),(192,'35f2ea39-f082-4777-87a9-99f6433bb6f8','35747793-cf20-11ee-b21b-0200fd8284f8','2024-02-27','A','2024-02-27 22:13:26','2024-02-27 22:13:26'),(193,'56b845b7-1236-4a32-a118-982a89f230aa','35747793-cf20-11ee-b21b-0200fd8284f8','2024-02-28','A','2024-02-28 08:39:29','2024-02-28 08:39:29'),(194,'19fb1f0a-6b2c-4e12-8be6-11fe55e8482c','a444c790-c224-11ee-84c1-0200fd8284f8','2024-02-28','A','2024-02-28 13:37:09','2024-02-28 13:37:09'),(195,'19fb1f0a-6b2c-4e12-8be6-11fe55e8482c','a444c790-c224-11ee-84c1-0200fd8284f8','2024-02-28','A','2024-02-28 14:50:25','2024-02-28 14:50:25'),(196,'35f2ea39-f082-4777-87a9-99f6433bb6f8','35747793-cf20-11ee-b21b-0200fd8284f8','2024-02-28','A','2024-02-28 16:00:43','2024-02-28 16:00:43'),(197,'86da9107-adb9-4a3b-bc71-f18710d66918','a444c790-c224-11ee-84c1-0200fd8284f8','2024-02-28','A','2024-02-28 16:26:56','2024-02-28 16:26:56'),(198,'69abe0de-7812-41bd-9124-6a7238aee7d1','a444c790-c224-11ee-84c1-0200fd8284f8','2024-02-28','A','2024-02-28 18:19:21','2024-02-28 18:19:21'),(199,'69abe0de-7812-41bd-9124-6a7238aee7d1','a444c790-c224-11ee-84c1-0200fd8284f8','2024-02-28','A','2024-02-28 18:22:49','2024-02-28 18:22:49'),(200,'69abe0de-7812-41bd-9124-6a7238aee7d1','a444c790-c224-11ee-84c1-0200fd8284f8','2024-02-28','A','2024-02-28 18:26:04','2024-02-28 18:26:04'),(201,'35f2ea39-f082-4777-87a9-99f6433bb6f8','35747793-cf20-11ee-b21b-0200fd8284f8','2024-02-28','A','2024-02-28 19:30:21','2024-02-28 19:30:21'),(202,'35f2ea39-f082-4777-87a9-99f6433bb6f8','35747793-cf20-11ee-b21b-0200fd8284f8','2024-02-28','A','2024-02-28 19:43:53','2024-02-28 19:43:53'),(203,'86da9107-adb9-4a3b-bc71-f18710d66918','a444c790-c224-11ee-84c1-0200fd8284f8','2024-02-28','A','2024-02-28 19:49:43','2024-02-28 19:49:43'),(204,'35f2ea39-f082-4777-87a9-99f6433bb6f8','35747793-cf20-11ee-b21b-0200fd8284f8','2024-02-28','A','2024-02-28 20:10:41','2024-02-28 20:10:41'),(205,'19fb1f0a-6b2c-4e12-8be6-11fe55e8482c','a444c790-c224-11ee-84c1-0200fd8284f8','2024-02-28','A','2024-02-28 20:12:19','2024-02-28 20:12:19'),(206,'19fb1f0a-6b2c-4e12-8be6-11fe55e8482c','a444c790-c224-11ee-84c1-0200fd8284f8','2024-02-28','A','2024-02-28 20:14:56','2024-02-28 20:14:56'),(207,'19fb1f0a-6b2c-4e12-8be6-11fe55e8482c','a444c790-c224-11ee-84c1-0200fd8284f8','2024-02-28','A','2024-02-28 20:15:00','2024-02-28 20:15:00'),(208,'86da9107-adb9-4a3b-bc71-f18710d66918','a444c790-c224-11ee-84c1-0200fd8284f8','2024-02-28','A','2024-02-28 20:15:07','2024-02-28 20:15:07'),(209,'19fb1f0a-6b2c-4e12-8be6-11fe55e8482c','a444c790-c224-11ee-84c1-0200fd8284f8','2024-02-28','A','2024-02-28 20:22:00','2024-02-28 20:22:00'),(210,'19fb1f0a-6b2c-4e12-8be6-11fe55e8482c','a444c790-c224-11ee-84c1-0200fd8284f8','2024-02-28','A','2024-02-28 20:22:19','2024-02-28 20:22:19'),(211,'56b845b7-1236-4a32-a118-982a89f230aa','35747793-cf20-11ee-b21b-0200fd8284f8','2024-02-29','A','2024-02-29 08:23:23','2024-02-29 08:23:23'),(212,'19fb1f0a-6b2c-4e12-8be6-11fe55e8482c','a444c790-c224-11ee-84c1-0200fd8284f8','2024-02-29','A','2024-02-29 09:46:29','2024-02-29 09:46:29'),(213,'c577e6b9-a8fa-4636-ba3f-593f1191dc14','a444c790-c224-11ee-84c1-0200fd8284f8','2024-02-29','A','2024-02-29 11:13:44','2024-02-29 11:13:44'),(214,'77ce28f7-8cba-4c20-aa61-e88eade33a9e','a444c790-c224-11ee-84c1-0200fd8284f8','2024-02-29','A','2024-02-29 13:09:13','2024-02-29 13:09:13'),(215,'77ce28f7-8cba-4c20-aa61-e88eade33a9e','35747793-cf20-11ee-b21b-0200fd8284f8','2024-02-29','A','2024-02-29 13:27:38','2024-02-29 13:27:38'),(216,'35f2ea39-f082-4777-87a9-99f6433bb6f8','35747793-cf20-11ee-b21b-0200fd8284f8','2024-02-29','A','2024-02-29 15:45:58','2024-02-29 15:45:58'),(217,'19fb1f0a-6b2c-4e12-8be6-11fe55e8482c','a444c790-c224-11ee-84c1-0200fd8284f8','2024-02-29','A','2024-02-29 16:35:07','2024-02-29 16:35:07'),(218,'19fb1f0a-6b2c-4e12-8be6-11fe55e8482c','a444c790-c224-11ee-84c1-0200fd8284f8','2024-02-29','A','2024-02-29 16:40:42','2024-02-29 16:40:42'),(219,'19fb1f0a-6b2c-4e12-8be6-11fe55e8482c','a444c790-c224-11ee-84c1-0200fd8284f8','2024-02-29','A','2024-02-29 17:03:07','2024-02-29 17:03:07'),(220,'19fb1f0a-6b2c-4e12-8be6-11fe55e8482c','a444c790-c224-11ee-84c1-0200fd8284f8','2024-02-29','A','2024-02-29 17:42:07','2024-02-29 17:42:07'),(221,'35f2ea39-f082-4777-87a9-99f6433bb6f8','35747793-cf20-11ee-b21b-0200fd8284f8','2024-02-29','A','2024-02-29 17:58:59','2024-02-29 17:58:59'),(222,'c577e6b9-a8fa-4636-ba3f-593f1191dc14','a444c790-c224-11ee-84c1-0200fd8284f8','2024-02-29','A','2024-02-29 18:25:30','2024-02-29 18:25:30'),(223,'19fb1f0a-6b2c-4e12-8be6-11fe55e8482c','a444c790-c224-11ee-84c1-0200fd8284f8','2024-02-29','A','2024-02-29 18:56:32','2024-02-29 18:56:32'),(224,'56b845b7-1236-4a32-a118-982a89f230aa','35747793-cf20-11ee-b21b-0200fd8284f8','2024-03-01','A','2024-03-01 09:14:37','2024-03-01 09:14:37'),(225,'56b845b7-1236-4a32-a118-982a89f230aa','35747793-cf20-11ee-b21b-0200fd8284f8','2024-03-01','A','2024-03-01 09:15:30','2024-03-01 09:15:30'),(226,'40c9245e-db39-4d8d-b7ef-987c48d856a6','35747793-cf20-11ee-b21b-0200fd8284f8','2024-03-01','A','2024-03-01 11:21:54','2024-03-01 11:21:54'),(227,'40c9245e-db39-4d8d-b7ef-987c48d856a6','35747793-cf20-11ee-b21b-0200fd8284f8','2024-03-01','A','2024-03-01 11:37:34','2024-03-01 11:37:34'),(228,'c577e6b9-a8fa-4636-ba3f-593f1191dc14','a444c790-c224-11ee-84c1-0200fd8284f8','2024-03-01','A','2024-03-01 14:03:46','2024-03-01 14:03:46'),(229,'c577e6b9-a8fa-4636-ba3f-593f1191dc14','a444c790-c224-11ee-84c1-0200fd8284f8','2024-03-01','A','2024-03-01 14:03:55','2024-03-01 14:03:55'),(230,'c577e6b9-a8fa-4636-ba3f-593f1191dc14','a444c790-c224-11ee-84c1-0200fd8284f8','2024-03-01','A','2024-03-01 14:07:50','2024-03-01 14:07:50'),(231,'77ce28f7-8cba-4c20-aa61-e88eade33a9e','35747793-cf20-11ee-b21b-0200fd8284f8','2024-03-01','A','2024-03-01 16:41:56','2024-03-01 16:41:56'),(232,'77ce28f7-8cba-4c20-aa61-e88eade33a9e','a444c790-c224-11ee-84c1-0200fd8284f8','2024-03-01','A','2024-03-01 16:47:54','2024-03-01 16:47:54'),(233,'69abe0de-7812-41bd-9124-6a7238aee7d1','a444c790-c224-11ee-84c1-0200fd8284f8','2024-03-01','A','2024-03-01 16:54:52','2024-03-01 16:54:52'),(234,'77ce28f7-8cba-4c20-aa61-e88eade33a9e','a444c790-c224-11ee-84c1-0200fd8284f8','2024-03-01','A','2024-03-01 16:56:27','2024-03-01 16:56:27'),(235,'77ce28f7-8cba-4c20-aa61-e88eade33a9e','35747793-cf20-11ee-b21b-0200fd8284f8','2024-03-01','A','2024-03-01 16:56:37','2024-03-01 16:56:37'),(236,'77ce28f7-8cba-4c20-aa61-e88eade33a9e','a444c790-c224-11ee-84c1-0200fd8284f8','2024-03-01','A','2024-03-01 16:57:07','2024-03-01 16:57:07'),(237,'69abe0de-7812-41bd-9124-6a7238aee7d1','35747793-cf20-11ee-b21b-0200fd8284f8','2024-03-01','A','2024-03-01 17:00:34','2024-03-01 17:00:34'),(238,'35f2ea39-f082-4777-87a9-99f6433bb6f8','35747793-cf20-11ee-b21b-0200fd8284f8','2024-03-01','A','2024-03-01 17:35:21','2024-03-01 17:35:21'),(239,'c577e6b9-a8fa-4636-ba3f-593f1191dc14','a444c790-c224-11ee-84c1-0200fd8284f8','2024-03-01','A','2024-03-01 17:48:05','2024-03-01 17:48:05'),(240,'35f2ea39-f082-4777-87a9-99f6433bb6f8','35747793-cf20-11ee-b21b-0200fd8284f8','2024-03-01','A','2024-03-01 18:32:10','2024-03-01 18:32:10'),(241,'c577e6b9-a8fa-4636-ba3f-593f1191dc14','a444c790-c224-11ee-84c1-0200fd8284f8','2024-03-01','A','2024-03-01 18:53:02','2024-03-01 18:53:02'),(242,'c577e6b9-a8fa-4636-ba3f-593f1191dc14','a444c790-c224-11ee-84c1-0200fd8284f8','2024-03-01','A','2024-03-01 19:10:37','2024-03-01 19:10:37'),(243,'19fb1f0a-6b2c-4e12-8be6-11fe55e8482c','a444c790-c224-11ee-84c1-0200fd8284f8','2024-03-01','A','2024-03-01 19:18:29','2024-03-01 19:18:29'),(244,'19fb1f0a-6b2c-4e12-8be6-11fe55e8482c','a444c790-c224-11ee-84c1-0200fd8284f8','2024-03-01','A','2024-03-01 19:28:20','2024-03-01 19:28:20'),(245,'35f2ea39-f082-4777-87a9-99f6433bb6f8','35747793-cf20-11ee-b21b-0200fd8284f8','2024-03-01','A','2024-03-01 20:24:59','2024-03-01 20:24:59'),(246,'40c9245e-db39-4d8d-b7ef-987c48d856a6','35747793-cf20-11ee-b21b-0200fd8284f8','2024-03-02','A','2024-03-02 09:16:37','2024-03-02 09:16:37'),(247,'77ce28f7-8cba-4c20-aa61-e88eade33a9e','a444c790-c224-11ee-84c1-0200fd8284f8','2024-03-02','A','2024-03-02 10:20:23','2024-03-02 10:20:23'),(248,'77ce28f7-8cba-4c20-aa61-e88eade33a9e','a444c790-c224-11ee-84c1-0200fd8284f8','2024-03-02','A','2024-03-02 10:27:00','2024-03-02 10:27:00'),(249,'40c9245e-db39-4d8d-b7ef-987c48d856a6','35747793-cf20-11ee-b21b-0200fd8284f8','2024-03-02','A','2024-03-02 14:56:33','2024-03-02 14:56:33'),(250,'19fb1f0a-6b2c-4e12-8be6-11fe55e8482c','a444c790-c224-11ee-84c1-0200fd8284f8','2024-03-02','A','2024-03-02 15:41:53','2024-03-02 15:41:53'),(251,'86da9107-adb9-4a3b-bc71-f18710d66918','a444c790-c224-11ee-84c1-0200fd8284f8','2024-03-02','A','2024-03-02 18:26:36','2024-03-02 18:26:36'),(252,'19fb1f0a-6b2c-4e12-8be6-11fe55e8482c','a444c790-c224-11ee-84c1-0200fd8284f8','2024-03-02','A','2024-03-02 19:16:11','2024-03-02 19:16:11'),(253,'19fb1f0a-6b2c-4e12-8be6-11fe55e8482c','a444c790-c224-11ee-84c1-0200fd8284f8','2024-03-02','A','2024-03-02 19:19:40','2024-03-02 19:19:40'),(254,'19fb1f0a-6b2c-4e12-8be6-11fe55e8482c','a444c790-c224-11ee-84c1-0200fd8284f8','2024-03-02','A','2024-03-02 19:19:53','2024-03-02 19:19:53'),(255,'86da9107-adb9-4a3b-bc71-f18710d66918','a444c790-c224-11ee-84c1-0200fd8284f8','2024-03-02','A','2024-03-02 19:21:56','2024-03-02 19:21:56'),(256,'19fb1f0a-6b2c-4e12-8be6-11fe55e8482c','a444c790-c224-11ee-84c1-0200fd8284f8','2024-03-02','A','2024-03-02 20:55:42','2024-03-02 20:55:42'),(257,'19fb1f0a-6b2c-4e12-8be6-11fe55e8482c','a444c790-c224-11ee-84c1-0200fd8284f8','2024-03-02','A','2024-03-02 20:56:04','2024-03-02 20:56:04'),(258,'19fb1f0a-6b2c-4e12-8be6-11fe55e8482c','a444c790-c224-11ee-84c1-0200fd8284f8','2024-03-02','A','2024-03-02 20:56:17','2024-03-02 20:56:17'),(259,'19fb1f0a-6b2c-4e12-8be6-11fe55e8482c','a444c790-c224-11ee-84c1-0200fd8284f8','2024-03-02','A','2024-03-02 21:02:37','2024-03-02 21:02:37'),(260,'35f2ea39-f082-4777-87a9-99f6433bb6f8','35747793-cf20-11ee-b21b-0200fd8284f8','2024-03-02','A','2024-03-02 21:02:43','2024-03-02 21:02:43'),(261,'19fb1f0a-6b2c-4e12-8be6-11fe55e8482c','a444c790-c224-11ee-84c1-0200fd8284f8','2024-03-02','A','2024-03-02 21:02:48','2024-03-02 21:02:48'),(262,'86da9107-adb9-4a3b-bc71-f18710d66918','a444c790-c224-11ee-84c1-0200fd8284f8','2024-03-02','A','2024-03-02 21:11:20','2024-03-02 21:11:20'),(263,'86da9107-adb9-4a3b-bc71-f18710d66918','a444c790-c224-11ee-84c1-0200fd8284f8','2024-03-02','A','2024-03-02 21:42:18','2024-03-02 21:42:18'),(264,'69abe0de-7812-41bd-9124-6a7238aee7d1','a444c790-c224-11ee-84c1-0200fd8284f8','2024-03-05','A','2024-03-05 07:49:12','2024-03-05 07:49:12'),(265,'69abe0de-7812-41bd-9124-6a7238aee7d1','35747793-cf20-11ee-b21b-0200fd8284f8','2024-03-05','A','2024-03-05 07:50:07','2024-03-05 07:50:07'),(266,'40c9245e-db39-4d8d-b7ef-987c48d856a6','35747793-cf20-11ee-b21b-0200fd8284f8','2024-03-05','A','2024-03-05 08:33:22','2024-03-05 08:33:22'),(267,'86da9107-adb9-4a3b-bc71-f18710d66918','a444c790-c224-11ee-84c1-0200fd8284f8','2024-03-05','A','2024-03-05 09:23:41','2024-03-05 09:23:41'),(268,'40c9245e-db39-4d8d-b7ef-987c48d856a6','a444c790-c224-11ee-84c1-0200fd8284f8','2024-03-05','A','2024-03-05 10:39:50','2024-03-05 10:39:50'),(269,'40c9245e-db39-4d8d-b7ef-987c48d856a6','35747793-cf20-11ee-b21b-0200fd8284f8','2024-03-05','A','2024-03-05 10:43:13','2024-03-05 10:43:13'),(270,'40c9245e-db39-4d8d-b7ef-987c48d856a6','35747793-cf20-11ee-b21b-0200fd8284f8','2024-03-05','A','2024-03-05 14:13:37','2024-03-05 14:13:37'),(271,'19fb1f0a-6b2c-4e12-8be6-11fe55e8482c','a444c790-c224-11ee-84c1-0200fd8284f8','2024-03-05','A','2024-03-05 15:33:26','2024-03-05 15:33:26'),(272,'19fb1f0a-6b2c-4e12-8be6-11fe55e8482c','a444c790-c224-11ee-84c1-0200fd8284f8','2024-03-05','A','2024-03-05 16:35:37','2024-03-05 16:35:37'),(273,'19fb1f0a-6b2c-4e12-8be6-11fe55e8482c','a444c790-c224-11ee-84c1-0200fd8284f8','2024-03-05','A','2024-03-05 16:49:20','2024-03-05 16:49:20'),(274,'19fb1f0a-6b2c-4e12-8be6-11fe55e8482c','a444c790-c224-11ee-84c1-0200fd8284f8','2024-03-05','A','2024-03-05 16:49:40','2024-03-05 16:49:40'),(275,'35f2ea39-f082-4777-87a9-99f6433bb6f8','35747793-cf20-11ee-b21b-0200fd8284f8','2024-03-05','A','2024-03-05 17:17:09','2024-03-05 17:17:09'),(276,'86da9107-adb9-4a3b-bc71-f18710d66918','a444c790-c224-11ee-84c1-0200fd8284f8','2024-03-05','A','2024-03-05 17:33:50','2024-03-05 17:33:50'),(277,'40c9245e-db39-4d8d-b7ef-987c48d856a6','35747793-cf20-11ee-b21b-0200fd8284f8','2024-03-05','A','2024-03-05 18:27:54','2024-03-05 18:27:54'),(278,'c577e6b9-a8fa-4636-ba3f-593f1191dc14','a444c790-c224-11ee-84c1-0200fd8284f8','2024-03-05','A','2024-03-05 18:56:04','2024-03-05 18:56:04'),(279,'35f2ea39-f082-4777-87a9-99f6433bb6f8','35747793-cf20-11ee-b21b-0200fd8284f8','2024-03-05','A','2024-03-05 19:17:07','2024-03-05 19:17:07'),(280,'86da9107-adb9-4a3b-bc71-f18710d66918','a444c790-c224-11ee-84c1-0200fd8284f8','2024-03-05','A','2024-03-05 20:02:14','2024-03-05 20:02:14'),(281,'56b845b7-1236-4a32-a118-982a89f230aa','35747793-cf20-11ee-b21b-0200fd8284f8','2024-03-06','A','2024-03-06 09:10:37','2024-03-06 09:10:37'),(282,'86da9107-adb9-4a3b-bc71-f18710d66918','a444c790-c224-11ee-84c1-0200fd8284f8','2024-03-06','A','2024-03-06 10:34:45','2024-03-06 10:34:45'),(283,'35f2ea39-f082-4777-87a9-99f6433bb6f8','35747793-cf20-11ee-b21b-0200fd8284f8','2024-03-06','A','2024-03-06 17:04:29','2024-03-06 17:04:29'),(284,'56b845b7-1236-4a32-a118-982a89f230aa','35747793-cf20-11ee-b21b-0200fd8284f8','2024-03-06','A','2024-03-06 18:04:25','2024-03-06 18:04:25'),(285,'19fb1f0a-6b2c-4e12-8be6-11fe55e8482c','a444c790-c224-11ee-84c1-0200fd8284f8','2024-03-06','A','2024-03-06 18:24:20','2024-03-06 18:24:20'),(286,'c577e6b9-a8fa-4636-ba3f-593f1191dc14','a444c790-c224-11ee-84c1-0200fd8284f8','2024-03-06','A','2024-03-06 18:46:59','2024-03-06 18:46:59'),(287,'c577e6b9-a8fa-4636-ba3f-593f1191dc14','a444c790-c224-11ee-84c1-0200fd8284f8','2024-03-06','A','2024-03-06 19:51:52','2024-03-06 19:51:52'),(288,'c577e6b9-a8fa-4636-ba3f-593f1191dc14','a444c790-c224-11ee-84c1-0200fd8284f8','2024-03-06','A','2024-03-06 19:58:37','2024-03-06 19:58:37'),(289,'c577e6b9-a8fa-4636-ba3f-593f1191dc14','a444c790-c224-11ee-84c1-0200fd8284f8','2024-03-06','A','2024-03-06 20:31:40','2024-03-06 20:31:40'),(290,'35f2ea39-f082-4777-87a9-99f6433bb6f8','35747793-cf20-11ee-b21b-0200fd8284f8','2024-03-06','A','2024-03-06 20:33:14','2024-03-06 20:33:14'),(291,'c577e6b9-a8fa-4636-ba3f-593f1191dc14','a444c790-c224-11ee-84c1-0200fd8284f8','2024-03-06','A','2024-03-06 20:36:48','2024-03-06 20:36:48'),(292,'c577e6b9-a8fa-4636-ba3f-593f1191dc14','a444c790-c224-11ee-84c1-0200fd8284f8','2024-03-06','A','2024-03-06 20:43:34','2024-03-06 20:43:34'),(293,'c577e6b9-a8fa-4636-ba3f-593f1191dc14','a444c790-c224-11ee-84c1-0200fd8284f8','2024-03-06','A','2024-03-06 20:48:12','2024-03-06 20:48:12'),(294,'40c9245e-db39-4d8d-b7ef-987c48d856a6','35747793-cf20-11ee-b21b-0200fd8284f8','2024-03-07','A','2024-03-07 08:27:04','2024-03-07 08:27:04'),(295,'c577e6b9-a8fa-4636-ba3f-593f1191dc14','a444c790-c224-11ee-84c1-0200fd8284f8','2024-03-07','A','2024-03-07 09:58:40','2024-03-07 09:58:40'),(296,'c577e6b9-a8fa-4636-ba3f-593f1191dc14','a444c790-c224-11ee-84c1-0200fd8284f8','2024-03-07','A','2024-03-07 09:58:59','2024-03-07 09:58:59'),(297,'c577e6b9-a8fa-4636-ba3f-593f1191dc14','a444c790-c224-11ee-84c1-0200fd8284f8','2024-03-07','A','2024-03-07 11:11:03','2024-03-07 11:11:03'),(298,'19fb1f0a-6b2c-4e12-8be6-11fe55e8482c','a444c790-c224-11ee-84c1-0200fd8284f8','2024-03-07','A','2024-03-07 13:42:35','2024-03-07 13:42:35'),(299,'c577e6b9-a8fa-4636-ba3f-593f1191dc14','a444c790-c224-11ee-84c1-0200fd8284f8','2024-03-07','A','2024-03-07 14:32:38','2024-03-07 14:32:38'),(300,'19fb1f0a-6b2c-4e12-8be6-11fe55e8482c','a444c790-c224-11ee-84c1-0200fd8284f8','2024-03-07','A','2024-03-07 14:47:53','2024-03-07 14:47:53'),(301,'77ce28f7-8cba-4c20-aa61-e88eade33a9e','a444c790-c224-11ee-84c1-0200fd8284f8','2024-03-07','A','2024-03-07 15:07:00','2024-03-07 15:07:00'),(302,'77ce28f7-8cba-4c20-aa61-e88eade33a9e','a444c790-c224-11ee-84c1-0200fd8284f8','2024-03-07','A','2024-03-07 15:11:27','2024-03-07 15:11:27'),(303,'c577e6b9-a8fa-4636-ba3f-593f1191dc14','a444c790-c224-11ee-84c1-0200fd8284f8','2024-03-07','A','2024-03-07 15:43:53','2024-03-07 15:43:53'),(304,'19fb1f0a-6b2c-4e12-8be6-11fe55e8482c','a444c790-c224-11ee-84c1-0200fd8284f8','2024-03-07','A','2024-03-07 18:19:51','2024-03-07 18:19:51'),(305,'40c9245e-db39-4d8d-b7ef-987c48d856a6','35747793-cf20-11ee-b21b-0200fd8284f8','2024-03-07','A','2024-03-07 18:20:17','2024-03-07 18:20:17'),(306,'19fb1f0a-6b2c-4e12-8be6-11fe55e8482c','a444c790-c224-11ee-84c1-0200fd8284f8','2024-03-07','A','2024-03-07 18:20:38','2024-03-07 18:20:38'),(307,'19fb1f0a-6b2c-4e12-8be6-11fe55e8482c','a444c790-c224-11ee-84c1-0200fd8284f8','2024-03-07','A','2024-03-07 18:20:41','2024-03-07 18:20:41'),(308,'35f2ea39-f082-4777-87a9-99f6433bb6f8','35747793-cf20-11ee-b21b-0200fd8284f8','2024-03-07','A','2024-03-07 19:05:54','2024-03-07 19:05:54'),(309,'c577e6b9-a8fa-4636-ba3f-593f1191dc14','a444c790-c224-11ee-84c1-0200fd8284f8','2024-03-07','A','2024-03-07 19:38:27','2024-03-07 19:38:27'),(310,'56b845b7-1236-4a32-a118-982a89f230aa','35747793-cf20-11ee-b21b-0200fd8284f8','2024-03-08','A','2024-03-08 08:47:11','2024-03-08 08:47:11'),(311,'56b845b7-1236-4a32-a118-982a89f230aa','35747793-cf20-11ee-b21b-0200fd8284f8','2024-03-08','A','2024-03-08 12:04:36','2024-03-08 12:04:36'),(312,'19fb1f0a-6b2c-4e12-8be6-11fe55e8482c','a444c790-c224-11ee-84c1-0200fd8284f8','2024-03-08','A','2024-03-08 14:33:24','2024-03-08 14:33:24'),(313,'19fb1f0a-6b2c-4e12-8be6-11fe55e8482c','a444c790-c224-11ee-84c1-0200fd8284f8','2024-03-08','A','2024-03-08 14:33:59','2024-03-08 14:33:59'),(314,'19fb1f0a-6b2c-4e12-8be6-11fe55e8482c','a444c790-c224-11ee-84c1-0200fd8284f8','2024-03-08','A','2024-03-08 14:34:08','2024-03-08 14:34:08'),(315,'56b845b7-1236-4a32-a118-982a89f230aa','35747793-cf20-11ee-b21b-0200fd8284f8','2024-03-08','A','2024-03-08 16:41:40','2024-03-08 16:41:40'),(316,'c577e6b9-a8fa-4636-ba3f-593f1191dc14','a444c790-c224-11ee-84c1-0200fd8284f8','2024-03-08','A','2024-03-08 18:06:00','2024-03-08 18:06:00'),(317,'19fb1f0a-6b2c-4e12-8be6-11fe55e8482c','a444c790-c224-11ee-84c1-0200fd8284f8','2024-03-08','A','2024-03-08 18:44:23','2024-03-08 18:44:23'),(318,'35f2ea39-f082-4777-87a9-99f6433bb6f8','35747793-cf20-11ee-b21b-0200fd8284f8','2024-03-08','A','2024-03-08 18:49:35','2024-03-08 18:49:35'),(319,'c577e6b9-a8fa-4636-ba3f-593f1191dc14','a444c790-c224-11ee-84c1-0200fd8284f8','2024-03-08','A','2024-03-08 19:11:12','2024-03-08 19:11:12'),(320,'40c9245e-db39-4d8d-b7ef-987c48d856a6','35747793-cf20-11ee-b21b-0200fd8284f8','2024-03-09','A','2024-03-09 08:53:04','2024-03-09 08:53:04'),(321,'40c9245e-db39-4d8d-b7ef-987c48d856a6','35747793-cf20-11ee-b21b-0200fd8284f8','2024-03-09','A','2024-03-09 14:29:49','2024-03-09 14:29:49'),(322,'19fb1f0a-6b2c-4e12-8be6-11fe55e8482c','a444c790-c224-11ee-84c1-0200fd8284f8','2024-03-09','A','2024-03-09 15:10:30','2024-03-09 15:10:30'),(323,'c577e6b9-a8fa-4636-ba3f-593f1191dc14','a444c790-c224-11ee-84c1-0200fd8284f8','2024-03-09','A','2024-03-09 15:44:23','2024-03-09 15:44:23'),(324,'c577e6b9-a8fa-4636-ba3f-593f1191dc14','a444c790-c224-11ee-84c1-0200fd8284f8','2024-03-09','A','2024-03-09 15:49:59','2024-03-09 15:49:59'),(325,'35f2ea39-f082-4777-87a9-99f6433bb6f8','35747793-cf20-11ee-b21b-0200fd8284f8','2024-03-09','A','2024-03-09 19:13:36','2024-03-09 19:13:36'),(326,'40c9245e-db39-4d8d-b7ef-987c48d856a6','35747793-cf20-11ee-b21b-0200fd8284f8','2024-03-09','A','2024-03-09 19:15:40','2024-03-09 19:15:40'),(327,'c577e6b9-a8fa-4636-ba3f-593f1191dc14','a444c790-c224-11ee-84c1-0200fd8284f8','2024-03-09','A','2024-03-09 19:21:47','2024-03-09 19:21:47'),(328,'c577e6b9-a8fa-4636-ba3f-593f1191dc14','a444c790-c224-11ee-84c1-0200fd8284f8','2024-03-09','A','2024-03-09 20:14:55','2024-03-09 20:14:55'),(329,'40c9245e-db39-4d8d-b7ef-987c48d856a6','35747793-cf20-11ee-b21b-0200fd8284f8','2024-03-11','A','2024-03-11 08:42:44','2024-03-11 08:42:44'),(330,'69abe0de-7812-41bd-9124-6a7238aee7d1','a444c790-c224-11ee-84c1-0200fd8284f8','2024-03-11','A','2024-03-11 11:50:36','2024-03-11 11:50:36'),(331,'69abe0de-7812-41bd-9124-6a7238aee7d1','a444c790-c224-11ee-84c1-0200fd8284f8','2024-03-11','A','2024-03-11 11:51:10','2024-03-11 11:51:10'),(332,'69abe0de-7812-41bd-9124-6a7238aee7d1','35747793-cf20-11ee-b21b-0200fd8284f8','2024-03-11','A','2024-03-11 11:51:22','2024-03-11 11:51:22'),(333,'69abe0de-7812-41bd-9124-6a7238aee7d1','35747793-cf20-11ee-b21b-0200fd8284f8','2024-03-11','A','2024-03-11 11:52:35','2024-03-11 11:52:35'),(334,'86da9107-adb9-4a3b-bc71-f18710d66918','a444c790-c224-11ee-84c1-0200fd8284f8','2024-03-11','A','2024-03-11 14:33:56','2024-03-11 14:33:56'),(335,'19fb1f0a-6b2c-4e12-8be6-11fe55e8482c','a444c790-c224-11ee-84c1-0200fd8284f8','2024-03-11','A','2024-03-11 15:08:43','2024-03-11 15:08:43'),(336,'40c9245e-db39-4d8d-b7ef-987c48d856a6','35747793-cf20-11ee-b21b-0200fd8284f8','2024-03-11','A','2024-03-11 16:11:06','2024-03-11 16:11:06'),(337,'35f2ea39-f082-4777-87a9-99f6433bb6f8','35747793-cf20-11ee-b21b-0200fd8284f8','2024-03-11','A','2024-03-11 16:56:27','2024-03-11 16:56:27'),(338,'77ce28f7-8cba-4c20-aa61-e88eade33a9e','a444c790-c224-11ee-84c1-0200fd8284f8','2024-03-11','A','2024-03-11 16:59:08','2024-03-11 16:59:08'),(339,'35f2ea39-f082-4777-87a9-99f6433bb6f8','35747793-cf20-11ee-b21b-0200fd8284f8','2024-03-11','A','2024-03-11 17:01:13','2024-03-11 17:01:13'),(340,'c577e6b9-a8fa-4636-ba3f-593f1191dc14','a444c790-c224-11ee-84c1-0200fd8284f8','2024-03-11','A','2024-03-11 18:36:34','2024-03-11 18:36:34'),(341,'35f2ea39-f082-4777-87a9-99f6433bb6f8','35747793-cf20-11ee-b21b-0200fd8284f8','2024-03-11','A','2024-03-11 19:48:29','2024-03-11 19:48:29'),(342,'19fb1f0a-6b2c-4e12-8be6-11fe55e8482c','a444c790-c224-11ee-84c1-0200fd8284f8','2024-03-11','A','2024-03-11 19:56:51','2024-03-11 19:56:51'),(343,'86da9107-adb9-4a3b-bc71-f18710d66918','a444c790-c224-11ee-84c1-0200fd8284f8','2024-03-11','A','2024-03-11 20:03:38','2024-03-11 20:03:38'),(344,'19fb1f0a-6b2c-4e12-8be6-11fe55e8482c','a444c790-c224-11ee-84c1-0200fd8284f8','2024-03-11','A','2024-03-11 20:29:51','2024-03-11 20:29:51'),(345,'19fb1f0a-6b2c-4e12-8be6-11fe55e8482c','a444c790-c224-11ee-84c1-0200fd8284f8','2024-03-11','A','2024-03-11 20:29:55','2024-03-11 20:29:55'),(346,'56b845b7-1236-4a32-a118-982a89f230aa','35747793-cf20-11ee-b21b-0200fd8284f8','2024-03-12','A','2024-03-12 08:14:21','2024-03-12 08:14:21'),(347,'56b845b7-1236-4a32-a118-982a89f230aa','35747793-cf20-11ee-b21b-0200fd8284f8','2024-03-12','A','2024-03-12 08:15:05','2024-03-12 08:15:05'),(348,'86da9107-adb9-4a3b-bc71-f18710d66918','a444c790-c224-11ee-84c1-0200fd8284f8','2024-03-12','A','2024-03-12 09:32:09','2024-03-12 09:32:09'),(349,'56b845b7-1236-4a32-a118-982a89f230aa','35747793-cf20-11ee-b21b-0200fd8284f8','2024-03-12','A','2024-03-12 15:21:31','2024-03-12 15:21:31'),(350,'19fb1f0a-6b2c-4e12-8be6-11fe55e8482c','a444c790-c224-11ee-84c1-0200fd8284f8','2024-03-12','A','2024-03-12 16:09:03','2024-03-12 16:09:03'),(351,'35f2ea39-f082-4777-87a9-99f6433bb6f8','35747793-cf20-11ee-b21b-0200fd8284f8','2024-03-12','A','2024-03-12 16:33:34','2024-03-12 16:33:34'),(352,'19fb1f0a-6b2c-4e12-8be6-11fe55e8482c','a444c790-c224-11ee-84c1-0200fd8284f8','2024-03-12','A','2024-03-12 18:15:26','2024-03-12 18:15:26'),(353,'86da9107-adb9-4a3b-bc71-f18710d66918','35747793-cf20-11ee-b21b-0200fd8284f8','2024-03-12','A','2024-03-12 18:38:58','2024-03-12 18:38:58'),(354,'35f2ea39-f082-4777-87a9-99f6433bb6f8','35747793-cf20-11ee-b21b-0200fd8284f8','2024-03-12','A','2024-03-12 19:19:34','2024-03-12 19:19:34'),(355,'35f2ea39-f082-4777-87a9-99f6433bb6f8','35747793-cf20-11ee-b21b-0200fd8284f8','2024-03-12','A','2024-03-12 19:20:12','2024-03-12 19:20:12'),(356,'86da9107-adb9-4a3b-bc71-f18710d66918','a444c790-c224-11ee-84c1-0200fd8284f8','2024-03-12','A','2024-03-12 19:44:56','2024-03-12 19:44:56'),(357,'35f2ea39-f082-4777-87a9-99f6433bb6f8','35747793-cf20-11ee-b21b-0200fd8284f8','2024-03-12','A','2024-03-12 19:50:19','2024-03-12 19:50:19'),(358,'c577e6b9-a8fa-4636-ba3f-593f1191dc14','a444c790-c224-11ee-84c1-0200fd8284f8','2024-03-12','A','2024-03-12 19:56:09','2024-03-12 19:56:09'),(359,'40c9245e-db39-4d8d-b7ef-987c48d856a6','35747793-cf20-11ee-b21b-0200fd8284f8','2024-03-13','A','2024-03-13 08:43:46','2024-03-13 08:43:46'),(360,'c577e6b9-a8fa-4636-ba3f-593f1191dc14','a444c790-c224-11ee-84c1-0200fd8284f8','2024-03-13','A','2024-03-13 11:01:33','2024-03-13 11:01:33'),(361,'35f2ea39-f082-4777-87a9-99f6433bb6f8','35747793-cf20-11ee-b21b-0200fd8284f8','2024-03-13','A','2024-03-13 14:16:26','2024-03-13 14:16:26'),(362,'35f2ea39-f082-4777-87a9-99f6433bb6f8','35747793-cf20-11ee-b21b-0200fd8284f8','2024-03-13','A','2024-03-13 18:22:00','2024-03-13 18:22:00'),(363,'35f2ea39-f082-4777-87a9-99f6433bb6f8','35747793-cf20-11ee-b21b-0200fd8284f8','2024-03-13','A','2024-03-13 18:26:48','2024-03-13 18:26:48'),(364,'40c9245e-db39-4d8d-b7ef-987c48d856a6','35747793-cf20-11ee-b21b-0200fd8284f8','2024-03-13','A','2024-03-13 18:45:04','2024-03-13 18:45:04'),(365,'19fb1f0a-6b2c-4e12-8be6-11fe55e8482c','a444c790-c224-11ee-84c1-0200fd8284f8','2024-03-13','A','2024-03-13 18:55:44','2024-03-13 18:55:44'),(366,'35f2ea39-f082-4777-87a9-99f6433bb6f8','35747793-cf20-11ee-b21b-0200fd8284f8','2024-03-13','A','2024-03-13 21:03:16','2024-03-13 21:03:16'),(367,'56b845b7-1236-4a32-a118-982a89f230aa','35747793-cf20-11ee-b21b-0200fd8284f8','2024-03-14','A','2024-03-14 08:59:53','2024-03-14 08:59:53'),(368,'c577e6b9-a8fa-4636-ba3f-593f1191dc14','a444c790-c224-11ee-84c1-0200fd8284f8','2024-03-14','A','2024-03-14 15:29:54','2024-03-14 15:29:54'),(369,'56b845b7-1236-4a32-a118-982a89f230aa','35747793-cf20-11ee-b21b-0200fd8284f8','2024-03-14','A','2024-03-14 17:41:51','2024-03-14 17:41:51'),(370,'19fb1f0a-6b2c-4e12-8be6-11fe55e8482c','a444c790-c224-11ee-84c1-0200fd8284f8','2024-03-14','A','2024-03-14 17:46:00','2024-03-14 17:46:00'),(371,'19fb1f0a-6b2c-4e12-8be6-11fe55e8482c','a444c790-c224-11ee-84c1-0200fd8284f8','2024-03-14','A','2024-03-14 18:29:21','2024-03-14 18:29:21'),(372,'19fb1f0a-6b2c-4e12-8be6-11fe55e8482c','a444c790-c224-11ee-84c1-0200fd8284f8','2024-03-14','A','2024-03-14 18:48:08','2024-03-14 18:48:08'),(373,'35f2ea39-f082-4777-87a9-99f6433bb6f8','35747793-cf20-11ee-b21b-0200fd8284f8','2024-03-14','A','2024-03-14 19:44:15','2024-03-14 19:44:15'),(374,'c577e6b9-a8fa-4636-ba3f-593f1191dc14','a444c790-c224-11ee-84c1-0200fd8284f8','2024-03-14','A','2024-03-14 20:08:52','2024-03-14 20:08:52'),(375,'19fb1f0a-6b2c-4e12-8be6-11fe55e8482c','a444c790-c224-11ee-84c1-0200fd8284f8','2024-03-14','A','2024-03-14 20:19:01','2024-03-14 20:19:01'),(376,'35f2ea39-f082-4777-87a9-99f6433bb6f8','35747793-cf20-11ee-b21b-0200fd8284f8','2024-03-14','A','2024-03-14 20:50:53','2024-03-14 20:50:53'),(377,'c577e6b9-a8fa-4636-ba3f-593f1191dc14','a444c790-c224-11ee-84c1-0200fd8284f8','2024-03-14','A','2024-03-14 20:56:36','2024-03-14 20:56:36'),(378,'56b845b7-1236-4a32-a118-982a89f230aa','35747793-cf20-11ee-b21b-0200fd8284f8','2024-03-15','A','2024-03-15 08:15:48','2024-03-15 08:15:48'),(379,'c577e6b9-a8fa-4636-ba3f-593f1191dc14','a444c790-c224-11ee-84c1-0200fd8284f8','2024-03-15','A','2024-03-15 10:55:14','2024-03-15 10:55:14'),(380,'86da9107-adb9-4a3b-bc71-f18710d66918','a444c790-c224-11ee-84c1-0200fd8284f8','2024-03-15','A','2024-03-15 13:10:18','2024-03-15 13:10:18'),(381,'56b845b7-1236-4a32-a118-982a89f230aa','35747793-cf20-11ee-b21b-0200fd8284f8','2024-03-15','A','2024-03-15 14:25:25','2024-03-15 14:25:25'),(382,'35f2ea39-f082-4777-87a9-99f6433bb6f8','35747793-cf20-11ee-b21b-0200fd8284f8','2024-03-16','A','2024-03-16 09:35:22','2024-03-16 09:35:22'),(383,'40c9245e-db39-4d8d-b7ef-987c48d856a6','35747793-cf20-11ee-b21b-0200fd8284f8','2024-03-16','A','2024-03-16 17:15:53','2024-03-16 17:15:53'),(384,'19fb1f0a-6b2c-4e12-8be6-11fe55e8482c','a444c790-c224-11ee-84c1-0200fd8284f8','2024-03-16','A','2024-03-16 17:36:02','2024-03-16 17:36:02'),(385,'86da9107-adb9-4a3b-bc71-f18710d66918','a444c790-c224-11ee-84c1-0200fd8284f8','2024-03-16','A','2024-03-16 18:25:24','2024-03-16 18:25:24'),(386,'c577e6b9-a8fa-4636-ba3f-593f1191dc14','a444c790-c224-11ee-84c1-0200fd8284f8','2024-03-18','A','2024-03-18 14:38:32','2024-03-18 14:38:32'),(387,'40c9245e-db39-4d8d-b7ef-987c48d856a6','35747793-cf20-11ee-b21b-0200fd8284f8','2024-03-18','A','2024-03-18 16:26:59','2024-03-18 16:26:59'),(388,'19fb1f0a-6b2c-4e12-8be6-11fe55e8482c','a444c790-c224-11ee-84c1-0200fd8284f8','2024-03-18','A','2024-03-18 17:51:18','2024-03-18 17:51:18'),(389,'35f2ea39-f082-4777-87a9-99f6433bb6f8','35747793-cf20-11ee-b21b-0200fd8284f8','2024-03-18','A','2024-03-18 17:53:07','2024-03-18 17:53:07'),(390,'19fb1f0a-6b2c-4e12-8be6-11fe55e8482c','a444c790-c224-11ee-84c1-0200fd8284f8','2024-03-18','A','2024-03-18 17:54:15','2024-03-18 17:54:15'),(391,'19fb1f0a-6b2c-4e12-8be6-11fe55e8482c','a444c790-c224-11ee-84c1-0200fd8284f8','2024-03-18','A','2024-03-18 17:54:28','2024-03-18 17:54:28'),(392,'c577e6b9-a8fa-4636-ba3f-593f1191dc14','a444c790-c224-11ee-84c1-0200fd8284f8','2024-03-18','A','2024-03-18 18:30:38','2024-03-18 18:30:38'),(393,'c577e6b9-a8fa-4636-ba3f-593f1191dc14','a444c790-c224-11ee-84c1-0200fd8284f8','2024-03-18','A','2024-03-18 18:33:35','2024-03-18 18:33:35'),(394,'35f2ea39-f082-4777-87a9-99f6433bb6f8','35747793-cf20-11ee-b21b-0200fd8284f8','2024-03-18','A','2024-03-18 19:26:50','2024-03-18 19:26:50'),(395,'c577e6b9-a8fa-4636-ba3f-593f1191dc14','a444c790-c224-11ee-84c1-0200fd8284f8','2024-03-18','A','2024-03-18 19:38:17','2024-03-18 19:38:17'),(396,'56b845b7-1236-4a32-a118-982a89f230aa','35747793-cf20-11ee-b21b-0200fd8284f8','2024-03-19','A','2024-03-19 08:57:54','2024-03-19 08:57:54'),(397,'c577e6b9-a8fa-4636-ba3f-593f1191dc14','a444c790-c224-11ee-84c1-0200fd8284f8','2024-03-19','A','2024-03-19 13:41:10','2024-03-19 13:41:10'),(398,'69abe0de-7812-41bd-9124-6a7238aee7d1','a444c790-c224-11ee-84c1-0200fd8284f8','2024-03-19','A','2024-03-19 13:54:43','2024-03-19 13:54:43'),(399,'69abe0de-7812-41bd-9124-6a7238aee7d1','35747793-cf20-11ee-b21b-0200fd8284f8','2024-03-19','A','2024-03-19 13:55:14','2024-03-19 13:55:14'),(400,'69abe0de-7812-41bd-9124-6a7238aee7d1','a444c790-c224-11ee-84c1-0200fd8284f8','2024-03-19','A','2024-03-19 14:25:23','2024-03-19 14:25:23'),(401,'69abe0de-7812-41bd-9124-6a7238aee7d1','35747793-cf20-11ee-b21b-0200fd8284f8','2024-03-19','A','2024-03-19 14:26:53','2024-03-19 14:26:53'),(402,'69abe0de-7812-41bd-9124-6a7238aee7d1','35747793-cf20-11ee-b21b-0200fd8284f8','2024-03-19','A','2024-03-19 15:43:12','2024-03-19 15:43:12'),(403,'69abe0de-7812-41bd-9124-6a7238aee7d1','35747793-cf20-11ee-b21b-0200fd8284f8','2024-03-19','A','2024-03-19 15:49:13','2024-03-19 15:49:13'),(404,'69abe0de-7812-41bd-9124-6a7238aee7d1','a444c790-c224-11ee-84c1-0200fd8284f8','2024-03-19','A','2024-03-19 15:49:24','2024-03-19 15:49:24'),(405,'69abe0de-7812-41bd-9124-6a7238aee7d1','a444c790-c224-11ee-84c1-0200fd8284f8','2024-03-19','A','2024-03-19 15:49:57','2024-03-19 15:49:57'),(406,'35f2ea39-f082-4777-87a9-99f6433bb6f8','35747793-cf20-11ee-b21b-0200fd8284f8','2024-03-19','A','2024-03-19 16:07:32','2024-03-19 16:07:32'),(407,'69abe0de-7812-41bd-9124-6a7238aee7d1','35747793-cf20-11ee-b21b-0200fd8284f8','2024-03-19','A','2024-03-19 16:42:14','2024-03-19 16:42:14'),(408,'69abe0de-7812-41bd-9124-6a7238aee7d1','35747793-cf20-11ee-b21b-0200fd8284f8','2024-03-19','A','2024-03-19 16:56:56','2024-03-19 16:56:56'),(409,'69abe0de-7812-41bd-9124-6a7238aee7d1','a444c790-c224-11ee-84c1-0200fd8284f8','2024-03-19','A','2024-03-19 16:57:03','2024-03-19 16:57:03'),(410,'69abe0de-7812-41bd-9124-6a7238aee7d1','a444c790-c224-11ee-84c1-0200fd8284f8','2024-03-19','A','2024-03-19 16:57:12','2024-03-19 16:57:12'),(411,'69abe0de-7812-41bd-9124-6a7238aee7d1','35747793-cf20-11ee-b21b-0200fd8284f8','2024-03-19','A','2024-03-19 16:58:42','2024-03-19 16:58:42'),(412,'69abe0de-7812-41bd-9124-6a7238aee7d1','35747793-cf20-11ee-b21b-0200fd8284f8','2024-03-19','A','2024-03-19 17:00:43','2024-03-19 17:00:43'),(413,'35f2ea39-f082-4777-87a9-99f6433bb6f8','35747793-cf20-11ee-b21b-0200fd8284f8','2024-03-19','A','2024-03-19 17:14:11','2024-03-19 17:14:11'),(414,'35f2ea39-f082-4777-87a9-99f6433bb6f8','35747793-cf20-11ee-b21b-0200fd8284f8','2024-03-19','A','2024-03-19 17:17:10','2024-03-19 17:17:10'),(415,'56b845b7-1236-4a32-a118-982a89f230aa','35747793-cf20-11ee-b21b-0200fd8284f8','2024-03-19','A','2024-03-19 17:23:10','2024-03-19 17:23:10'),(416,'35f2ea39-f082-4777-87a9-99f6433bb6f8','35747793-cf20-11ee-b21b-0200fd8284f8','2024-03-19','A','2024-03-19 17:31:26','2024-03-19 17:31:26'),(417,'c577e6b9-a8fa-4636-ba3f-593f1191dc14','a444c790-c224-11ee-84c1-0200fd8284f8','2024-03-19','A','2024-03-19 18:09:20','2024-03-19 18:09:20'),(418,'56b845b7-1236-4a32-a118-982a89f230aa','35747793-cf20-11ee-b21b-0200fd8284f8','2024-03-19','A','2024-03-19 19:59:34','2024-03-19 19:59:34'),(419,'77ce28f7-8cba-4c20-aa61-e88eade33a9e','a444c790-c224-11ee-84c1-0200fd8284f8','2024-03-19','A','2024-03-19 20:16:43','2024-03-19 20:16:43'),(420,'77ce28f7-8cba-4c20-aa61-e88eade33a9e','a444c790-c224-11ee-84c1-0200fd8284f8','2024-03-19','A','2024-03-19 20:24:41','2024-03-19 20:24:41'),(421,'77ce28f7-8cba-4c20-aa61-e88eade33a9e','a444c790-c224-11ee-84c1-0200fd8284f8','2024-03-19','A','2024-03-19 20:35:40','2024-03-19 20:35:40'),(422,'77ce28f7-8cba-4c20-aa61-e88eade33a9e','a444c790-c224-11ee-84c1-0200fd8284f8','2024-03-19','A','2024-03-19 20:45:58','2024-03-19 20:45:58'),(423,'77ce28f7-8cba-4c20-aa61-e88eade33a9e','a444c790-c224-11ee-84c1-0200fd8284f8','2024-03-19','A','2024-03-19 20:46:40','2024-03-19 20:46:40'),(424,'77ce28f7-8cba-4c20-aa61-e88eade33a9e','a444c790-c224-11ee-84c1-0200fd8284f8','2024-03-19','A','2024-03-19 21:03:18','2024-03-19 21:03:18'),(425,'35f2ea39-f082-4777-87a9-99f6433bb6f8','35747793-cf20-11ee-b21b-0200fd8284f8','2024-03-20','A','2024-03-20 10:51:23','2024-03-20 10:51:23'),(426,'c577e6b9-a8fa-4636-ba3f-593f1191dc14','a444c790-c224-11ee-84c1-0200fd8284f8','2024-03-20','A','2024-03-20 14:54:35','2024-03-20 14:54:35'),(427,'35f2ea39-f082-4777-87a9-99f6433bb6f8','35747793-cf20-11ee-b21b-0200fd8284f8','2024-03-20','A','2024-03-20 16:11:51','2024-03-20 16:11:51'),(428,'35f2ea39-f082-4777-87a9-99f6433bb6f8','35747793-cf20-11ee-b21b-0200fd8284f8','2024-03-20','A','2024-03-20 16:21:37','2024-03-20 16:21:37'),(429,'35f2ea39-f082-4777-87a9-99f6433bb6f8','35747793-cf20-11ee-b21b-0200fd8284f8','2024-03-20','A','2024-03-20 16:51:34','2024-03-20 16:51:34'),(430,'c577e6b9-a8fa-4636-ba3f-593f1191dc14','a444c790-c224-11ee-84c1-0200fd8284f8','2024-03-20','A','2024-03-20 16:54:49','2024-03-20 16:54:49'),(431,'35f2ea39-f082-4777-87a9-99f6433bb6f8','35747793-cf20-11ee-b21b-0200fd8284f8','2024-03-20','A','2024-03-20 17:00:50','2024-03-20 17:00:50'),(432,'35f2ea39-f082-4777-87a9-99f6433bb6f8','35747793-cf20-11ee-b21b-0200fd8284f8','2024-03-20','A','2024-03-20 17:04:27','2024-03-20 17:04:27'),(433,'35f2ea39-f082-4777-87a9-99f6433bb6f8','a444c790-c224-11ee-84c1-0200fd8284f8','2024-03-20','A','2024-03-20 17:16:33','2024-03-20 17:16:33'),(434,'35f2ea39-f082-4777-87a9-99f6433bb6f8','35747793-cf20-11ee-b21b-0200fd8284f8','2024-03-20','A','2024-03-20 17:17:07','2024-03-20 17:17:07'),(435,'c577e6b9-a8fa-4636-ba3f-593f1191dc14','a444c790-c224-11ee-84c1-0200fd8284f8','2024-03-20','A','2024-03-20 17:40:13','2024-03-20 17:40:13'),(436,'19fb1f0a-6b2c-4e12-8be6-11fe55e8482c','a444c790-c224-11ee-84c1-0200fd8284f8','2024-03-20','A','2024-03-20 18:14:58','2024-03-20 18:14:58'),(437,'19fb1f0a-6b2c-4e12-8be6-11fe55e8482c','a444c790-c224-11ee-84c1-0200fd8284f8','2024-03-20','A','2024-03-20 18:45:09','2024-03-20 18:45:09'),(438,'40c9245e-db39-4d8d-b7ef-987c48d856a6','35747793-cf20-11ee-b21b-0200fd8284f8','2024-03-21','A','2024-03-21 09:15:14','2024-03-21 09:15:14'),(439,'40c9245e-db39-4d8d-b7ef-987c48d856a6','35747793-cf20-11ee-b21b-0200fd8284f8','2024-03-21','A','2024-03-21 09:23:08','2024-03-21 09:23:08'),(440,'c577e6b9-a8fa-4636-ba3f-593f1191dc14','a444c790-c224-11ee-84c1-0200fd8284f8','2024-03-21','A','2024-03-21 11:30:50','2024-03-21 11:30:50'),(441,'c577e6b9-a8fa-4636-ba3f-593f1191dc14','a444c790-c224-11ee-84c1-0200fd8284f8','2024-03-21','A','2024-03-21 11:54:30','2024-03-21 11:54:30'),(442,'40c9245e-db39-4d8d-b7ef-987c48d856a6','35747793-cf20-11ee-b21b-0200fd8284f8','2024-03-21','A','2024-03-21 14:00:54','2024-03-21 14:00:54'),(443,'40c9245e-db39-4d8d-b7ef-987c48d856a6','35747793-cf20-11ee-b21b-0200fd8284f8','2024-03-21','A','2024-03-21 14:56:16','2024-03-21 14:56:16'),(444,'86da9107-adb9-4a3b-bc71-f18710d66918','a444c790-c224-11ee-84c1-0200fd8284f8','2024-03-21','A','2024-03-21 15:10:04','2024-03-21 15:10:04'),(445,'c577e6b9-a8fa-4636-ba3f-593f1191dc14','a444c790-c224-11ee-84c1-0200fd8284f8','2024-03-21','A','2024-03-21 16:02:55','2024-03-21 16:02:55'),(446,'86da9107-adb9-4a3b-bc71-f18710d66918','a444c790-c224-11ee-84c1-0200fd8284f8','2024-03-21','A','2024-03-21 16:05:02','2024-03-21 16:05:02'),(447,'35f2ea39-f082-4777-87a9-99f6433bb6f8','35747793-cf20-11ee-b21b-0200fd8284f8','2024-03-21','A','2024-03-21 16:14:46','2024-03-21 16:14:46'),(448,'19fb1f0a-6b2c-4e12-8be6-11fe55e8482c','a444c790-c224-11ee-84c1-0200fd8284f8','2024-03-21','A','2024-03-21 16:46:02','2024-03-21 16:46:02'),(449,'86da9107-adb9-4a3b-bc71-f18710d66918','a444c790-c224-11ee-84c1-0200fd8284f8','2024-03-21','A','2024-03-21 17:08:09','2024-03-21 17:08:09'),(450,'35f2ea39-f082-4777-87a9-99f6433bb6f8','35747793-cf20-11ee-b21b-0200fd8284f8','2024-03-21','A','2024-03-21 18:54:06','2024-03-21 18:54:06'),(451,'19fb1f0a-6b2c-4e12-8be6-11fe55e8482c','a444c790-c224-11ee-84c1-0200fd8284f8','2024-03-21','A','2024-03-21 19:09:50','2024-03-21 19:09:50'),(452,'c577e6b9-a8fa-4636-ba3f-593f1191dc14','a444c790-c224-11ee-84c1-0200fd8284f8','2024-03-21','A','2024-03-21 21:08:33','2024-03-21 21:08:33'),(453,'35f2ea39-f082-4777-87a9-99f6433bb6f8','35747793-cf20-11ee-b21b-0200fd8284f8','2024-03-21','A','2024-03-21 21:09:53','2024-03-21 21:09:53'),(454,'35f2ea39-f082-4777-87a9-99f6433bb6f8','35747793-cf20-11ee-b21b-0200fd8284f8','2024-03-22','A','2024-03-22 08:04:27','2024-03-22 08:04:27'),(455,'56b845b7-1236-4a32-a118-982a89f230aa','35747793-cf20-11ee-b21b-0200fd8284f8','2024-03-22','A','2024-03-22 11:37:10','2024-03-22 11:37:10'),(456,'19fb1f0a-6b2c-4e12-8be6-11fe55e8482c','a444c790-c224-11ee-84c1-0200fd8284f8','2024-03-22','A','2024-03-22 16:48:47','2024-03-22 16:48:47'),(457,'19fb1f0a-6b2c-4e12-8be6-11fe55e8482c','a444c790-c224-11ee-84c1-0200fd8284f8','2024-03-22','A','2024-03-22 16:58:15','2024-03-22 16:58:15'),(458,'86da9107-adb9-4a3b-bc71-f18710d66918','a444c790-c224-11ee-84c1-0200fd8284f8','2024-03-22','A','2024-03-22 18:53:40','2024-03-22 18:53:40'),(459,'86da9107-adb9-4a3b-bc71-f18710d66918','a444c790-c224-11ee-84c1-0200fd8284f8','2024-03-22','A','2024-03-22 19:00:41','2024-03-22 19:00:41'),(460,'86da9107-adb9-4a3b-bc71-f18710d66918','a444c790-c224-11ee-84c1-0200fd8284f8','2024-03-22','A','2024-03-22 19:08:38','2024-03-22 19:08:38'),(461,'19fb1f0a-6b2c-4e12-8be6-11fe55e8482c','a444c790-c224-11ee-84c1-0200fd8284f8','2024-03-22','A','2024-03-22 19:08:53','2024-03-22 19:08:53'),(462,'19fb1f0a-6b2c-4e12-8be6-11fe55e8482c','a444c790-c224-11ee-84c1-0200fd8284f8','2024-03-22','A','2024-03-22 19:09:09','2024-03-22 19:09:09'),(463,'19fb1f0a-6b2c-4e12-8be6-11fe55e8482c','a444c790-c224-11ee-84c1-0200fd8284f8','2024-03-22','A','2024-03-22 19:09:37','2024-03-22 19:09:37'),(464,'19fb1f0a-6b2c-4e12-8be6-11fe55e8482c','a444c790-c224-11ee-84c1-0200fd8284f8','2024-03-22','A','2024-03-22 19:09:48','2024-03-22 19:09:48'),(465,'c577e6b9-a8fa-4636-ba3f-593f1191dc14','a444c790-c224-11ee-84c1-0200fd8284f8','2024-03-22','A','2024-03-22 19:15:25','2024-03-22 19:15:25'),(466,'c577e6b9-a8fa-4636-ba3f-593f1191dc14','a444c790-c224-11ee-84c1-0200fd8284f8','2024-03-22','A','2024-03-22 19:21:10','2024-03-22 19:21:10'),(467,'c577e6b9-a8fa-4636-ba3f-593f1191dc14','a444c790-c224-11ee-84c1-0200fd8284f8','2024-03-22','A','2024-03-22 19:21:19','2024-03-22 19:21:19'),(468,'35f2ea39-f082-4777-87a9-99f6433bb6f8','35747793-cf20-11ee-b21b-0200fd8284f8','2024-03-22','A','2024-03-22 20:39:37','2024-03-22 20:39:37'),(469,'56b845b7-1236-4a32-a118-982a89f230aa','35747793-cf20-11ee-b21b-0200fd8284f8','2024-03-22','A','2024-03-22 20:43:38','2024-03-22 20:43:38'),(470,'56b845b7-1236-4a32-a118-982a89f230aa','35747793-cf20-11ee-b21b-0200fd8284f8','2024-03-22','A','2024-03-22 20:48:37','2024-03-22 20:48:37'),(471,'c577e6b9-a8fa-4636-ba3f-593f1191dc14','a444c790-c224-11ee-84c1-0200fd8284f8','2024-03-22','A','2024-03-22 20:50:36','2024-03-22 20:50:36'),(472,'56b845b7-1236-4a32-a118-982a89f230aa','35747793-cf20-11ee-b21b-0200fd8284f8','2024-03-22','A','2024-03-22 21:11:18','2024-03-22 21:11:18'),(473,'56b845b7-1236-4a32-a118-982a89f230aa','35747793-cf20-11ee-b21b-0200fd8284f8','2024-03-22','A','2024-03-22 21:11:27','2024-03-22 21:11:27'),(474,'c577e6b9-a8fa-4636-ba3f-593f1191dc14','a444c790-c224-11ee-84c1-0200fd8284f8','2024-03-22','A','2024-03-22 21:28:40','2024-03-22 21:28:40'),(475,'86da9107-adb9-4a3b-bc71-f18710d66918','a444c790-c224-11ee-84c1-0200fd8284f8','2024-03-22','A','2024-03-22 22:11:00','2024-03-22 22:11:00'),(476,'56b845b7-1236-4a32-a118-982a89f230aa','35747793-cf20-11ee-b21b-0200fd8284f8','2024-03-25','A','2024-03-25 08:40:20','2024-03-25 08:40:20'),(477,'c577e6b9-a8fa-4636-ba3f-593f1191dc14','a444c790-c224-11ee-84c1-0200fd8284f8','2024-03-25','A','2024-03-25 14:13:18','2024-03-25 14:13:18'),(478,'c577e6b9-a8fa-4636-ba3f-593f1191dc14','a444c790-c224-11ee-84c1-0200fd8284f8','2024-03-25','A','2024-03-25 16:12:52','2024-03-25 16:12:52'),(479,'c577e6b9-a8fa-4636-ba3f-593f1191dc14','a444c790-c224-11ee-84c1-0200fd8284f8','2024-03-25','A','2024-03-25 16:28:57','2024-03-25 16:28:57'),(480,'86da9107-adb9-4a3b-bc71-f18710d66918','a444c790-c224-11ee-84c1-0200fd8284f8','2024-03-25','A','2024-03-25 17:35:56','2024-03-25 17:35:56'),(481,'c577e6b9-a8fa-4636-ba3f-593f1191dc14','a444c790-c224-11ee-84c1-0200fd8284f8','2024-03-25','A','2024-03-25 18:02:57','2024-03-25 18:02:57'),(482,'19fb1f0a-6b2c-4e12-8be6-11fe55e8482c','a444c790-c224-11ee-84c1-0200fd8284f8','2024-03-26','A','2024-03-26 09:41:23','2024-03-26 09:41:23'),(483,'c577e6b9-a8fa-4636-ba3f-593f1191dc14','a444c790-c224-11ee-84c1-0200fd8284f8','2024-03-26','A','2024-03-26 10:46:05','2024-03-26 10:46:05'),(484,'c577e6b9-a8fa-4636-ba3f-593f1191dc14','a444c790-c224-11ee-84c1-0200fd8284f8','2024-03-26','A','2024-03-26 10:46:24','2024-03-26 10:46:24'),(485,'c577e6b9-a8fa-4636-ba3f-593f1191dc14','a444c790-c224-11ee-84c1-0200fd8284f8','2024-03-26','A','2024-03-26 10:59:44','2024-03-26 10:59:44'),(486,'c577e6b9-a8fa-4636-ba3f-593f1191dc14','a444c790-c224-11ee-84c1-0200fd8284f8','2024-03-26','A','2024-03-26 11:00:07','2024-03-26 11:00:07'),(487,'c577e6b9-a8fa-4636-ba3f-593f1191dc14','a444c790-c224-11ee-84c1-0200fd8284f8','2024-03-26','A','2024-03-26 11:27:24','2024-03-26 11:27:24'),(488,'56b845b7-1236-4a32-a118-982a89f230aa','35747793-cf20-11ee-b21b-0200fd8284f8','2024-03-26','A','2024-03-26 13:58:55','2024-03-26 13:58:55'),(489,'40c9245e-db39-4d8d-b7ef-987c48d856a6','35747793-cf20-11ee-b21b-0200fd8284f8','2024-03-26','A','2024-03-26 14:07:33','2024-03-26 14:07:33'),(490,'40c9245e-db39-4d8d-b7ef-987c48d856a6','35747793-cf20-11ee-b21b-0200fd8284f8','2024-03-26','A','2024-03-26 14:15:38','2024-03-26 14:15:38'),(491,'69abe0de-7812-41bd-9124-6a7238aee7d1','35747793-cf20-11ee-b21b-0200fd8284f8','2024-03-26','A','2024-03-26 14:53:25','2024-03-26 14:53:25'),(492,'c577e6b9-a8fa-4636-ba3f-593f1191dc14','a444c790-c224-11ee-84c1-0200fd8284f8','2024-03-26','A','2024-03-26 14:53:30','2024-03-26 14:53:30'),(493,'69abe0de-7812-41bd-9124-6a7238aee7d1','35747793-cf20-11ee-b21b-0200fd8284f8','2024-03-26','A','2024-03-26 14:56:02','2024-03-26 14:56:02'),(494,'c577e6b9-a8fa-4636-ba3f-593f1191dc14','a444c790-c224-11ee-84c1-0200fd8284f8','2024-03-26','A','2024-03-26 15:32:57','2024-03-26 15:32:57'),(495,'35f2ea39-f082-4777-87a9-99f6433bb6f8','35747793-cf20-11ee-b21b-0200fd8284f8','2024-03-26','A','2024-03-26 18:40:26','2024-03-26 18:40:26'),(496,'19fb1f0a-6b2c-4e12-8be6-11fe55e8482c','a444c790-c224-11ee-84c1-0200fd8284f8','2024-03-26','A','2024-03-26 19:00:34','2024-03-26 19:00:34'),(497,'c577e6b9-a8fa-4636-ba3f-593f1191dc14','a444c790-c224-11ee-84c1-0200fd8284f8','2024-03-26','A','2024-03-26 20:28:36','2024-03-26 20:28:36'),(498,'40c9245e-db39-4d8d-b7ef-987c48d856a6','35747793-cf20-11ee-b21b-0200fd8284f8','2024-03-27','A','2024-03-27 08:08:23','2024-03-27 08:08:23'),(499,'19fb1f0a-6b2c-4e12-8be6-11fe55e8482c','a444c790-c224-11ee-84c1-0200fd8284f8','2024-03-27','A','2024-03-27 09:22:54','2024-03-27 09:22:54'),(500,'c577e6b9-a8fa-4636-ba3f-593f1191dc14','a444c790-c224-11ee-84c1-0200fd8284f8','2024-03-27','A','2024-03-27 09:27:43','2024-03-27 09:27:43'),(501,'40c9245e-db39-4d8d-b7ef-987c48d856a6','35747793-cf20-11ee-b21b-0200fd8284f8','2024-03-27','A','2024-03-27 11:08:19','2024-03-27 11:08:19'),(502,'c577e6b9-a8fa-4636-ba3f-593f1191dc14','a444c790-c224-11ee-84c1-0200fd8284f8','2024-03-27','A','2024-03-27 13:14:26','2024-03-27 13:14:26'),(503,'c577e6b9-a8fa-4636-ba3f-593f1191dc14','a444c790-c224-11ee-84c1-0200fd8284f8','2024-03-27','A','2024-03-27 13:32:33','2024-03-27 13:32:33'),(504,'c577e6b9-a8fa-4636-ba3f-593f1191dc14','a444c790-c224-11ee-84c1-0200fd8284f8','2024-03-27','A','2024-03-27 15:06:06','2024-03-27 15:06:06'),(505,'40c9245e-db39-4d8d-b7ef-987c48d856a6','35747793-cf20-11ee-b21b-0200fd8284f8','2024-03-27','A','2024-03-27 16:19:41','2024-03-27 16:19:41'),(506,'35f2ea39-f082-4777-87a9-99f6433bb6f8','35747793-cf20-11ee-b21b-0200fd8284f8','2024-03-27','A','2024-03-27 17:00:20','2024-03-27 17:00:20'),(507,'c577e6b9-a8fa-4636-ba3f-593f1191dc14','a444c790-c224-11ee-84c1-0200fd8284f8','2024-03-27','A','2024-03-27 17:10:01','2024-03-27 17:10:01'),(508,'c577e6b9-a8fa-4636-ba3f-593f1191dc14','a444c790-c224-11ee-84c1-0200fd8284f8','2024-03-27','A','2024-03-27 17:30:49','2024-03-27 17:30:49'),(509,'c577e6b9-a8fa-4636-ba3f-593f1191dc14','a444c790-c224-11ee-84c1-0200fd8284f8','2024-03-27','A','2024-03-27 18:38:15','2024-03-27 18:38:15'),(510,'c577e6b9-a8fa-4636-ba3f-593f1191dc14','a444c790-c224-11ee-84c1-0200fd8284f8','2024-03-27','A','2024-03-27 18:44:13','2024-03-27 18:44:13'),(511,'35f2ea39-f082-4777-87a9-99f6433bb6f8','35747793-cf20-11ee-b21b-0200fd8284f8','2024-03-27','A','2024-03-27 20:23:45','2024-03-27 20:23:45'),(512,'c577e6b9-a8fa-4636-ba3f-593f1191dc14','a444c790-c224-11ee-84c1-0200fd8284f8','2024-03-27','A','2024-03-27 22:05:34','2024-03-27 22:05:34'),(513,'56b845b7-1236-4a32-a118-982a89f230aa','35747793-cf20-11ee-b21b-0200fd8284f8','2024-03-27','A','2024-03-27 23:38:10','2024-03-27 23:38:10'),(514,'c577e6b9-a8fa-4636-ba3f-593f1191dc14','a444c790-c224-11ee-84c1-0200fd8284f8','2024-03-28','A','2024-03-28 09:19:00','2024-03-28 09:19:00'),(515,'40c9245e-db39-4d8d-b7ef-987c48d856a6','35747793-cf20-11ee-b21b-0200fd8284f8','2024-03-28','A','2024-03-28 11:54:26','2024-03-28 11:54:26'),(516,'35f2ea39-f082-4777-87a9-99f6433bb6f8','35747793-cf20-11ee-b21b-0200fd8284f8','2024-03-28','A','2024-03-28 14:57:38','2024-03-28 14:57:38'),(517,'19fb1f0a-6b2c-4e12-8be6-11fe55e8482c','a444c790-c224-11ee-84c1-0200fd8284f8','2024-03-28','A','2024-03-28 15:06:31','2024-03-28 15:06:31'),(518,'19fb1f0a-6b2c-4e12-8be6-11fe55e8482c','a444c790-c224-11ee-84c1-0200fd8284f8','2024-03-28','A','2024-03-28 15:07:50','2024-03-28 15:07:50'),(519,'19fb1f0a-6b2c-4e12-8be6-11fe55e8482c','a444c790-c224-11ee-84c1-0200fd8284f8','2024-03-28','A','2024-03-28 15:08:42','2024-03-28 15:08:42'),(520,'c577e6b9-a8fa-4636-ba3f-593f1191dc14','a444c790-c224-11ee-84c1-0200fd8284f8','2024-03-28','A','2024-03-28 15:13:01','2024-03-28 15:13:01'),(521,'40c9245e-db39-4d8d-b7ef-987c48d856a6','35747793-cf20-11ee-b21b-0200fd8284f8','2024-03-28','A','2024-03-28 17:33:39','2024-03-28 17:33:39'),(522,'c577e6b9-a8fa-4636-ba3f-593f1191dc14','a444c790-c224-11ee-84c1-0200fd8284f8','2024-03-28','A','2024-03-28 19:15:29','2024-03-28 19:15:29'),(523,'40c9245e-db39-4d8d-b7ef-987c48d856a6','35747793-cf20-11ee-b21b-0200fd8284f8','2024-03-28','A','2024-03-28 19:25:52','2024-03-28 19:25:52'),(524,'40c9245e-db39-4d8d-b7ef-987c48d856a6','35747793-cf20-11ee-b21b-0200fd8284f8','2024-03-28','A','2024-03-28 19:25:57','2024-03-28 19:25:57'),(525,'35f2ea39-f082-4777-87a9-99f6433bb6f8','35747793-cf20-11ee-b21b-0200fd8284f8','2024-03-28','A','2024-03-28 19:42:15','2024-03-28 19:42:15'),(526,'40c9245e-db39-4d8d-b7ef-987c48d856a6','35747793-cf20-11ee-b21b-0200fd8284f8','2024-04-01','A','2024-04-01 08:51:53','2024-04-01 08:51:53'),(527,'77ce28f7-8cba-4c20-aa61-e88eade33a9e','a444c790-c224-11ee-84c1-0200fd8284f8','2024-04-01','A','2024-04-01 14:17:37','2024-04-01 14:17:37'),(528,'c577e6b9-a8fa-4636-ba3f-593f1191dc14','a444c790-c224-11ee-84c1-0200fd8284f8','2024-04-01','A','2024-04-01 15:03:48','2024-04-01 15:03:48'),(529,'40c9245e-db39-4d8d-b7ef-987c48d856a6','35747793-cf20-11ee-b21b-0200fd8284f8','2024-04-01','A','2024-04-01 15:22:32','2024-04-01 15:22:32'),(530,'35f2ea39-f082-4777-87a9-99f6433bb6f8','35747793-cf20-11ee-b21b-0200fd8284f8','2024-04-01','A','2024-04-01 15:26:58','2024-04-01 15:26:58'),(531,'86da9107-adb9-4a3b-bc71-f18710d66918','a444c790-c224-11ee-84c1-0200fd8284f8','2024-04-01','A','2024-04-01 15:51:26','2024-04-01 15:51:26'),(532,'86da9107-adb9-4a3b-bc71-f18710d66918','a444c790-c224-11ee-84c1-0200fd8284f8','2024-04-01','A','2024-04-01 17:25:31','2024-04-01 17:25:31'),(533,'86da9107-adb9-4a3b-bc71-f18710d66918','35747793-cf20-11ee-b21b-0200fd8284f8','2024-04-01','A','2024-04-01 17:25:42','2024-04-01 17:25:42'),(534,'40c9245e-db39-4d8d-b7ef-987c48d856a6','35747793-cf20-11ee-b21b-0200fd8284f8','2024-04-01','A','2024-04-01 17:39:18','2024-04-01 17:39:18'),(535,'35f2ea39-f082-4777-87a9-99f6433bb6f8','a444c790-c224-11ee-84c1-0200fd8284f8','2024-04-01','A','2024-04-01 18:02:03','2024-04-01 18:02:03'),(536,'40c9245e-db39-4d8d-b7ef-987c48d856a6','35747793-cf20-11ee-b21b-0200fd8284f8','2024-04-01','A','2024-04-01 18:20:30','2024-04-01 18:20:30'),(537,'35f2ea39-f082-4777-87a9-99f6433bb6f8','35747793-cf20-11ee-b21b-0200fd8284f8','2024-04-01','A','2024-04-01 18:20:42','2024-04-01 18:20:42'),(538,'69abe0de-7812-41bd-9124-6a7238aee7d1','a444c790-c224-11ee-84c1-0200fd8284f8','2024-04-02','A','2024-04-02 10:34:42','2024-04-02 10:34:42'),(539,'56b845b7-1236-4a32-a118-982a89f230aa','35747793-cf20-11ee-b21b-0200fd8284f8','2024-04-02','A','2024-04-02 11:09:52','2024-04-02 11:09:52'),(540,'56b845b7-1236-4a32-a118-982a89f230aa','35747793-cf20-11ee-b21b-0200fd8284f8','2024-04-02','A','2024-04-02 11:10:19','2024-04-02 11:10:19'),(541,'35f2ea39-f082-4777-87a9-99f6433bb6f8','35747793-cf20-11ee-b21b-0200fd8284f8','2024-04-02','A','2024-04-02 17:34:30','2024-04-02 17:34:30'),(542,'35f2ea39-f082-4777-87a9-99f6433bb6f8','35747793-cf20-11ee-b21b-0200fd8284f8','2024-04-02','A','2024-04-02 18:14:31','2024-04-02 18:14:31'),(543,'35f2ea39-f082-4777-87a9-99f6433bb6f8','35747793-cf20-11ee-b21b-0200fd8284f8','2024-04-02','A','2024-04-02 18:22:12','2024-04-02 18:22:12'),(544,'19fb1f0a-6b2c-4e12-8be6-11fe55e8482c','a444c790-c224-11ee-84c1-0200fd8284f8','2024-04-02','A','2024-04-02 18:24:02','2024-04-02 18:24:02'),(545,'19fb1f0a-6b2c-4e12-8be6-11fe55e8482c','a444c790-c224-11ee-84c1-0200fd8284f8','2024-04-02','A','2024-04-02 18:26:53','2024-04-02 18:26:53'),(546,'19fb1f0a-6b2c-4e12-8be6-11fe55e8482c','a444c790-c224-11ee-84c1-0200fd8284f8','2024-04-02','A','2024-04-02 19:29:14','2024-04-02 19:29:14'),(547,'19fb1f0a-6b2c-4e12-8be6-11fe55e8482c','a444c790-c224-11ee-84c1-0200fd8284f8','2024-04-02','A','2024-04-02 19:29:52','2024-04-02 19:29:52'),(548,'19fb1f0a-6b2c-4e12-8be6-11fe55e8482c','a444c790-c224-11ee-84c1-0200fd8284f8','2024-04-02','A','2024-04-02 19:30:06','2024-04-02 19:30:06'),(549,'19fb1f0a-6b2c-4e12-8be6-11fe55e8482c','a444c790-c224-11ee-84c1-0200fd8284f8','2024-04-02','A','2024-04-02 19:39:36','2024-04-02 19:39:36'),(550,'19fb1f0a-6b2c-4e12-8be6-11fe55e8482c','a444c790-c224-11ee-84c1-0200fd8284f8','2024-04-02','A','2024-04-02 19:41:09','2024-04-02 19:41:09'),(551,'35f2ea39-f082-4777-87a9-99f6433bb6f8','35747793-cf20-11ee-b21b-0200fd8284f8','2024-04-03','A','2024-04-03 09:25:07','2024-04-03 09:25:07'),(552,'c577e6b9-a8fa-4636-ba3f-593f1191dc14','a444c790-c224-11ee-84c1-0200fd8284f8','2024-04-03','A','2024-04-03 14:46:14','2024-04-03 14:46:14'),(553,'c577e6b9-a8fa-4636-ba3f-593f1191dc14','a444c790-c224-11ee-84c1-0200fd8284f8','2024-04-03','A','2024-04-03 15:34:08','2024-04-03 15:34:08'),(554,'35f2ea39-f082-4777-87a9-99f6433bb6f8','35747793-cf20-11ee-b21b-0200fd8284f8','2024-04-03','A','2024-04-03 16:26:59','2024-04-03 16:26:59'),(555,'86da9107-adb9-4a3b-bc71-f18710d66918','a444c790-c224-11ee-84c1-0200fd8284f8','2024-04-03','A','2024-04-03 19:53:22','2024-04-03 19:53:22'),(556,'35f2ea39-f082-4777-87a9-99f6433bb6f8','35747793-cf20-11ee-b21b-0200fd8284f8','2024-04-03','A','2024-04-03 20:01:25','2024-04-03 20:01:25'),(557,'c577e6b9-a8fa-4636-ba3f-593f1191dc14','a444c790-c224-11ee-84c1-0200fd8284f8','2024-04-03','A','2024-04-03 20:10:54','2024-04-03 20:10:54'),(558,'c577e6b9-a8fa-4636-ba3f-593f1191dc14','a444c790-c224-11ee-84c1-0200fd8284f8','2024-04-03','A','2024-04-03 20:11:02','2024-04-03 20:11:02'),(559,'c577e6b9-a8fa-4636-ba3f-593f1191dc14','a444c790-c224-11ee-84c1-0200fd8284f8','2024-04-03','A','2024-04-03 20:44:38','2024-04-03 20:44:38'),(560,'40c9245e-db39-4d8d-b7ef-987c48d856a6','35747793-cf20-11ee-b21b-0200fd8284f8','2024-04-04','A','2024-04-04 10:47:48','2024-04-04 10:47:48'),(561,'c577e6b9-a8fa-4636-ba3f-593f1191dc14','a444c790-c224-11ee-84c1-0200fd8284f8','2024-04-04','A','2024-04-04 11:30:28','2024-04-04 11:30:28'),(562,'86da9107-adb9-4a3b-bc71-f18710d66918','a444c790-c224-11ee-84c1-0200fd8284f8','2024-04-04','A','2024-04-04 15:45:04','2024-04-04 15:45:04'),(563,'c577e6b9-a8fa-4636-ba3f-593f1191dc14','a444c790-c224-11ee-84c1-0200fd8284f8','2024-04-04','A','2024-04-04 16:00:52','2024-04-04 16:00:52'),(564,'35f2ea39-f082-4777-87a9-99f6433bb6f8','35747793-cf20-11ee-b21b-0200fd8284f8','2024-04-04','A','2024-04-04 17:21:45','2024-04-04 17:21:45'),(565,'35f2ea39-f082-4777-87a9-99f6433bb6f8','35747793-cf20-11ee-b21b-0200fd8284f8','2024-04-04','A','2024-04-04 17:21:54','2024-04-04 17:21:54'),(566,'c577e6b9-a8fa-4636-ba3f-593f1191dc14','a444c790-c224-11ee-84c1-0200fd8284f8','2024-04-04','A','2024-04-04 17:29:45','2024-04-04 17:29:45'),(567,'35f2ea39-f082-4777-87a9-99f6433bb6f8','35747793-cf20-11ee-b21b-0200fd8284f8','2024-04-04','A','2024-04-04 17:29:52','2024-04-04 17:29:52'),(568,'19fb1f0a-6b2c-4e12-8be6-11fe55e8482c','a444c790-c224-11ee-84c1-0200fd8284f8','2024-04-04','A','2024-04-04 18:32:43','2024-04-04 18:32:43'),(569,'c577e6b9-a8fa-4636-ba3f-593f1191dc14','a444c790-c224-11ee-84c1-0200fd8284f8','2024-04-04','A','2024-04-04 18:44:38','2024-04-04 18:44:38'),(570,'35f2ea39-f082-4777-87a9-99f6433bb6f8','35747793-cf20-11ee-b21b-0200fd8284f8','2024-04-04','A','2024-04-04 18:45:10','2024-04-04 18:45:10'),(571,'86da9107-adb9-4a3b-bc71-f18710d66918','a444c790-c224-11ee-84c1-0200fd8284f8','2024-04-04','A','2024-04-04 19:49:46','2024-04-04 19:49:46'),(572,'35f2ea39-f082-4777-87a9-99f6433bb6f8','35747793-cf20-11ee-b21b-0200fd8284f8','2024-04-05','A','2024-04-05 08:37:52','2024-04-05 08:37:52'),(573,'c577e6b9-a8fa-4636-ba3f-593f1191dc14','a444c790-c224-11ee-84c1-0200fd8284f8','2024-04-05','A','2024-04-05 12:48:52','2024-04-05 12:48:52'),(574,'35f2ea39-f082-4777-87a9-99f6433bb6f8','35747793-cf20-11ee-b21b-0200fd8284f8','2024-04-05','A','2024-04-05 15:46:41','2024-04-05 15:46:41'),(575,'c577e6b9-a8fa-4636-ba3f-593f1191dc14','a444c790-c224-11ee-84c1-0200fd8284f8','2024-04-05','A','2024-04-05 17:50:36','2024-04-05 17:50:36'),(576,'35f2ea39-f082-4777-87a9-99f6433bb6f8','35747793-cf20-11ee-b21b-0200fd8284f8','2024-04-06','A','2024-04-06 09:48:44','2024-04-06 09:48:44'),(577,'19fb1f0a-6b2c-4e12-8be6-11fe55e8482c','a444c790-c224-11ee-84c1-0200fd8284f8','2024-04-06','A','2024-04-06 13:37:27','2024-04-06 13:37:27'),(578,'19fb1f0a-6b2c-4e12-8be6-11fe55e8482c','a444c790-c224-11ee-84c1-0200fd8284f8','2024-04-06','A','2024-04-06 13:37:34','2024-04-06 13:37:34'),(579,'35f2ea39-f082-4777-87a9-99f6433bb6f8','35747793-cf20-11ee-b21b-0200fd8284f8','2024-04-06','A','2024-04-06 13:46:00','2024-04-06 13:46:00'),(580,'c577e6b9-a8fa-4636-ba3f-593f1191dc14','a444c790-c224-11ee-84c1-0200fd8284f8','2024-04-06','A','2024-04-06 16:35:51','2024-04-06 16:35:51'),(581,'35f2ea39-f082-4777-87a9-99f6433bb6f8','35747793-cf20-11ee-b21b-0200fd8284f8','2024-04-06','A','2024-04-06 17:21:14','2024-04-06 17:21:14'),(582,'c577e6b9-a8fa-4636-ba3f-593f1191dc14','a444c790-c224-11ee-84c1-0200fd8284f8','2024-04-06','A','2024-04-06 18:27:55','2024-04-06 18:27:55'),(583,'35f2ea39-f082-4777-87a9-99f6433bb6f8','35747793-cf20-11ee-b21b-0200fd8284f8','2024-04-08','A','2024-04-08 09:18:47','2024-04-08 09:18:47'),(584,'40c9245e-db39-4d8d-b7ef-987c48d856a6','35747793-cf20-11ee-b21b-0200fd8284f8','2024-04-08','A','2024-04-08 11:21:38','2024-04-08 11:21:38'),(585,'19fb1f0a-6b2c-4e12-8be6-11fe55e8482c','a444c790-c224-11ee-84c1-0200fd8284f8','2024-04-08','A','2024-04-08 18:36:21','2024-04-08 18:36:21'),(586,'35f2ea39-f082-4777-87a9-99f6433bb6f8','35747793-cf20-11ee-b21b-0200fd8284f8','2024-04-09','A','2024-04-09 09:14:35','2024-04-09 09:14:35'),(587,'c577e6b9-a8fa-4636-ba3f-593f1191dc14','a444c790-c224-11ee-84c1-0200fd8284f8','2024-04-09','A','2024-04-09 11:02:44','2024-04-09 11:02:44'),(588,'c577e6b9-a8fa-4636-ba3f-593f1191dc14','a444c790-c224-11ee-84c1-0200fd8284f8','2024-04-09','A','2024-04-09 11:16:42','2024-04-09 11:16:42'),(589,'35f2ea39-f082-4777-87a9-99f6433bb6f8','35747793-cf20-11ee-b21b-0200fd8284f8','2024-04-09','A','2024-04-09 11:46:06','2024-04-09 11:46:06'),(590,'c577e6b9-a8fa-4636-ba3f-593f1191dc14','a444c790-c224-11ee-84c1-0200fd8284f8','2024-04-09','A','2024-04-09 13:48:50','2024-04-09 13:48:50'),(591,'35f2ea39-f082-4777-87a9-99f6433bb6f8','35747793-cf20-11ee-b21b-0200fd8284f8','2024-04-09','A','2024-04-09 17:00:41','2024-04-09 17:00:41'),(592,'86da9107-adb9-4a3b-bc71-f18710d66918','a444c790-c224-11ee-84c1-0200fd8284f8','2024-04-09','A','2024-04-09 18:24:50','2024-04-09 18:24:50'),(593,'56b845b7-1236-4a32-a118-982a89f230aa','35747793-cf20-11ee-b21b-0200fd8284f8','2024-04-10','A','2024-04-10 09:02:31','2024-04-10 09:02:31'),(594,'c577e6b9-a8fa-4636-ba3f-593f1191dc14','a444c790-c224-11ee-84c1-0200fd8284f8','2024-04-10','A','2024-04-10 11:42:49','2024-04-10 11:42:49'),(595,'86da9107-adb9-4a3b-bc71-f18710d66918','a444c790-c224-11ee-84c1-0200fd8284f8','2024-04-10','A','2024-04-10 13:13:51','2024-04-10 13:13:51'),(596,'35f2ea39-f082-4777-87a9-99f6433bb6f8','35747793-cf20-11ee-b21b-0200fd8284f8','2024-04-10','A','2024-04-10 13:23:05','2024-04-10 13:23:05'),(597,'35f2ea39-f082-4777-87a9-99f6433bb6f8','35747793-cf20-11ee-b21b-0200fd8284f8','2024-04-10','A','2024-04-10 13:47:50','2024-04-10 13:47:50'),(598,'c577e6b9-a8fa-4636-ba3f-593f1191dc14','a444c790-c224-11ee-84c1-0200fd8284f8','2024-04-10','A','2024-04-10 14:27:18','2024-04-10 14:27:18'),(599,'c577e6b9-a8fa-4636-ba3f-593f1191dc14','a444c790-c224-11ee-84c1-0200fd8284f8','2024-04-10','A','2024-04-10 16:18:24','2024-04-10 16:18:24'),(600,'19fb1f0a-6b2c-4e12-8be6-11fe55e8482c','a444c790-c224-11ee-84c1-0200fd8284f8','2024-04-10','A','2024-04-10 16:26:33','2024-04-10 16:26:33'),(601,'56b845b7-1236-4a32-a118-982a89f230aa','35747793-cf20-11ee-b21b-0200fd8284f8','2024-04-10','A','2024-04-10 16:58:28','2024-04-10 16:58:28'),(602,'56b845b7-1236-4a32-a118-982a89f230aa','35747793-cf20-11ee-b21b-0200fd8284f8','2024-04-11','A','2024-04-11 08:31:16','2024-04-11 08:31:16'),(603,'56b845b7-1236-4a32-a118-982a89f230aa','35747793-cf20-11ee-b21b-0200fd8284f8','2024-04-11','A','2024-04-11 11:35:13','2024-04-11 11:35:13'),(604,'c577e6b9-a8fa-4636-ba3f-593f1191dc14','a444c790-c224-11ee-84c1-0200fd8284f8','2024-04-11','A','2024-04-11 13:12:41','2024-04-11 13:12:41'),(605,'86da9107-adb9-4a3b-bc71-f18710d66918','a444c790-c224-11ee-84c1-0200fd8284f8','2024-04-11','A','2024-04-11 14:10:16','2024-04-11 14:10:16'),(606,'86da9107-adb9-4a3b-bc71-f18710d66918','a444c790-c224-11ee-84c1-0200fd8284f8','2024-04-11','A','2024-04-11 15:23:37','2024-04-11 15:23:37'),(607,'56b845b7-1236-4a32-a118-982a89f230aa','35747793-cf20-11ee-b21b-0200fd8284f8','2024-04-11','A','2024-04-11 16:23:39','2024-04-11 16:23:39'),(608,'86da9107-adb9-4a3b-bc71-f18710d66918','a444c790-c224-11ee-84c1-0200fd8284f8','2024-04-11','A','2024-04-11 16:27:07','2024-04-11 16:27:07'),(609,'86da9107-adb9-4a3b-bc71-f18710d66918','a444c790-c224-11ee-84c1-0200fd8284f8','2024-04-11','A','2024-04-11 16:27:18','2024-04-11 16:27:18'),(610,'86da9107-adb9-4a3b-bc71-f18710d66918','a444c790-c224-11ee-84c1-0200fd8284f8','2024-04-11','A','2024-04-11 16:28:33','2024-04-11 16:28:33'),(611,'c577e6b9-a8fa-4636-ba3f-593f1191dc14','a444c790-c224-11ee-84c1-0200fd8284f8','2024-04-11','A','2024-04-11 16:46:00','2024-04-11 16:46:00'),(612,'c577e6b9-a8fa-4636-ba3f-593f1191dc14','a444c790-c224-11ee-84c1-0200fd8284f8','2024-04-11','A','2024-04-11 16:46:26','2024-04-11 16:46:26'),(613,'19fb1f0a-6b2c-4e12-8be6-11fe55e8482c','a444c790-c224-11ee-84c1-0200fd8284f8','2024-04-11','A','2024-04-11 18:08:09','2024-04-11 18:08:09'),(614,'19fb1f0a-6b2c-4e12-8be6-11fe55e8482c','a444c790-c224-11ee-84c1-0200fd8284f8','2024-04-11','A','2024-04-11 18:54:13','2024-04-11 18:54:13'),(615,'19fb1f0a-6b2c-4e12-8be6-11fe55e8482c','a444c790-c224-11ee-84c1-0200fd8284f8','2024-04-11','A','2024-04-11 18:54:19','2024-04-11 18:54:19'),(616,'86da9107-adb9-4a3b-bc71-f18710d66918','a444c790-c224-11ee-84c1-0200fd8284f8','2024-04-11','A','2024-04-11 20:24:47','2024-04-11 20:24:47'),(617,'19fb1f0a-6b2c-4e12-8be6-11fe55e8482c','a444c790-c224-11ee-84c1-0200fd8284f8','2024-04-11','A','2024-04-11 20:26:04','2024-04-11 20:26:04'),(618,'86da9107-adb9-4a3b-bc71-f18710d66918','a444c790-c224-11ee-84c1-0200fd8284f8','2024-04-11','A','2024-04-11 21:30:51','2024-04-11 21:30:51'),(619,'35f2ea39-f082-4777-87a9-99f6433bb6f8','35747793-cf20-11ee-b21b-0200fd8284f8','2024-04-12','A','2024-04-12 08:19:13','2024-04-12 08:19:13'),(620,'86da9107-adb9-4a3b-bc71-f18710d66918','a444c790-c224-11ee-84c1-0200fd8284f8','2024-04-12','A','2024-04-12 11:31:13','2024-04-12 11:31:13'),(621,'86da9107-adb9-4a3b-bc71-f18710d66918','35747793-cf20-11ee-b21b-0200fd8284f8','2024-04-12','A','2024-04-12 16:03:39','2024-04-12 16:03:39'),(622,'86da9107-adb9-4a3b-bc71-f18710d66918','35747793-cf20-11ee-b21b-0200fd8284f8','2024-04-12','A','2024-04-12 16:10:29','2024-04-12 16:10:29'),(623,'86da9107-adb9-4a3b-bc71-f18710d66918','a444c790-c224-11ee-84c1-0200fd8284f8','2024-04-12','A','2024-04-12 16:12:29','2024-04-12 16:12:29'),(624,'86da9107-adb9-4a3b-bc71-f18710d66918','35747793-cf20-11ee-b21b-0200fd8284f8','2024-04-12','A','2024-04-12 16:24:31','2024-04-12 16:24:31'),(625,'19fb1f0a-6b2c-4e12-8be6-11fe55e8482c','a444c790-c224-11ee-84c1-0200fd8284f8','2024-04-12','A','2024-04-12 17:18:18','2024-04-12 17:18:18'),(626,'19fb1f0a-6b2c-4e12-8be6-11fe55e8482c','a444c790-c224-11ee-84c1-0200fd8284f8','2024-04-12','A','2024-04-12 17:40:01','2024-04-12 17:40:01'),(627,'c577e6b9-a8fa-4636-ba3f-593f1191dc14','a444c790-c224-11ee-84c1-0200fd8284f8','2024-04-12','A','2024-04-12 22:11:59','2024-04-12 22:11:59'),(628,'86da9107-adb9-4a3b-bc71-f18710d66918','a444c790-c224-11ee-84c1-0200fd8284f8','2024-04-12','A','2024-04-12 22:41:11','2024-04-12 22:41:11'),(629,'40c9245e-db39-4d8d-b7ef-987c48d856a6','35747793-cf20-11ee-b21b-0200fd8284f8','2024-04-13','A','2024-04-13 08:42:35','2024-04-13 08:42:35'),(630,'40c9245e-db39-4d8d-b7ef-987c48d856a6','35747793-cf20-11ee-b21b-0200fd8284f8','2024-04-13','A','2024-04-13 12:08:06','2024-04-13 12:08:06'),(631,'40c9245e-db39-4d8d-b7ef-987c48d856a6','35747793-cf20-11ee-b21b-0200fd8284f8','2024-04-13','A','2024-04-13 16:35:10','2024-04-13 16:35:10'),(632,'40c9245e-db39-4d8d-b7ef-987c48d856a6','35747793-cf20-11ee-b21b-0200fd8284f8','2024-04-13','A','2024-04-13 17:50:52','2024-04-13 17:50:52'),(633,'86da9107-adb9-4a3b-bc71-f18710d66918','a444c790-c224-11ee-84c1-0200fd8284f8','2024-04-13','A','2024-04-13 18:43:50','2024-04-13 18:43:50'),(634,'86da9107-adb9-4a3b-bc71-f18710d66918','35747793-cf20-11ee-b21b-0200fd8284f8','2024-04-13','A','2024-04-13 18:51:32','2024-04-13 18:51:32'),(635,'86da9107-adb9-4a3b-bc71-f18710d66918','35747793-cf20-11ee-b21b-0200fd8284f8','2024-04-13','A','2024-04-13 18:52:14','2024-04-13 18:52:14'),(636,'40c9245e-db39-4d8d-b7ef-987c48d856a6','35747793-cf20-11ee-b21b-0200fd8284f8','2024-04-13','A','2024-04-13 18:53:30','2024-04-13 18:53:30'),(637,'40c9245e-db39-4d8d-b7ef-987c48d856a6','35747793-cf20-11ee-b21b-0200fd8284f8','2024-04-13','A','2024-04-13 18:53:34','2024-04-13 18:53:34'),(638,'40c9245e-db39-4d8d-b7ef-987c48d856a6','35747793-cf20-11ee-b21b-0200fd8284f8','2024-04-15','A','2024-04-15 10:06:27','2024-04-15 10:06:27'),(639,'35f2ea39-f082-4777-87a9-99f6433bb6f8','35747793-cf20-11ee-b21b-0200fd8284f8','2024-04-16','A','2024-04-16 08:23:36','2024-04-16 08:23:36'),(640,'c577e6b9-a8fa-4636-ba3f-593f1191dc14','a444c790-c224-11ee-84c1-0200fd8284f8','2024-04-16','A','2024-04-16 10:19:46','2024-04-16 10:19:46'),(641,'c577e6b9-a8fa-4636-ba3f-593f1191dc14','a444c790-c224-11ee-84c1-0200fd8284f8','2024-04-16','A','2024-04-16 10:32:24','2024-04-16 10:32:24'),(642,'86da9107-adb9-4a3b-bc71-f18710d66918','35747793-cf20-11ee-b21b-0200fd8284f8','2024-04-16','A','2024-04-16 10:33:47','2024-04-16 10:33:47'),(643,'35f2ea39-f082-4777-87a9-99f6433bb6f8','35747793-cf20-11ee-b21b-0200fd8284f8','2024-04-16','A','2024-04-16 11:02:28','2024-04-16 11:02:28'),(644,'86da9107-adb9-4a3b-bc71-f18710d66918','a444c790-c224-11ee-84c1-0200fd8284f8','2024-04-16','A','2024-04-16 14:26:40','2024-04-16 14:26:40'),(645,'40c9245e-db39-4d8d-b7ef-987c48d856a6','35747793-cf20-11ee-b21b-0200fd8284f8','2024-04-16','A','2024-04-16 17:04:39','2024-04-16 17:04:39'),(646,'86da9107-adb9-4a3b-bc71-f18710d66918','a444c790-c224-11ee-84c1-0200fd8284f8','2024-04-16','A','2024-04-16 17:35:29','2024-04-16 17:35:29'),(647,'86da9107-adb9-4a3b-bc71-f18710d66918','35747793-cf20-11ee-b21b-0200fd8284f8','2024-04-16','A','2024-04-16 18:05:45','2024-04-16 18:05:45'),(648,'86da9107-adb9-4a3b-bc71-f18710d66918','a444c790-c224-11ee-84c1-0200fd8284f8','2024-04-16','A','2024-04-16 18:06:53','2024-04-16 18:06:53'),(649,'86da9107-adb9-4a3b-bc71-f18710d66918','35747793-cf20-11ee-b21b-0200fd8284f8','2024-04-16','A','2024-04-16 19:10:46','2024-04-16 19:10:46'),(650,'19fb1f0a-6b2c-4e12-8be6-11fe55e8482c','a444c790-c224-11ee-84c1-0200fd8284f8','2024-04-16','A','2024-04-16 19:14:37','2024-04-16 19:14:37'),(651,'86da9107-adb9-4a3b-bc71-f18710d66918','a444c790-c224-11ee-84c1-0200fd8284f8','2024-04-16','A','2024-04-16 19:19:17','2024-04-16 19:19:17'),(652,'86da9107-adb9-4a3b-bc71-f18710d66918','35747793-cf20-11ee-b21b-0200fd8284f8','2024-04-16','A','2024-04-16 19:29:51','2024-04-16 19:29:51'),(653,'69abe0de-7812-41bd-9124-6a7238aee7d1','35747793-cf20-11ee-b21b-0200fd8284f8','2024-04-16','A','2024-04-16 19:38:28','2024-04-16 19:38:28'),(654,'86da9107-adb9-4a3b-bc71-f18710d66918','a444c790-c224-11ee-84c1-0200fd8284f8','2024-04-16','A','2024-04-16 19:39:26','2024-04-16 19:39:26'),(655,'35f2ea39-f082-4777-87a9-99f6433bb6f8','35747793-cf20-11ee-b21b-0200fd8284f8','2024-04-17','A','2024-04-17 09:21:01','2024-04-17 09:21:01'),(656,'86da9107-adb9-4a3b-bc71-f18710d66918','a444c790-c224-11ee-84c1-0200fd8284f8','2024-04-17','A','2024-04-17 14:39:18','2024-04-17 14:39:18'),(657,'86da9107-adb9-4a3b-bc71-f18710d66918','35747793-cf20-11ee-b21b-0200fd8284f8','2024-04-17','A','2024-04-17 17:24:17','2024-04-17 17:24:17'),(658,'86da9107-adb9-4a3b-bc71-f18710d66918','35747793-cf20-11ee-b21b-0200fd8284f8','2024-04-17','A','2024-04-17 17:49:16','2024-04-17 17:49:16'),(659,'86da9107-adb9-4a3b-bc71-f18710d66918','a444c790-c224-11ee-84c1-0200fd8284f8','2024-04-17','A','2024-04-17 17:49:23','2024-04-17 17:49:23'),(660,'40c9245e-db39-4d8d-b7ef-987c48d856a6','35747793-cf20-11ee-b21b-0200fd8284f8','2024-04-17','A','2024-04-17 18:09:39','2024-04-17 18:09:39'),(661,'19fb1f0a-6b2c-4e12-8be6-11fe55e8482c','a444c790-c224-11ee-84c1-0200fd8284f8','2024-04-17','A','2024-04-17 18:56:37','2024-04-17 18:56:37'),(662,'86da9107-adb9-4a3b-bc71-f18710d66918','a444c790-c224-11ee-84c1-0200fd8284f8','2024-04-18','A','2024-04-18 09:51:58','2024-04-18 09:51:58'),(663,'86da9107-adb9-4a3b-bc71-f18710d66918','a444c790-c224-11ee-84c1-0200fd8284f8','2024-04-18','A','2024-04-18 10:03:03','2024-04-18 10:03:03'),(664,'86da9107-adb9-4a3b-bc71-f18710d66918','35747793-cf20-11ee-b21b-0200fd8284f8','2024-04-18','A','2024-04-18 10:20:54','2024-04-18 10:20:54'),(665,'86da9107-adb9-4a3b-bc71-f18710d66918','35747793-cf20-11ee-b21b-0200fd8284f8','2024-04-18','A','2024-04-18 10:52:06','2024-04-18 10:52:06'),(666,'86da9107-adb9-4a3b-bc71-f18710d66918','a444c790-c224-11ee-84c1-0200fd8284f8','2024-04-18','A','2024-04-18 10:53:00','2024-04-18 10:53:00'),(667,'86da9107-adb9-4a3b-bc71-f18710d66918','35747793-cf20-11ee-b21b-0200fd8284f8','2024-04-18','A','2024-04-18 11:11:31','2024-04-18 11:11:31'),(668,'86da9107-adb9-4a3b-bc71-f18710d66918','a444c790-c224-11ee-84c1-0200fd8284f8','2024-04-18','A','2024-04-18 11:17:23','2024-04-18 11:17:23'),(669,'40c9245e-db39-4d8d-b7ef-987c48d856a6','35747793-cf20-11ee-b21b-0200fd8284f8','2024-04-18','A','2024-04-18 11:26:07','2024-04-18 11:26:07'),(670,'40c9245e-db39-4d8d-b7ef-987c48d856a6','35747793-cf20-11ee-b21b-0200fd8284f8','2024-04-18','A','2024-04-18 13:51:32','2024-04-18 13:51:32'),(671,'86da9107-adb9-4a3b-bc71-f18710d66918','35747793-cf20-11ee-b21b-0200fd8284f8','2024-04-18','A','2024-04-18 13:55:20','2024-04-18 13:55:20'),(672,'86da9107-adb9-4a3b-bc71-f18710d66918','35747793-cf20-11ee-b21b-0200fd8284f8','2024-04-18','A','2024-04-18 14:03:05','2024-04-18 14:03:05'),(673,'86da9107-adb9-4a3b-bc71-f18710d66918','a444c790-c224-11ee-84c1-0200fd8284f8','2024-04-18','A','2024-04-18 14:03:09','2024-04-18 14:03:09'),(674,'86da9107-adb9-4a3b-bc71-f18710d66918','a444c790-c224-11ee-84c1-0200fd8284f8','2024-04-18','A','2024-04-18 14:11:14','2024-04-18 14:11:14'),(675,'86da9107-adb9-4a3b-bc71-f18710d66918','35747793-cf20-11ee-b21b-0200fd8284f8','2024-04-18','A','2024-04-18 14:11:19','2024-04-18 14:11:19'),(676,'86da9107-adb9-4a3b-bc71-f18710d66918','a444c790-c224-11ee-84c1-0200fd8284f8','2024-04-18','A','2024-04-18 14:18:52','2024-04-18 14:18:52'),(677,'86da9107-adb9-4a3b-bc71-f18710d66918','35747793-cf20-11ee-b21b-0200fd8284f8','2024-04-18','A','2024-04-18 14:31:22','2024-04-18 14:31:22'),(678,'86da9107-adb9-4a3b-bc71-f18710d66918','a444c790-c224-11ee-84c1-0200fd8284f8','2024-04-18','A','2024-04-18 14:33:31','2024-04-18 14:33:31'),(679,'86da9107-adb9-4a3b-bc71-f18710d66918','35747793-cf20-11ee-b21b-0200fd8284f8','2024-04-18','A','2024-04-18 15:47:17','2024-04-18 15:47:17'),(680,'40c9245e-db39-4d8d-b7ef-987c48d856a6','35747793-cf20-11ee-b21b-0200fd8284f8','2024-04-18','A','2024-04-18 15:55:36','2024-04-18 15:55:36'),(681,'86da9107-adb9-4a3b-bc71-f18710d66918','a444c790-c224-11ee-84c1-0200fd8284f8','2024-04-18','A','2024-04-18 16:28:50','2024-04-18 16:28:50'),(682,'86da9107-adb9-4a3b-bc71-f18710d66918','35747793-cf20-11ee-b21b-0200fd8284f8','2024-04-18','A','2024-04-18 16:34:56','2024-04-18 16:34:56'),(683,'86da9107-adb9-4a3b-bc71-f18710d66918','35747793-cf20-11ee-b21b-0200fd8284f8','2024-04-18','A','2024-04-18 16:39:18','2024-04-18 16:39:18'),(684,'86da9107-adb9-4a3b-bc71-f18710d66918','a444c790-c224-11ee-84c1-0200fd8284f8','2024-04-18','A','2024-04-18 16:39:22','2024-04-18 16:39:22'),(685,'35f2ea39-f082-4777-87a9-99f6433bb6f8','35747793-cf20-11ee-b21b-0200fd8284f8','2024-04-18','A','2024-04-18 18:39:27','2024-04-18 18:39:27'),(686,'c577e6b9-a8fa-4636-ba3f-593f1191dc14','a444c790-c224-11ee-84c1-0200fd8284f8','2024-04-18','A','2024-04-18 18:49:33','2024-04-18 18:49:33'),(687,'35f2ea39-f082-4777-87a9-99f6433bb6f8','35747793-cf20-11ee-b21b-0200fd8284f8','2024-04-19','A','2024-04-19 09:46:42','2024-04-19 09:46:42'),(688,'86da9107-adb9-4a3b-bc71-f18710d66918','a444c790-c224-11ee-84c1-0200fd8284f8','2024-04-19','A','2024-04-19 10:00:03','2024-04-19 10:00:03'),(689,'86da9107-adb9-4a3b-bc71-f18710d66918','35747793-cf20-11ee-b21b-0200fd8284f8','2024-04-19','A','2024-04-19 12:13:34','2024-04-19 12:13:34'),(690,'86da9107-adb9-4a3b-bc71-f18710d66918','a444c790-c224-11ee-84c1-0200fd8284f8','2024-04-19','A','2024-04-19 12:24:29','2024-04-19 12:24:29'),(691,'35f2ea39-f082-4777-87a9-99f6433bb6f8','35747793-cf20-11ee-b21b-0200fd8284f8','2024-04-19','A','2024-04-19 12:45:42','2024-04-19 12:45:42'),(692,'86da9107-adb9-4a3b-bc71-f18710d66918','35747793-cf20-11ee-b21b-0200fd8284f8','2024-04-19','A','2024-04-19 13:06:12','2024-04-19 13:06:12'),(693,'86da9107-adb9-4a3b-bc71-f18710d66918','a444c790-c224-11ee-84c1-0200fd8284f8','2024-04-19','A','2024-04-19 13:26:20','2024-04-19 13:26:20'),(694,'86da9107-adb9-4a3b-bc71-f18710d66918','35747793-cf20-11ee-b21b-0200fd8284f8','2024-04-19','A','2024-04-19 13:33:21','2024-04-19 13:33:21'),(695,'86da9107-adb9-4a3b-bc71-f18710d66918','a444c790-c224-11ee-84c1-0200fd8284f8','2024-04-19','A','2024-04-19 13:33:48','2024-04-19 13:33:48'),(696,'86da9107-adb9-4a3b-bc71-f18710d66918','35747793-cf20-11ee-b21b-0200fd8284f8','2024-04-19','A','2024-04-19 13:36:07','2024-04-19 13:36:07'),(697,'86da9107-adb9-4a3b-bc71-f18710d66918','a444c790-c224-11ee-84c1-0200fd8284f8','2024-04-19','A','2024-04-19 13:38:20','2024-04-19 13:38:20'),(698,'c577e6b9-a8fa-4636-ba3f-593f1191dc14','a444c790-c224-11ee-84c1-0200fd8284f8','2024-04-19','A','2024-04-19 18:17:05','2024-04-19 18:17:05'),(699,'86da9107-adb9-4a3b-bc71-f18710d66918','a444c790-c224-11ee-84c1-0200fd8284f8','2024-04-19','A','2024-04-19 18:36:10','2024-04-19 18:36:10'),(700,'86da9107-adb9-4a3b-bc71-f18710d66918','35747793-cf20-11ee-b21b-0200fd8284f8','2024-04-19','A','2024-04-19 18:40:42','2024-04-19 18:40:42'),(701,'86da9107-adb9-4a3b-bc71-f18710d66918','a444c790-c224-11ee-84c1-0200fd8284f8','2024-04-19','A','2024-04-19 18:47:04','2024-04-19 18:47:04'),(702,'c577e6b9-a8fa-4636-ba3f-593f1191dc14','a444c790-c224-11ee-84c1-0200fd8284f8','2024-04-19','A','2024-04-19 20:37:59','2024-04-19 20:37:59'),(703,'86da9107-adb9-4a3b-bc71-f18710d66918','35747793-cf20-11ee-b21b-0200fd8284f8','2024-04-19','A','2024-04-19 20:54:59','2024-04-19 20:54:59'),(704,'86da9107-adb9-4a3b-bc71-f18710d66918','a444c790-c224-11ee-84c1-0200fd8284f8','2024-04-19','A','2024-04-19 20:57:27','2024-04-19 20:57:27'),(705,'40c9245e-db39-4d8d-b7ef-987c48d856a6','35747793-cf20-11ee-b21b-0200fd8284f8','2024-04-20','A','2024-04-20 09:43:39','2024-04-20 09:43:39'),(706,'35f2ea39-f082-4777-87a9-99f6433bb6f8','35747793-cf20-11ee-b21b-0200fd8284f8','2024-04-20','A','2024-04-20 14:19:27','2024-04-20 14:19:27'),(707,'19fb1f0a-6b2c-4e12-8be6-11fe55e8482c','a444c790-c224-11ee-84c1-0200fd8284f8','2024-04-20','A','2024-04-20 14:41:26','2024-04-20 14:41:26'),(708,'19fb1f0a-6b2c-4e12-8be6-11fe55e8482c','a444c790-c224-11ee-84c1-0200fd8284f8','2024-04-20','A','2024-04-20 14:43:48','2024-04-20 14:43:48'),(709,'19fb1f0a-6b2c-4e12-8be6-11fe55e8482c','a444c790-c224-11ee-84c1-0200fd8284f8','2024-04-20','A','2024-04-20 15:24:07','2024-04-20 15:24:07'),(710,'19fb1f0a-6b2c-4e12-8be6-11fe55e8482c','a444c790-c224-11ee-84c1-0200fd8284f8','2024-04-20','A','2024-04-20 18:23:47','2024-04-20 18:23:47'),(711,'35f2ea39-f082-4777-87a9-99f6433bb6f8','35747793-cf20-11ee-b21b-0200fd8284f8','2024-04-22','A','2024-04-22 08:36:10','2024-04-22 08:36:10'),(712,'86da9107-adb9-4a3b-bc71-f18710d66918','a444c790-c224-11ee-84c1-0200fd8284f8','2024-04-22','A','2024-04-22 09:32:39','2024-04-22 09:32:39'),(713,'86da9107-adb9-4a3b-bc71-f18710d66918','35747793-cf20-11ee-b21b-0200fd8284f8','2024-04-22','A','2024-04-22 10:01:59','2024-04-22 10:01:59'),(714,'86da9107-adb9-4a3b-bc71-f18710d66918','a444c790-c224-11ee-84c1-0200fd8284f8','2024-04-22','A','2024-04-22 10:05:55','2024-04-22 10:05:55'),(715,'86da9107-adb9-4a3b-bc71-f18710d66918','35747793-cf20-11ee-b21b-0200fd8284f8','2024-04-22','A','2024-04-22 11:14:00','2024-04-22 11:14:00'),(716,'86da9107-adb9-4a3b-bc71-f18710d66918','a444c790-c224-11ee-84c1-0200fd8284f8','2024-04-22','A','2024-04-22 11:15:08','2024-04-22 11:15:08'),(717,'35f2ea39-f082-4777-87a9-99f6433bb6f8','35747793-cf20-11ee-b21b-0200fd8284f8','2024-04-22','A','2024-04-22 15:42:12','2024-04-22 15:42:12'),(718,'19fb1f0a-6b2c-4e12-8be6-11fe55e8482c','a444c790-c224-11ee-84c1-0200fd8284f8','2024-04-22','A','2024-04-22 18:19:02','2024-04-22 18:19:02'),(719,'86da9107-adb9-4a3b-bc71-f18710d66918','a444c790-c224-11ee-84c1-0200fd8284f8','2024-04-22','A','2024-04-22 20:01:39','2024-04-22 20:01:39'),(720,'19fb1f0a-6b2c-4e12-8be6-11fe55e8482c','a444c790-c224-11ee-84c1-0200fd8284f8','2024-04-23','A','2024-04-23 10:30:45','2024-04-23 10:30:45'),(721,'40c9245e-db39-4d8d-b7ef-987c48d856a6','35747793-cf20-11ee-b21b-0200fd8284f8','2024-04-23','A','2024-04-23 10:33:21','2024-04-23 10:33:21'),(722,'86da9107-adb9-4a3b-bc71-f18710d66918','a444c790-c224-11ee-84c1-0200fd8284f8','2024-04-23','A','2024-04-23 15:05:07','2024-04-23 15:05:07'),(723,'40c9245e-db39-4d8d-b7ef-987c48d856a6','35747793-cf20-11ee-b21b-0200fd8284f8','2024-04-23','A','2024-04-23 15:55:22','2024-04-23 15:55:22'),(724,'19fb1f0a-6b2c-4e12-8be6-11fe55e8482c','a444c790-c224-11ee-84c1-0200fd8284f8','2024-04-23','A','2024-04-23 18:44:56','2024-04-23 18:44:56'),(725,'86da9107-adb9-4a3b-bc71-f18710d66918','35747793-cf20-11ee-b21b-0200fd8284f8','2024-04-23','A','2024-04-23 18:56:39','2024-04-23 18:56:39'),(726,'86da9107-adb9-4a3b-bc71-f18710d66918','a444c790-c224-11ee-84c1-0200fd8284f8','2024-04-23','A','2024-04-23 18:58:09','2024-04-23 18:58:09'),(727,'40c9245e-db39-4d8d-b7ef-987c48d856a6','35747793-cf20-11ee-b21b-0200fd8284f8','2024-04-23','A','2024-04-23 19:02:51','2024-04-23 19:02:51'),(728,'35f2ea39-f082-4777-87a9-99f6433bb6f8','35747793-cf20-11ee-b21b-0200fd8284f8','2024-04-23','A','2024-04-23 19:17:45','2024-04-23 19:17:45'),(729,'35f2ea39-f082-4777-87a9-99f6433bb6f8','35747793-cf20-11ee-b21b-0200fd8284f8','2024-04-23','A','2024-04-23 19:21:24','2024-04-23 19:21:24'),(730,'40c9245e-db39-4d8d-b7ef-987c48d856a6','35747793-cf20-11ee-b21b-0200fd8284f8','2024-04-23','A','2024-04-23 19:22:06','2024-04-23 19:22:07'),(731,'86da9107-adb9-4a3b-bc71-f18710d66918','35747793-cf20-11ee-b21b-0200fd8284f8','2024-04-23','A','2024-04-23 19:26:22','2024-04-23 19:26:22'),(732,'40c9245e-db39-4d8d-b7ef-987c48d856a6','35747793-cf20-11ee-b21b-0200fd8284f8','2024-04-23','A','2024-04-23 19:27:40','2024-04-23 19:27:40'),(733,'86da9107-adb9-4a3b-bc71-f18710d66918','a444c790-c224-11ee-84c1-0200fd8284f8','2024-04-23','A','2024-04-23 19:29:23','2024-04-23 19:29:23'),(734,'86da9107-adb9-4a3b-bc71-f18710d66918','35747793-cf20-11ee-b21b-0200fd8284f8','2024-04-23','A','2024-04-23 19:29:43','2024-04-23 19:29:43'),(735,'86da9107-adb9-4a3b-bc71-f18710d66918','a444c790-c224-11ee-84c1-0200fd8284f8','2024-04-23','A','2024-04-23 19:30:31','2024-04-23 19:30:31'),(736,'69abe0de-7812-41bd-9124-6a7238aee7d1','35747793-cf20-11ee-b21b-0200fd8284f8','2024-04-23','A','2024-04-23 19:30:38','2024-04-23 19:30:38'),(737,'40c9245e-db39-4d8d-b7ef-987c48d856a6','35747793-cf20-11ee-b21b-0200fd8284f8','2024-04-23','A','2024-04-23 19:34:34','2024-04-23 19:34:34'),(738,'40c9245e-db39-4d8d-b7ef-987c48d856a6','35747793-cf20-11ee-b21b-0200fd8284f8','2024-04-23','A','2024-04-23 19:37:20','2024-04-23 19:37:20'),(739,'40c9245e-db39-4d8d-b7ef-987c48d856a6','35747793-cf20-11ee-b21b-0200fd8284f8','2024-04-23','A','2024-04-23 19:39:15','2024-04-23 19:39:15'),(740,'19fb1f0a-6b2c-4e12-8be6-11fe55e8482c','a444c790-c224-11ee-84c1-0200fd8284f8','2024-04-23','A','2024-04-23 20:07:20','2024-04-23 20:07:20'),(741,'86da9107-adb9-4a3b-bc71-f18710d66918','a444c790-c224-11ee-84c1-0200fd8284f8','2024-04-23','A','2024-04-23 20:37:56','2024-04-23 20:37:56'),(742,'40c9245e-db39-4d8d-b7ef-987c48d856a6','35747793-cf20-11ee-b21b-0200fd8284f8','2024-04-24','A','2024-04-24 08:39:52','2024-04-24 08:39:52'),(743,'35f2ea39-f082-4777-87a9-99f6433bb6f8','35747793-cf20-11ee-b21b-0200fd8284f8','2024-04-24','A','2024-04-24 09:30:19','2024-04-24 09:30:19'),(744,'86da9107-adb9-4a3b-bc71-f18710d66918','a444c790-c224-11ee-84c1-0200fd8284f8','2024-04-24','A','2024-04-24 10:31:51','2024-04-24 10:31:51'),(745,'86da9107-adb9-4a3b-bc71-f18710d66918','a444c790-c224-11ee-84c1-0200fd8284f8','2024-04-24','A','2024-04-24 13:04:42','2024-04-24 13:04:42'),(746,'86da9107-adb9-4a3b-bc71-f18710d66918','35747793-cf20-11ee-b21b-0200fd8284f8','2024-04-24','A','2024-04-24 15:31:48','2024-04-24 15:31:48'),(747,'86da9107-adb9-4a3b-bc71-f18710d66918','a444c790-c224-11ee-84c1-0200fd8284f8','2024-04-24','A','2024-04-24 16:12:49','2024-04-24 16:12:49'),(748,'86da9107-adb9-4a3b-bc71-f18710d66918','35747793-cf20-11ee-b21b-0200fd8284f8','2024-04-24','A','2024-04-24 16:32:56','2024-04-24 16:32:56'),(749,'86da9107-adb9-4a3b-bc71-f18710d66918','a444c790-c224-11ee-84c1-0200fd8284f8','2024-04-24','A','2024-04-24 16:39:19','2024-04-24 16:39:19'),(750,'86da9107-adb9-4a3b-bc71-f18710d66918','35747793-cf20-11ee-b21b-0200fd8284f8','2024-04-24','A','2024-04-24 17:36:21','2024-04-24 17:36:21'),(751,'86da9107-adb9-4a3b-bc71-f18710d66918','a444c790-c224-11ee-84c1-0200fd8284f8','2024-04-24','A','2024-04-24 17:44:15','2024-04-24 17:44:15'),(752,'86da9107-adb9-4a3b-bc71-f18710d66918','a444c790-c224-11ee-84c1-0200fd8284f8','2024-04-24','A','2024-04-24 22:27:06','2024-04-24 22:27:06'),(753,'86da9107-adb9-4a3b-bc71-f18710d66918','a444c790-c224-11ee-84c1-0200fd8284f8','2024-04-24','A','2024-04-24 22:31:51','2024-04-24 22:31:51'),(754,'40c9245e-db39-4d8d-b7ef-987c48d856a6','35747793-cf20-11ee-b21b-0200fd8284f8','2024-04-25','A','2024-04-25 12:59:13','2024-04-25 12:59:13'),(755,'c577e6b9-a8fa-4636-ba3f-593f1191dc14','a444c790-c224-11ee-84c1-0200fd8284f8','2024-04-25','A','2024-04-25 15:27:33','2024-04-25 15:27:33'),(756,'35f2ea39-f082-4777-87a9-99f6433bb6f8','35747793-cf20-11ee-b21b-0200fd8284f8','2024-04-25','A','2024-04-25 16:14:02','2024-04-25 16:14:02'),(757,'35f2ea39-f082-4777-87a9-99f6433bb6f8','35747793-cf20-11ee-b21b-0200fd8284f8','2024-04-25','A','2024-04-25 16:52:07','2024-04-25 16:52:07'),(758,'40c9245e-db39-4d8d-b7ef-987c48d856a6','35747793-cf20-11ee-b21b-0200fd8284f8','2024-04-25','A','2024-04-25 17:08:33','2024-04-25 17:08:33'),(759,'86da9107-adb9-4a3b-bc71-f18710d66918','35747793-cf20-11ee-b21b-0200fd8284f8','2024-04-25','A','2024-04-25 17:48:20','2024-04-25 17:48:20'),(760,'86da9107-adb9-4a3b-bc71-f18710d66918','a444c790-c224-11ee-84c1-0200fd8284f8','2024-04-25','A','2024-04-25 18:01:03','2024-04-25 18:01:03'),(761,'86da9107-adb9-4a3b-bc71-f18710d66918','35747793-cf20-11ee-b21b-0200fd8284f8','2024-04-25','A','2024-04-25 18:05:01','2024-04-25 18:05:01'),(762,'86da9107-adb9-4a3b-bc71-f18710d66918','a444c790-c224-11ee-84c1-0200fd8284f8','2024-04-25','A','2024-04-25 18:06:09','2024-04-25 18:06:09'),(763,'c577e6b9-a8fa-4636-ba3f-593f1191dc14','35747793-cf20-11ee-b21b-0200fd8284f8','2024-04-25','A','2024-04-25 18:39:42','2024-04-25 18:39:42'),(764,'c577e6b9-a8fa-4636-ba3f-593f1191dc14','35747793-cf20-11ee-b21b-0200fd8284f8','2024-04-25','A','2024-04-25 18:40:00','2024-04-25 18:40:00'),(765,'c577e6b9-a8fa-4636-ba3f-593f1191dc14','a444c790-c224-11ee-84c1-0200fd8284f8','2024-04-25','A','2024-04-25 18:43:10','2024-04-25 18:43:10'),(766,'c577e6b9-a8fa-4636-ba3f-593f1191dc14','a444c790-c224-11ee-84c1-0200fd8284f8','2024-04-25','A','2024-04-25 18:44:27','2024-04-25 18:44:27'),(767,'86da9107-adb9-4a3b-bc71-f18710d66918','35747793-cf20-11ee-b21b-0200fd8284f8','2024-04-25','A','2024-04-25 18:54:52','2024-04-25 18:54:52'),(768,'86da9107-adb9-4a3b-bc71-f18710d66918','a444c790-c224-11ee-84c1-0200fd8284f8','2024-04-25','A','2024-04-25 18:55:31','2024-04-25 18:55:31'),(769,'86da9107-adb9-4a3b-bc71-f18710d66918','35747793-cf20-11ee-b21b-0200fd8284f8','2024-04-25','A','2024-04-25 19:11:13','2024-04-25 19:11:13'),(770,'86da9107-adb9-4a3b-bc71-f18710d66918','a444c790-c224-11ee-84c1-0200fd8284f8','2024-04-25','A','2024-04-25 19:11:48','2024-04-25 19:11:48'),(771,'86da9107-adb9-4a3b-bc71-f18710d66918','35747793-cf20-11ee-b21b-0200fd8284f8','2024-04-25','A','2024-04-25 19:13:15','2024-04-25 19:13:15'),(772,'86da9107-adb9-4a3b-bc71-f18710d66918','a444c790-c224-11ee-84c1-0200fd8284f8','2024-04-25','A','2024-04-25 19:15:05','2024-04-25 19:15:05'),(773,'86da9107-adb9-4a3b-bc71-f18710d66918','35747793-cf20-11ee-b21b-0200fd8284f8','2024-04-25','A','2024-04-25 20:33:33','2024-04-25 20:33:33'),(774,'86da9107-adb9-4a3b-bc71-f18710d66918','35747793-cf20-11ee-b21b-0200fd8284f8','2024-04-25','A','2024-04-25 20:41:34','2024-04-25 20:41:34'),(775,'56b845b7-1236-4a32-a118-982a89f230aa','35747793-cf20-11ee-b21b-0200fd8284f8','2024-04-26','A','2024-04-26 09:21:19','2024-04-26 09:21:19'),(776,'86da9107-adb9-4a3b-bc71-f18710d66918','a444c790-c224-11ee-84c1-0200fd8284f8','2024-04-26','A','2024-04-26 17:09:07','2024-04-26 17:09:07'),(777,'19fb1f0a-6b2c-4e12-8be6-11fe55e8482c','a444c790-c224-11ee-84c1-0200fd8284f8','2024-04-26','A','2024-04-26 18:14:15','2024-04-26 18:14:15'),(778,'19fb1f0a-6b2c-4e12-8be6-11fe55e8482c','a444c790-c224-11ee-84c1-0200fd8284f8','2024-04-26','A','2024-04-26 18:17:52','2024-04-26 18:17:52'),(779,'86da9107-adb9-4a3b-bc71-f18710d66918','a444c790-c224-11ee-84c1-0200fd8284f8','2024-04-26','A','2024-04-26 20:07:09','2024-04-26 20:07:09'),(780,'40c9245e-db39-4d8d-b7ef-987c48d856a6','35747793-cf20-11ee-b21b-0200fd8284f8','2024-04-27','A','2024-04-27 09:38:46','2024-04-27 09:38:46'),(781,'19fb1f0a-6b2c-4e12-8be6-11fe55e8482c','a444c790-c224-11ee-84c1-0200fd8284f8','2024-04-27','A','2024-04-27 13:42:50','2024-04-27 13:42:50'),(782,'35f2ea39-f082-4777-87a9-99f6433bb6f8','35747793-cf20-11ee-b21b-0200fd8284f8','2024-04-27','A','2024-04-27 14:55:07','2024-04-27 14:55:07'),(783,'86da9107-adb9-4a3b-bc71-f18710d66918','35747793-cf20-11ee-b21b-0200fd8284f8','2024-04-27','A','2024-04-27 16:12:37','2024-04-27 16:12:37'),(784,'40c9245e-db39-4d8d-b7ef-987c48d856a6','35747793-cf20-11ee-b21b-0200fd8284f8','2024-04-27','A','2024-04-27 16:35:43','2024-04-27 16:35:43'),(785,'86da9107-adb9-4a3b-bc71-f18710d66918','a444c790-c224-11ee-84c1-0200fd8284f8','2024-04-27','A','2024-04-27 17:08:17','2024-04-27 17:08:17'),(786,'35f2ea39-f082-4777-87a9-99f6433bb6f8','35747793-cf20-11ee-b21b-0200fd8284f8','2024-04-29','A','2024-04-29 08:00:10','2024-04-29 08:00:10'),(787,'35f2ea39-f082-4777-87a9-99f6433bb6f8','35747793-cf20-11ee-b21b-0200fd8284f8','2024-04-29','A','2024-04-29 13:30:54','2024-04-29 13:30:54'),(788,'c577e6b9-a8fa-4636-ba3f-593f1191dc14','a444c790-c224-11ee-84c1-0200fd8284f8','2024-04-29','A','2024-04-29 14:37:01','2024-04-29 14:37:01'),(789,'86da9107-adb9-4a3b-bc71-f18710d66918','a444c790-c224-11ee-84c1-0200fd8284f8','2024-04-29','A','2024-04-29 18:39:45','2024-04-29 18:39:45'),(790,'56b845b7-1236-4a32-a118-982a89f230aa','35747793-cf20-11ee-b21b-0200fd8284f8','2024-04-30','A','2024-04-30 08:21:46','2024-04-30 08:21:46'),(791,'56b845b7-1236-4a32-a118-982a89f230aa','35747793-cf20-11ee-b21b-0200fd8284f8','2024-04-30','A','2024-04-30 10:16:23','2024-04-30 10:16:23'),(792,'86da9107-adb9-4a3b-bc71-f18710d66918','a444c790-c224-11ee-84c1-0200fd8284f8','2024-04-30','A','2024-04-30 10:19:45','2024-04-30 10:19:45'),(793,'86da9107-adb9-4a3b-bc71-f18710d66918','a444c790-c224-11ee-84c1-0200fd8284f8','2024-04-30','A','2024-04-30 10:21:27','2024-04-30 10:21:27'),(794,'86da9107-adb9-4a3b-bc71-f18710d66918','a444c790-c224-11ee-84c1-0200fd8284f8','2024-04-30','A','2024-04-30 10:24:10','2024-04-30 10:24:10'),(795,'86da9107-adb9-4a3b-bc71-f18710d66918','a444c790-c224-11ee-84c1-0200fd8284f8','2024-04-30','A','2024-04-30 10:24:17','2024-04-30 10:24:17'),(796,'86da9107-adb9-4a3b-bc71-f18710d66918','a444c790-c224-11ee-84c1-0200fd8284f8','2024-04-30','A','2024-04-30 11:00:39','2024-04-30 11:00:39'),(797,'19fb1f0a-6b2c-4e12-8be6-11fe55e8482c','a444c790-c224-11ee-84c1-0200fd8284f8','2024-04-30','A','2024-04-30 11:47:42','2024-04-30 11:47:42'),(798,'56b845b7-1236-4a32-a118-982a89f230aa','35747793-cf20-11ee-b21b-0200fd8284f8','2024-04-30','A','2024-04-30 16:57:42','2024-04-30 16:57:42'),(799,'86da9107-adb9-4a3b-bc71-f18710d66918','a444c790-c224-11ee-84c1-0200fd8284f8','2024-04-30','A','2024-04-30 17:43:02','2024-04-30 17:43:02'),(800,'86da9107-adb9-4a3b-bc71-f18710d66918','35747793-cf20-11ee-b21b-0200fd8284f8','2024-04-30','A','2024-04-30 17:43:19','2024-04-30 17:43:19'),(801,'86da9107-adb9-4a3b-bc71-f18710d66918','35747793-cf20-11ee-b21b-0200fd8284f8','2024-04-30','A','2024-04-30 18:05:23','2024-04-30 18:05:23'),(802,'86da9107-adb9-4a3b-bc71-f18710d66918','a444c790-c224-11ee-84c1-0200fd8284f8','2024-04-30','A','2024-04-30 18:05:39','2024-04-30 18:05:39'),(803,'86da9107-adb9-4a3b-bc71-f18710d66918','35747793-cf20-11ee-b21b-0200fd8284f8','2024-04-30','A','2024-04-30 18:24:46','2024-04-30 18:24:46'),(804,'86da9107-adb9-4a3b-bc71-f18710d66918','a444c790-c224-11ee-84c1-0200fd8284f8','2024-04-30','A','2024-04-30 18:37:09','2024-04-30 18:37:09'),(805,'19fb1f0a-6b2c-4e12-8be6-11fe55e8482c','a444c790-c224-11ee-84c1-0200fd8284f8','2024-04-30','A','2024-04-30 19:41:52','2024-04-30 19:41:52'),(806,'86da9107-adb9-4a3b-bc71-f18710d66918','a444c790-c224-11ee-84c1-0200fd8284f8','2024-05-02','A','2024-05-02 11:45:29','2024-05-02 11:45:29'),(807,'56b845b7-1236-4a32-a118-982a89f230aa','35747793-cf20-11ee-b21b-0200fd8284f8','2024-05-02','A','2024-05-02 11:49:08','2024-05-02 11:49:08'),(808,'c577e6b9-a8fa-4636-ba3f-593f1191dc14','a444c790-c224-11ee-84c1-0200fd8284f8','2024-05-02','A','2024-05-02 11:57:54','2024-05-02 11:57:54'),(809,'c577e6b9-a8fa-4636-ba3f-593f1191dc14','a444c790-c224-11ee-84c1-0200fd8284f8','2024-05-02','A','2024-05-02 15:45:51','2024-05-02 15:45:51'),(810,'35f2ea39-f082-4777-87a9-99f6433bb6f8','35747793-cf20-11ee-b21b-0200fd8284f8','2024-05-02','A','2024-05-02 16:12:30','2024-05-02 16:12:30'),(811,'56b845b7-1236-4a32-a118-982a89f230aa','35747793-cf20-11ee-b21b-0200fd8284f8','2024-05-02','A','2024-05-02 17:13:23','2024-05-02 17:13:23'),(812,'86da9107-adb9-4a3b-bc71-f18710d66918','a444c790-c224-11ee-84c1-0200fd8284f8','2024-05-02','A','2024-05-02 18:07:42','2024-05-02 18:07:42'),(813,'c577e6b9-a8fa-4636-ba3f-593f1191dc14','a444c790-c224-11ee-84c1-0200fd8284f8','2024-05-02','A','2024-05-02 18:13:48','2024-05-02 18:13:48'),(814,'86da9107-adb9-4a3b-bc71-f18710d66918','35747793-cf20-11ee-b21b-0200fd8284f8','2024-05-02','A','2024-05-02 20:33:58','2024-05-02 20:33:58'),(815,'35f2ea39-f082-4777-87a9-99f6433bb6f8','35747793-cf20-11ee-b21b-0200fd8284f8','2024-05-03','A','2024-05-03 08:43:23','2024-05-03 08:43:23'),(816,'86da9107-adb9-4a3b-bc71-f18710d66918','a444c790-c224-11ee-84c1-0200fd8284f8','2024-05-03','A','2024-05-03 11:03:31','2024-05-03 11:03:31'),(817,'35f2ea39-f082-4777-87a9-99f6433bb6f8','35747793-cf20-11ee-b21b-0200fd8284f8','2024-05-03','A','2024-05-03 11:28:44','2024-05-03 11:28:44'),(818,'86da9107-adb9-4a3b-bc71-f18710d66918','35747793-cf20-11ee-b21b-0200fd8284f8','2024-05-03','A','2024-05-03 15:07:27','2024-05-03 15:07:27'),(819,'86da9107-adb9-4a3b-bc71-f18710d66918','a444c790-c224-11ee-84c1-0200fd8284f8','2024-05-03','A','2024-05-03 15:15:55','2024-05-03 15:15:55'),(820,'35f2ea39-f082-4777-87a9-99f6433bb6f8','35747793-cf20-11ee-b21b-0200fd8284f8','2024-05-03','A','2024-05-03 17:02:01','2024-05-03 17:02:01'),(821,'c577e6b9-a8fa-4636-ba3f-593f1191dc14','a444c790-c224-11ee-84c1-0200fd8284f8','2024-05-03','A','2024-05-03 17:30:36','2024-05-03 17:30:36'),(822,'86da9107-adb9-4a3b-bc71-f18710d66918','35747793-cf20-11ee-b21b-0200fd8284f8','2024-05-03','A','2024-05-03 18:00:43','2024-05-03 18:00:43'),(823,'86da9107-adb9-4a3b-bc71-f18710d66918','a444c790-c224-11ee-84c1-0200fd8284f8','2024-05-03','A','2024-05-03 18:04:58','2024-05-03 18:04:58'),(824,'40c9245e-db39-4d8d-b7ef-987c48d856a6','35747793-cf20-11ee-b21b-0200fd8284f8','2024-05-04','A','2024-05-04 09:02:15','2024-05-04 09:02:15'),(825,'86da9107-adb9-4a3b-bc71-f18710d66918','a444c790-c224-11ee-84c1-0200fd8284f8','2024-05-04','A','2024-05-04 10:13:56','2024-05-04 10:13:56'),(826,'40c9245e-db39-4d8d-b7ef-987c48d856a6','35747793-cf20-11ee-b21b-0200fd8284f8','2024-05-04','A','2024-05-04 13:43:17','2024-05-04 13:43:17'),(827,'86da9107-adb9-4a3b-bc71-f18710d66918','a444c790-c224-11ee-84c1-0200fd8284f8','2024-05-04','A','2024-05-04 15:07:34','2024-05-04 15:07:34'),(828,'c577e6b9-a8fa-4636-ba3f-593f1191dc14','a444c790-c224-11ee-84c1-0200fd8284f8','2024-05-04','A','2024-05-04 15:45:31','2024-05-04 15:45:31'),(829,'c577e6b9-a8fa-4636-ba3f-593f1191dc14','a444c790-c224-11ee-84c1-0200fd8284f8','2024-05-04','A','2024-05-04 17:39:53','2024-05-04 17:39:53'),(830,'c577e6b9-a8fa-4636-ba3f-593f1191dc14','a444c790-c224-11ee-84c1-0200fd8284f8','2024-05-04','A','2024-05-04 17:40:21','2024-05-04 17:40:21'),(831,'86da9107-adb9-4a3b-bc71-f18710d66918','35747793-cf20-11ee-b21b-0200fd8284f8','2024-05-04','A','2024-05-04 19:14:56','2024-05-04 19:14:56'),(832,'86da9107-adb9-4a3b-bc71-f18710d66918','a444c790-c224-11ee-84c1-0200fd8284f8','2024-05-04','A','2024-05-04 19:45:07','2024-05-04 19:45:07'),(833,'86da9107-adb9-4a3b-bc71-f18710d66918','a444c790-c224-11ee-84c1-0200fd8284f8','2024-05-06','A','2024-05-06 10:08:15','2024-05-06 10:08:15'),(834,'86da9107-adb9-4a3b-bc71-f18710d66918','a444c790-c224-11ee-84c1-0200fd8284f8','2024-05-06','A','2024-05-06 10:45:17','2024-05-06 10:45:17'),(835,'56b845b7-1236-4a32-a118-982a89f230aa','35747793-cf20-11ee-b21b-0200fd8284f8','2024-05-06','A','2024-05-06 13:47:16','2024-05-06 13:47:16'),(836,'86da9107-adb9-4a3b-bc71-f18710d66918','a444c790-c224-11ee-84c1-0200fd8284f8','2024-05-06','A','2024-05-06 18:59:57','2024-05-06 18:59:57'),(837,'86da9107-adb9-4a3b-bc71-f18710d66918','35747793-cf20-11ee-b21b-0200fd8284f8','2024-05-06','A','2024-05-06 20:46:08','2024-05-06 20:46:08'),(838,'86da9107-adb9-4a3b-bc71-f18710d66918','a444c790-c224-11ee-84c1-0200fd8284f8','2024-05-06','A','2024-05-06 21:25:00','2024-05-06 21:25:00'),(839,'40c9245e-db39-4d8d-b7ef-987c48d856a6','35747793-cf20-11ee-b21b-0200fd8284f8','2024-05-07','A','2024-05-07 09:11:02','2024-05-07 09:11:02'),(840,'86da9107-adb9-4a3b-bc71-f18710d66918','a444c790-c224-11ee-84c1-0200fd8284f8','2024-05-07','A','2024-05-07 14:41:39','2024-05-07 14:41:39'),(841,'86da9107-adb9-4a3b-bc71-f18710d66918','35747793-cf20-11ee-b21b-0200fd8284f8','2024-05-07','A','2024-05-07 14:42:42','2024-05-07 14:42:42'),(842,'86da9107-adb9-4a3b-bc71-f18710d66918','a444c790-c224-11ee-84c1-0200fd8284f8','2024-05-07','A','2024-05-07 14:47:58','2024-05-07 14:47:58'),(843,'40c9245e-db39-4d8d-b7ef-987c48d856a6','35747793-cf20-11ee-b21b-0200fd8284f8','2024-05-07','A','2024-05-07 16:55:54','2024-05-07 16:55:54'),(844,'86da9107-adb9-4a3b-bc71-f18710d66918','35747793-cf20-11ee-b21b-0200fd8284f8','2024-05-07','A','2024-05-07 18:29:15','2024-05-07 18:29:15'),(845,'86da9107-adb9-4a3b-bc71-f18710d66918','35747793-cf20-11ee-b21b-0200fd8284f8','2024-05-07','A','2024-05-07 18:35:25','2024-05-07 18:35:25'),(846,'86da9107-adb9-4a3b-bc71-f18710d66918','a444c790-c224-11ee-84c1-0200fd8284f8','2024-05-07','A','2024-05-07 18:35:31','2024-05-07 18:35:31'),(847,'86da9107-adb9-4a3b-bc71-f18710d66918','35747793-cf20-11ee-b21b-0200fd8284f8','2024-05-07','A','2024-05-07 21:08:40','2024-05-07 21:08:40'),(848,'86da9107-adb9-4a3b-bc71-f18710d66918','a444c790-c224-11ee-84c1-0200fd8284f8','2024-05-07','A','2024-05-07 21:22:44','2024-05-07 21:22:44'),(849,'c577e6b9-a8fa-4636-ba3f-593f1191dc14','a444c790-c224-11ee-84c1-0200fd8284f8','2024-05-08','A','2024-05-08 10:05:13','2024-05-08 10:05:13'),(850,'35f2ea39-f082-4777-87a9-99f6433bb6f8','35747793-cf20-11ee-b21b-0200fd8284f8','2024-05-08','A','2024-05-08 10:24:55','2024-05-08 10:24:55'),(851,'86da9107-adb9-4a3b-bc71-f18710d66918','a444c790-c224-11ee-84c1-0200fd8284f8','2024-05-08','A','2024-05-08 12:24:08','2024-05-08 12:24:08'),(852,'86da9107-adb9-4a3b-bc71-f18710d66918','35747793-cf20-11ee-b21b-0200fd8284f8','2024-05-08','A','2024-05-08 13:05:00','2024-05-08 13:05:00'),(853,'86da9107-adb9-4a3b-bc71-f18710d66918','35747793-cf20-11ee-b21b-0200fd8284f8','2024-05-08','A','2024-05-08 13:05:29','2024-05-08 13:05:29'),(854,'86da9107-adb9-4a3b-bc71-f18710d66918','a444c790-c224-11ee-84c1-0200fd8284f8','2024-05-08','A','2024-05-08 13:05:48','2024-05-08 13:05:48'),(855,'35f2ea39-f082-4777-87a9-99f6433bb6f8','35747793-cf20-11ee-b21b-0200fd8284f8','2024-05-08','A','2024-05-08 17:15:19','2024-05-08 17:15:19'),(856,'86da9107-adb9-4a3b-bc71-f18710d66918','a444c790-c224-11ee-84c1-0200fd8284f8','2024-05-08','A','2024-05-08 18:43:50','2024-05-08 18:43:50'),(857,'86da9107-adb9-4a3b-bc71-f18710d66918','a444c790-c224-11ee-84c1-0200fd8284f8','2024-05-08','A','2024-05-08 19:41:15','2024-05-08 19:41:15'),(858,'86da9107-adb9-4a3b-bc71-f18710d66918','35747793-cf20-11ee-b21b-0200fd8284f8','2024-05-08','A','2024-05-08 21:00:17','2024-05-08 21:00:17'),(859,'86da9107-adb9-4a3b-bc71-f18710d66918','a444c790-c224-11ee-84c1-0200fd8284f8','2024-05-08','A','2024-05-08 21:13:22','2024-05-08 21:13:22'),(860,'40c9245e-db39-4d8d-b7ef-987c48d856a6','35747793-cf20-11ee-b21b-0200fd8284f8','2024-05-09','A','2024-05-09 07:59:43','2024-05-09 07:59:43'),(861,'86da9107-adb9-4a3b-bc71-f18710d66918','a444c790-c224-11ee-84c1-0200fd8284f8','2024-05-09','A','2024-05-09 10:21:02','2024-05-09 10:21:02'),(862,'86da9107-adb9-4a3b-bc71-f18710d66918','35747793-cf20-11ee-b21b-0200fd8284f8','2024-05-09','A','2024-05-09 17:07:52','2024-05-09 17:07:52'),(863,'86da9107-adb9-4a3b-bc71-f18710d66918','a444c790-c224-11ee-84c1-0200fd8284f8','2024-05-09','A','2024-05-09 17:49:41','2024-05-09 17:49:41'),(864,'86da9107-adb9-4a3b-bc71-f18710d66918','35747793-cf20-11ee-b21b-0200fd8284f8','2024-05-09','A','2024-05-09 18:30:33','2024-05-09 18:30:33'),(865,'86da9107-adb9-4a3b-bc71-f18710d66918','35747793-cf20-11ee-b21b-0200fd8284f8','2024-05-09','A','2024-05-09 18:33:26','2024-05-09 18:33:26'),(866,'86da9107-adb9-4a3b-bc71-f18710d66918','a444c790-c224-11ee-84c1-0200fd8284f8','2024-05-09','A','2024-05-09 18:33:29','2024-05-09 18:33:29'),(867,'40c9245e-db39-4d8d-b7ef-987c48d856a6','35747793-cf20-11ee-b21b-0200fd8284f8','2024-05-09','A','2024-05-09 19:11:37','2024-05-09 19:11:37'),(868,'86da9107-adb9-4a3b-bc71-f18710d66918','35747793-cf20-11ee-b21b-0200fd8284f8','2024-05-09','A','2024-05-09 20:42:25','2024-05-09 20:42:25'),(869,'86da9107-adb9-4a3b-bc71-f18710d66918','a444c790-c224-11ee-84c1-0200fd8284f8','2024-05-09','A','2024-05-09 20:51:07','2024-05-09 20:51:07'),(870,'86da9107-adb9-4a3b-bc71-f18710d66918','a444c790-c224-11ee-84c1-0200fd8284f8','2024-05-10','A','2024-05-10 11:38:51','2024-05-10 11:38:51'),(871,'86da9107-adb9-4a3b-bc71-f18710d66918','35747793-cf20-11ee-b21b-0200fd8284f8','2024-05-10','A','2024-05-10 11:39:31','2024-05-10 11:39:31'),(872,'86da9107-adb9-4a3b-bc71-f18710d66918','35747793-cf20-11ee-b21b-0200fd8284f8','2024-05-10','A','2024-05-10 13:21:19','2024-05-10 13:21:19'),(873,'19fb1f0a-6b2c-4e12-8be6-11fe55e8482c','a444c790-c224-11ee-84c1-0200fd8284f8','2024-05-10','A','2024-05-10 14:50:25','2024-05-10 14:50:25'),(874,'35f2ea39-f082-4777-87a9-99f6433bb6f8','35747793-cf20-11ee-b21b-0200fd8284f8','2024-05-10','A','2024-05-10 14:56:41','2024-05-10 14:56:41'),(875,'86da9107-adb9-4a3b-bc71-f18710d66918','35747793-cf20-11ee-b21b-0200fd8284f8','2024-05-10','A','2024-05-10 15:04:53','2024-05-10 15:04:53'),(876,'86da9107-adb9-4a3b-bc71-f18710d66918','a444c790-c224-11ee-84c1-0200fd8284f8','2024-05-10','A','2024-05-10 15:04:57','2024-05-10 15:04:57'),(877,'86da9107-adb9-4a3b-bc71-f18710d66918','35747793-cf20-11ee-b21b-0200fd8284f8','2024-05-10','A','2024-05-10 15:07:27','2024-05-10 15:07:27'),(878,'86da9107-adb9-4a3b-bc71-f18710d66918','35747793-cf20-11ee-b21b-0200fd8284f8','2024-05-10','A','2024-05-10 15:09:48','2024-05-10 15:09:48'),(879,'86da9107-adb9-4a3b-bc71-f18710d66918','a444c790-c224-11ee-84c1-0200fd8284f8','2024-05-10','A','2024-05-10 15:35:07','2024-05-10 15:35:07'),(880,'86da9107-adb9-4a3b-bc71-f18710d66918','35747793-cf20-11ee-b21b-0200fd8284f8','2024-05-10','A','2024-05-10 15:37:21','2024-05-10 15:37:21'),(881,'86da9107-adb9-4a3b-bc71-f18710d66918','a444c790-c224-11ee-84c1-0200fd8284f8','2024-05-10','A','2024-05-10 16:08:20','2024-05-10 16:08:20'),(882,'86da9107-adb9-4a3b-bc71-f18710d66918','35747793-cf20-11ee-b21b-0200fd8284f8','2024-05-10','A','2024-05-10 17:52:30','2024-05-10 17:52:30'),(883,'86da9107-adb9-4a3b-bc71-f18710d66918','35747793-cf20-11ee-b21b-0200fd8284f8','2024-05-10','A','2024-05-10 17:52:33','2024-05-10 17:52:33'),(884,'86da9107-adb9-4a3b-bc71-f18710d66918','35747793-cf20-11ee-b21b-0200fd8284f8','2024-05-10','A','2024-05-10 17:52:49','2024-05-10 17:52:49'),(885,'86da9107-adb9-4a3b-bc71-f18710d66918','35747793-cf20-11ee-b21b-0200fd8284f8','2024-05-10','A','2024-05-10 17:53:10','2024-05-10 17:53:10'),(886,'86da9107-adb9-4a3b-bc71-f18710d66918','a444c790-c224-11ee-84c1-0200fd8284f8','2024-05-10','A','2024-05-10 18:40:20','2024-05-10 18:40:20'),(887,'86da9107-adb9-4a3b-bc71-f18710d66918','35747793-cf20-11ee-b21b-0200fd8284f8','2024-05-10','A','2024-05-10 20:11:17','2024-05-10 20:11:17'),(888,'19fb1f0a-6b2c-4e12-8be6-11fe55e8482c','a444c790-c224-11ee-84c1-0200fd8284f8','2024-05-11','A','2024-05-11 12:10:06','2024-05-11 12:10:06'),(889,'40c9245e-db39-4d8d-b7ef-987c48d856a6','35747793-cf20-11ee-b21b-0200fd8284f8','2024-05-11','A','2024-05-11 12:19:47','2024-05-11 12:19:47'),(890,'86da9107-adb9-4a3b-bc71-f18710d66918','a444c790-c224-11ee-84c1-0200fd8284f8','2024-05-11','A','2024-05-11 14:12:31','2024-05-11 14:12:31'),(891,'86da9107-adb9-4a3b-bc71-f18710d66918','35747793-cf20-11ee-b21b-0200fd8284f8','2024-05-11','A','2024-05-11 14:59:31','2024-05-11 14:59:31'),(892,'86da9107-adb9-4a3b-bc71-f18710d66918','a444c790-c224-11ee-84c1-0200fd8284f8','2024-05-11','A','2024-05-11 14:59:37','2024-05-11 14:59:37'),(893,'86da9107-adb9-4a3b-bc71-f18710d66918','35747793-cf20-11ee-b21b-0200fd8284f8','2024-05-11','A','2024-05-11 15:01:53','2024-05-11 15:01:53'),(894,'86da9107-adb9-4a3b-bc71-f18710d66918','35747793-cf20-11ee-b21b-0200fd8284f8','2024-05-11','A','2024-05-11 15:05:09','2024-05-11 15:05:09'),(895,'86da9107-adb9-4a3b-bc71-f18710d66918','a444c790-c224-11ee-84c1-0200fd8284f8','2024-05-11','A','2024-05-11 15:05:14','2024-05-11 15:05:14'),(896,'86da9107-adb9-4a3b-bc71-f18710d66918','35747793-cf20-11ee-b21b-0200fd8284f8','2024-05-11','A','2024-05-11 15:20:53','2024-05-11 15:20:53'),(897,'40c9245e-db39-4d8d-b7ef-987c48d856a6','35747793-cf20-11ee-b21b-0200fd8284f8','2024-05-11','A','2024-05-11 17:08:12','2024-05-11 17:08:12'),(898,'86da9107-adb9-4a3b-bc71-f18710d66918','35747793-cf20-11ee-b21b-0200fd8284f8','2024-05-11','A','2024-05-11 17:16:56','2024-05-11 17:16:56'),(899,'86da9107-adb9-4a3b-bc71-f18710d66918','a444c790-c224-11ee-84c1-0200fd8284f8','2024-05-11','A','2024-05-11 17:17:00','2024-05-11 17:17:00'),(900,'86da9107-adb9-4a3b-bc71-f18710d66918','35747793-cf20-11ee-b21b-0200fd8284f8','2024-05-11','A','2024-05-11 17:20:00','2024-05-11 17:20:00'),(901,'86da9107-adb9-4a3b-bc71-f18710d66918','a444c790-c224-11ee-84c1-0200fd8284f8','2024-05-11','A','2024-05-11 17:54:13','2024-05-11 17:54:13'),(902,'86da9107-adb9-4a3b-bc71-f18710d66918','35747793-cf20-11ee-b21b-0200fd8284f8','2024-05-11','A','2024-05-11 18:02:26','2024-05-11 18:02:26'),(903,'86da9107-adb9-4a3b-bc71-f18710d66918','35747793-cf20-11ee-b21b-0200fd8284f8','2024-05-11','A','2024-05-11 18:08:46','2024-05-11 18:08:46'),(904,'86da9107-adb9-4a3b-bc71-f18710d66918','a444c790-c224-11ee-84c1-0200fd8284f8','2024-05-11','A','2024-05-11 18:42:57','2024-05-11 18:42:57'),(905,'86da9107-adb9-4a3b-bc71-f18710d66918','35747793-cf20-11ee-b21b-0200fd8284f8','2024-05-11','A','2024-05-11 19:42:18','2024-05-11 19:42:18'),(906,'86da9107-adb9-4a3b-bc71-f18710d66918','a444c790-c224-11ee-84c1-0200fd8284f8','2024-05-11','A','2024-05-11 19:46:56','2024-05-11 19:46:56'),(907,'86da9107-adb9-4a3b-bc71-f18710d66918','35747793-cf20-11ee-b21b-0200fd8284f8','2024-05-11','A','2024-05-11 20:00:56','2024-05-11 20:00:56'),(908,'86da9107-adb9-4a3b-bc71-f18710d66918','a444c790-c224-11ee-84c1-0200fd8284f8','2024-05-11','A','2024-05-11 20:09:06','2024-05-11 20:09:06'),(909,'40c9245e-db39-4d8d-b7ef-987c48d856a6','35747793-cf20-11ee-b21b-0200fd8284f8','2024-05-13','A','2024-05-13 09:57:07','2024-05-13 09:57:07'),(910,'19fb1f0a-6b2c-4e12-8be6-11fe55e8482c','a444c790-c224-11ee-84c1-0200fd8284f8','2024-05-13','A','2024-05-13 11:58:32','2024-05-13 11:58:32'),(911,'86da9107-adb9-4a3b-bc71-f18710d66918','a444c790-c224-11ee-84c1-0200fd8284f8','2024-05-13','A','2024-05-13 14:44:58','2024-05-13 14:44:58'),(912,'40c9245e-db39-4d8d-b7ef-987c48d856a6','35747793-cf20-11ee-b21b-0200fd8284f8','2024-05-13','A','2024-05-13 16:18:12','2024-05-13 16:18:12'),(913,'86da9107-adb9-4a3b-bc71-f18710d66918','a444c790-c224-11ee-84c1-0200fd8284f8','2024-05-13','A','2024-05-13 18:09:35','2024-05-13 18:09:35'),(914,'86da9107-adb9-4a3b-bc71-f18710d66918','35747793-cf20-11ee-b21b-0200fd8284f8','2024-05-13','A','2024-05-13 20:25:16','2024-05-13 20:25:16'),(915,'86da9107-adb9-4a3b-bc71-f18710d66918','a444c790-c224-11ee-84c1-0200fd8284f8','2024-05-13','A','2024-05-13 20:48:21','2024-05-13 20:48:21'),(916,'40c9245e-db39-4d8d-b7ef-987c48d856a6','35747793-cf20-11ee-b21b-0200fd8284f8','2024-05-14','A','2024-05-14 07:44:31','2024-05-14 07:44:31'),(917,'40c9245e-db39-4d8d-b7ef-987c48d856a6','35747793-cf20-11ee-b21b-0200fd8284f8','2024-05-14','A','2024-05-14 10:08:55','2024-05-14 10:08:55'),(918,'86da9107-adb9-4a3b-bc71-f18710d66918','35747793-cf20-11ee-b21b-0200fd8284f8','2024-05-14','A','2024-05-14 14:16:38','2024-05-14 14:16:38'),(919,'86da9107-adb9-4a3b-bc71-f18710d66918','a444c790-c224-11ee-84c1-0200fd8284f8','2024-05-14','A','2024-05-14 14:27:18','2024-05-14 14:27:18'),(920,'86da9107-adb9-4a3b-bc71-f18710d66918','35747793-cf20-11ee-b21b-0200fd8284f8','2024-05-14','A','2024-05-14 14:28:39','2024-05-14 14:28:39'),(921,'86da9107-adb9-4a3b-bc71-f18710d66918','a444c790-c224-11ee-84c1-0200fd8284f8','2024-05-14','A','2024-05-14 14:36:15','2024-05-14 14:36:15'),(922,'40c9245e-db39-4d8d-b7ef-987c48d856a6','35747793-cf20-11ee-b21b-0200fd8284f8','2024-05-14','A','2024-05-14 15:26:54','2024-05-14 15:26:54'),(923,'86da9107-adb9-4a3b-bc71-f18710d66918','35747793-cf20-11ee-b21b-0200fd8284f8','2024-05-14','A','2024-05-14 15:37:17','2024-05-14 15:37:17'),(924,'86da9107-adb9-4a3b-bc71-f18710d66918','a444c790-c224-11ee-84c1-0200fd8284f8','2024-05-14','A','2024-05-14 15:37:26','2024-05-14 15:37:26'),(925,'86da9107-adb9-4a3b-bc71-f18710d66918','35747793-cf20-11ee-b21b-0200fd8284f8','2024-05-14','A','2024-05-14 15:37:57','2024-05-14 15:37:57'),(926,'86da9107-adb9-4a3b-bc71-f18710d66918','a444c790-c224-11ee-84c1-0200fd8284f8','2024-05-14','A','2024-05-14 15:40:42','2024-05-14 15:40:42'),(927,'86da9107-adb9-4a3b-bc71-f18710d66918','35747793-cf20-11ee-b21b-0200fd8284f8','2024-05-14','A','2024-05-14 16:25:22','2024-05-14 16:25:22'),(928,'86da9107-adb9-4a3b-bc71-f18710d66918','a444c790-c224-11ee-84c1-0200fd8284f8','2024-05-14','A','2024-05-14 16:35:22','2024-05-14 16:35:22'),(929,'86da9107-adb9-4a3b-bc71-f18710d66918','35747793-cf20-11ee-b21b-0200fd8284f8','2024-05-14','A','2024-05-14 17:44:54','2024-05-14 17:44:54'),(930,'86da9107-adb9-4a3b-bc71-f18710d66918','a444c790-c224-11ee-84c1-0200fd8284f8','2024-05-14','A','2024-05-14 18:03:28','2024-05-14 18:03:28'),(931,'86da9107-adb9-4a3b-bc71-f18710d66918','35747793-cf20-11ee-b21b-0200fd8284f8','2024-05-14','A','2024-05-14 18:07:55','2024-05-14 18:07:55'),(932,'86da9107-adb9-4a3b-bc71-f18710d66918','a444c790-c224-11ee-84c1-0200fd8284f8','2024-05-14','A','2024-05-14 18:08:53','2024-05-14 18:08:53'),(933,'86da9107-adb9-4a3b-bc71-f18710d66918','35747793-cf20-11ee-b21b-0200fd8284f8','2024-05-14','A','2024-05-14 19:58:23','2024-05-14 19:58:23'),(934,'35f2ea39-f082-4777-87a9-99f6433bb6f8','35747793-cf20-11ee-b21b-0200fd8284f8','2024-05-15','A','2024-05-15 08:19:46','2024-05-15 08:19:46'),(935,'86da9107-adb9-4a3b-bc71-f18710d66918','a444c790-c224-11ee-84c1-0200fd8284f8','2024-05-15','A','2024-05-15 09:45:36','2024-05-15 09:45:36'),(936,'86da9107-adb9-4a3b-bc71-f18710d66918','35747793-cf20-11ee-b21b-0200fd8284f8','2024-05-15','A','2024-05-15 09:53:03','2024-05-15 09:53:03'),(937,'c577e6b9-a8fa-4636-ba3f-593f1191dc14','a444c790-c224-11ee-84c1-0200fd8284f8','2024-05-15','A','2024-05-15 10:17:25','2024-05-15 10:17:25'),(938,'c577e6b9-a8fa-4636-ba3f-593f1191dc14','a444c790-c224-11ee-84c1-0200fd8284f8','2024-05-15','A','2024-05-15 10:17:35','2024-05-15 10:17:35'),(939,'c577e6b9-a8fa-4636-ba3f-593f1191dc14','a444c790-c224-11ee-84c1-0200fd8284f8','2024-05-15','A','2024-05-15 10:17:49','2024-05-15 10:17:49'),(940,'c577e6b9-a8fa-4636-ba3f-593f1191dc14','a444c790-c224-11ee-84c1-0200fd8284f8','2024-05-15','A','2024-05-15 10:17:56','2024-05-15 10:17:56'),(941,'86da9107-adb9-4a3b-bc71-f18710d66918','a444c790-c224-11ee-84c1-0200fd8284f8','2024-05-15','A','2024-05-15 10:28:21','2024-05-15 10:28:21'),(942,'86da9107-adb9-4a3b-bc71-f18710d66918','35747793-cf20-11ee-b21b-0200fd8284f8','2024-05-15','A','2024-05-15 11:11:03','2024-05-15 11:11:03'),(943,'86da9107-adb9-4a3b-bc71-f18710d66918','a444c790-c224-11ee-84c1-0200fd8284f8','2024-05-15','A','2024-05-15 11:13:48','2024-05-15 11:13:48'),(944,'86da9107-adb9-4a3b-bc71-f18710d66918','35747793-cf20-11ee-b21b-0200fd8284f8','2024-05-15','A','2024-05-15 11:17:49','2024-05-15 11:17:49'),(945,'86da9107-adb9-4a3b-bc71-f18710d66918','a444c790-c224-11ee-84c1-0200fd8284f8','2024-05-15','A','2024-05-15 11:21:12','2024-05-15 11:21:12'),(946,'40c9245e-db39-4d8d-b7ef-987c48d856a6','35747793-cf20-11ee-b21b-0200fd8284f8','2024-05-15','A','2024-05-15 11:57:28','2024-05-15 11:57:28'),(947,'86da9107-adb9-4a3b-bc71-f18710d66918','35747793-cf20-11ee-b21b-0200fd8284f8','2024-05-15','A','2024-05-15 14:18:24','2024-05-15 14:18:24'),(948,'86da9107-adb9-4a3b-bc71-f18710d66918','a444c790-c224-11ee-84c1-0200fd8284f8','2024-05-15','A','2024-05-15 14:26:31','2024-05-15 14:26:31'),(949,'86da9107-adb9-4a3b-bc71-f18710d66918','35747793-cf20-11ee-b21b-0200fd8284f8','2024-05-15','A','2024-05-15 15:02:15','2024-05-15 15:02:15'),(950,'40c9245e-db39-4d8d-b7ef-987c48d856a6','35747793-cf20-11ee-b21b-0200fd8284f8','2024-05-15','A','2024-05-15 15:50:22','2024-05-15 15:50:22'),(951,'86da9107-adb9-4a3b-bc71-f18710d66918','a444c790-c224-11ee-84c1-0200fd8284f8','2024-05-15','A','2024-05-15 17:11:43','2024-05-15 17:11:43'),(952,'86da9107-adb9-4a3b-bc71-f18710d66918','35747793-cf20-11ee-b21b-0200fd8284f8','2024-05-15','A','2024-05-15 17:16:24','2024-05-15 17:16:24'),(953,'86da9107-adb9-4a3b-bc71-f18710d66918','a444c790-c224-11ee-84c1-0200fd8284f8','2024-05-15','A','2024-05-15 17:21:14','2024-05-15 17:21:14'),(954,'86da9107-adb9-4a3b-bc71-f18710d66918','35747793-cf20-11ee-b21b-0200fd8284f8','2024-05-15','A','2024-05-15 19:55:54','2024-05-15 19:55:54'),(955,'56b845b7-1236-4a32-a118-982a89f230aa','35747793-cf20-11ee-b21b-0200fd8284f8','2024-05-16','A','2024-05-16 09:46:49','2024-05-16 09:46:49'),(956,'86da9107-adb9-4a3b-bc71-f18710d66918','35747793-cf20-11ee-b21b-0200fd8284f8','2024-05-16','A','2024-05-16 09:55:31','2024-05-16 09:55:31'),(957,'86da9107-adb9-4a3b-bc71-f18710d66918','a444c790-c224-11ee-84c1-0200fd8284f8','2024-05-16','A','2024-05-16 09:56:31','2024-05-16 09:56:31'),(958,'86da9107-adb9-4a3b-bc71-f18710d66918','35747793-cf20-11ee-b21b-0200fd8284f8','2024-05-16','A','2024-05-16 09:57:33','2024-05-16 09:57:33'),(959,'56b845b7-1236-4a32-a118-982a89f230aa','35747793-cf20-11ee-b21b-0200fd8284f8','2024-05-16','A','2024-05-16 13:24:57','2024-05-16 13:24:57'),(960,'19fb1f0a-6b2c-4e12-8be6-11fe55e8482c','a444c790-c224-11ee-84c1-0200fd8284f8','2024-05-16','A','2024-05-16 15:23:37','2024-05-16 15:23:37'),(961,'19fb1f0a-6b2c-4e12-8be6-11fe55e8482c','a444c790-c224-11ee-84c1-0200fd8284f8','2024-05-16','A','2024-05-16 15:36:38','2024-05-16 15:36:38'),(962,'86da9107-adb9-4a3b-bc71-f18710d66918','35747793-cf20-11ee-b21b-0200fd8284f8','2024-05-16','A','2024-05-16 15:43:35','2024-05-16 15:43:35'),(963,'56b845b7-1236-4a32-a118-982a89f230aa','35747793-cf20-11ee-b21b-0200fd8284f8','2024-05-16','A','2024-05-16 16:43:48','2024-05-16 16:43:48'),(964,'86da9107-adb9-4a3b-bc71-f18710d66918','a444c790-c224-11ee-84c1-0200fd8284f8','2024-05-16','A','2024-05-16 17:35:18','2024-05-16 17:35:18'),(965,'86da9107-adb9-4a3b-bc71-f18710d66918','35747793-cf20-11ee-b21b-0200fd8284f8','2024-05-16','A','2024-05-16 17:46:47','2024-05-16 17:46:47'),(966,'86da9107-adb9-4a3b-bc71-f18710d66918','a444c790-c224-11ee-84c1-0200fd8284f8','2024-05-16','A','2024-05-16 18:29:17','2024-05-16 18:29:17'),(967,'86da9107-adb9-4a3b-bc71-f18710d66918','35747793-cf20-11ee-b21b-0200fd8284f8','2024-05-16','A','2024-05-16 18:31:29','2024-05-16 18:31:29'),(968,'86da9107-adb9-4a3b-bc71-f18710d66918','a444c790-c224-11ee-84c1-0200fd8284f8','2024-05-16','A','2024-05-16 18:37:51','2024-05-16 18:37:51'),(969,'86da9107-adb9-4a3b-bc71-f18710d66918','35747793-cf20-11ee-b21b-0200fd8284f8','2024-05-16','A','2024-05-16 18:42:56','2024-05-16 18:42:56'),(970,'86da9107-adb9-4a3b-bc71-f18710d66918','a444c790-c224-11ee-84c1-0200fd8284f8','2024-05-16','A','2024-05-16 18:46:48','2024-05-16 18:46:48'),(971,'86da9107-adb9-4a3b-bc71-f18710d66918','35747793-cf20-11ee-b21b-0200fd8284f8','2024-05-16','A','2024-05-16 18:53:10','2024-05-16 18:53:10'),(972,'86da9107-adb9-4a3b-bc71-f18710d66918','a444c790-c224-11ee-84c1-0200fd8284f8','2024-05-16','A','2024-05-16 18:54:25','2024-05-16 18:54:25'),(973,'86da9107-adb9-4a3b-bc71-f18710d66918','35747793-cf20-11ee-b21b-0200fd8284f8','2024-05-16','A','2024-05-16 20:21:12','2024-05-16 20:21:12'),(974,'86da9107-adb9-4a3b-bc71-f18710d66918','a444c790-c224-11ee-84c1-0200fd8284f8','2024-05-16','A','2024-05-16 20:30:59','2024-05-16 20:30:59'),(975,'56b845b7-1236-4a32-a118-982a89f230aa','35747793-cf20-11ee-b21b-0200fd8284f8','2024-05-17','A','2024-05-17 11:11:20','2024-05-17 11:11:20'),(976,'86da9107-adb9-4a3b-bc71-f18710d66918','a444c790-c224-11ee-84c1-0200fd8284f8','2024-05-17','A','2024-05-17 15:09:02','2024-05-17 15:09:02'),(977,'86da9107-adb9-4a3b-bc71-f18710d66918','35747793-cf20-11ee-b21b-0200fd8284f8','2024-05-17','A','2024-05-17 16:05:04','2024-05-17 16:05:04'),(978,'86da9107-adb9-4a3b-bc71-f18710d66918','a444c790-c224-11ee-84c1-0200fd8284f8','2024-05-17','A','2024-05-17 16:26:02','2024-05-17 16:26:02'),(979,'86da9107-adb9-4a3b-bc71-f18710d66918','35747793-cf20-11ee-b21b-0200fd8284f8','2024-05-17','A','2024-05-17 16:40:20','2024-05-17 16:40:20'),(980,'86da9107-adb9-4a3b-bc71-f18710d66918','a444c790-c224-11ee-84c1-0200fd8284f8','2024-05-17','A','2024-05-17 16:45:25','2024-05-17 16:45:25'),(981,'86da9107-adb9-4a3b-bc71-f18710d66918','35747793-cf20-11ee-b21b-0200fd8284f8','2024-05-17','A','2024-05-17 17:15:28','2024-05-17 17:15:28'),(982,'86da9107-adb9-4a3b-bc71-f18710d66918','a444c790-c224-11ee-84c1-0200fd8284f8','2024-05-17','A','2024-05-17 17:20:31','2024-05-17 17:20:31'),(983,'86da9107-adb9-4a3b-bc71-f18710d66918','35747793-cf20-11ee-b21b-0200fd8284f8','2024-05-17','A','2024-05-17 17:23:24','2024-05-17 17:23:24'),(984,'86da9107-adb9-4a3b-bc71-f18710d66918','a444c790-c224-11ee-84c1-0200fd8284f8','2024-05-17','A','2024-05-17 17:25:56','2024-05-17 17:25:56'),(985,'86da9107-adb9-4a3b-bc71-f18710d66918','35747793-cf20-11ee-b21b-0200fd8284f8','2024-05-17','A','2024-05-17 17:31:40','2024-05-17 17:31:40'),(986,'86da9107-adb9-4a3b-bc71-f18710d66918','a444c790-c224-11ee-84c1-0200fd8284f8','2024-05-17','A','2024-05-17 18:12:19','2024-05-17 18:12:19'),(987,'86da9107-adb9-4a3b-bc71-f18710d66918','35747793-cf20-11ee-b21b-0200fd8284f8','2024-05-17','A','2024-05-17 18:31:44','2024-05-17 18:31:44'),(988,'86da9107-adb9-4a3b-bc71-f18710d66918','35747793-cf20-11ee-b21b-0200fd8284f8','2024-05-17','A','2024-05-17 18:32:34','2024-05-17 18:32:34'),(989,'86da9107-adb9-4a3b-bc71-f18710d66918','a444c790-c224-11ee-84c1-0200fd8284f8','2024-05-17','A','2024-05-17 18:32:38','2024-05-17 18:32:38'),(990,'86da9107-adb9-4a3b-bc71-f18710d66918','35747793-cf20-11ee-b21b-0200fd8284f8','2024-05-17','A','2024-05-17 20:28:49','2024-05-17 20:28:49'),(991,'86da9107-adb9-4a3b-bc71-f18710d66918','a444c790-c224-11ee-84c1-0200fd8284f8','2024-05-18','A','2024-05-18 15:01:46','2024-05-18 15:01:46'),(992,'86da9107-adb9-4a3b-bc71-f18710d66918','a444c790-c224-11ee-84c1-0200fd8284f8','2024-05-18','A','2024-05-18 15:08:02','2024-05-18 15:08:02'),(993,'86da9107-adb9-4a3b-bc71-f18710d66918','35747793-cf20-11ee-b21b-0200fd8284f8','2024-05-18','A','2024-05-18 15:17:16','2024-05-18 15:17:16'),(994,'86da9107-adb9-4a3b-bc71-f18710d66918','a444c790-c224-11ee-84c1-0200fd8284f8','2024-05-18','A','2024-05-18 16:07:28','2024-05-18 16:07:28'),(995,'86da9107-adb9-4a3b-bc71-f18710d66918','35747793-cf20-11ee-b21b-0200fd8284f8','2024-05-18','A','2024-05-18 16:16:46','2024-05-18 16:16:46'),(996,'86da9107-adb9-4a3b-bc71-f18710d66918','a444c790-c224-11ee-84c1-0200fd8284f8','2024-05-18','A','2024-05-18 16:17:51','2024-05-18 16:17:51'),(997,'86da9107-adb9-4a3b-bc71-f18710d66918','35747793-cf20-11ee-b21b-0200fd8284f8','2024-05-18','A','2024-05-18 16:21:35','2024-05-18 16:21:35'),(998,'86da9107-adb9-4a3b-bc71-f18710d66918','a444c790-c224-11ee-84c1-0200fd8284f8','2024-05-18','A','2024-05-18 16:41:28','2024-05-18 16:41:28'),(999,'35f2ea39-f082-4777-87a9-99f6433bb6f8','35747793-cf20-11ee-b21b-0200fd8284f8','2024-05-18','A','2024-05-18 16:56:08','2024-05-18 16:56:08'),(1000,'c577e6b9-a8fa-4636-ba3f-593f1191dc14','a444c790-c224-11ee-84c1-0200fd8284f8','2024-05-18','A','2024-05-18 20:10:35','2024-05-18 20:10:35'),(1001,'56b845b7-1236-4a32-a118-982a89f230aa','35747793-cf20-11ee-b21b-0200fd8284f8','2024-05-20','A','2024-05-20 08:52:02','2024-05-20 08:52:02'),(1002,'86da9107-adb9-4a3b-bc71-f18710d66918','a444c790-c224-11ee-84c1-0200fd8284f8','2024-05-20','A','2024-05-20 10:16:47','2024-05-20 10:16:47'),(1003,'86da9107-adb9-4a3b-bc71-f18710d66918','35747793-cf20-11ee-b21b-0200fd8284f8','2024-05-20','A','2024-05-20 10:35:40','2024-05-20 10:35:40'),(1004,'86da9107-adb9-4a3b-bc71-f18710d66918','a444c790-c224-11ee-84c1-0200fd8284f8','2024-05-20','A','2024-05-20 10:59:23','2024-05-20 10:59:23'),(1005,'86da9107-adb9-4a3b-bc71-f18710d66918','35747793-cf20-11ee-b21b-0200fd8284f8','2024-05-20','A','2024-05-20 10:59:57','2024-05-20 10:59:57'),(1006,'86da9107-adb9-4a3b-bc71-f18710d66918','35747793-cf20-11ee-b21b-0200fd8284f8','2024-05-20','A','2024-05-20 11:42:27','2024-05-20 11:42:27'),(1007,'86da9107-adb9-4a3b-bc71-f18710d66918','a444c790-c224-11ee-84c1-0200fd8284f8','2024-05-20','A','2024-05-20 11:42:31','2024-05-20 11:42:32'),(1008,'86da9107-adb9-4a3b-bc71-f18710d66918','35747793-cf20-11ee-b21b-0200fd8284f8','2024-05-20','A','2024-05-20 11:53:06','2024-05-20 11:53:06'),(1009,'86da9107-adb9-4a3b-bc71-f18710d66918','a444c790-c224-11ee-84c1-0200fd8284f8','2024-05-20','A','2024-05-20 11:55:33','2024-05-20 11:55:33'),(1010,'56b845b7-1236-4a32-a118-982a89f230aa','35747793-cf20-11ee-b21b-0200fd8284f8','2024-05-20','A','2024-05-20 11:57:47','2024-05-20 11:57:47'),(1011,'40c9245e-db39-4d8d-b7ef-987c48d856a6','35747793-cf20-11ee-b21b-0200fd8284f8','2024-05-20','A','2024-05-20 14:37:21','2024-05-20 14:37:21'),(1012,'86da9107-adb9-4a3b-bc71-f18710d66918','35747793-cf20-11ee-b21b-0200fd8284f8','2024-05-20','A','2024-05-20 14:59:27','2024-05-20 14:59:27'),(1013,'86da9107-adb9-4a3b-bc71-f18710d66918','35747793-cf20-11ee-b21b-0200fd8284f8','2024-05-20','A','2024-05-20 14:59:38','2024-05-20 14:59:38'),(1014,'86da9107-adb9-4a3b-bc71-f18710d66918','35747793-cf20-11ee-b21b-0200fd8284f8','2024-05-20','A','2024-05-20 15:05:04','2024-05-20 15:05:04'),(1015,'86da9107-adb9-4a3b-bc71-f18710d66918','a444c790-c224-11ee-84c1-0200fd8284f8','2024-05-20','A','2024-05-20 15:32:52','2024-05-20 15:32:52'),(1016,'86da9107-adb9-4a3b-bc71-f18710d66918','35747793-cf20-11ee-b21b-0200fd8284f8','2024-05-20','A','2024-05-20 16:18:45','2024-05-20 16:18:45'),(1017,'86da9107-adb9-4a3b-bc71-f18710d66918','a444c790-c224-11ee-84c1-0200fd8284f8','2024-05-20','A','2024-05-20 16:23:53','2024-05-20 16:23:53'),(1018,'86da9107-adb9-4a3b-bc71-f18710d66918','35747793-cf20-11ee-b21b-0200fd8284f8','2024-05-20','A','2024-05-20 16:31:21','2024-05-20 16:31:21'),(1019,'86da9107-adb9-4a3b-bc71-f18710d66918','a444c790-c224-11ee-84c1-0200fd8284f8','2024-05-20','A','2024-05-20 16:42:39','2024-05-20 16:42:39'),(1020,'86da9107-adb9-4a3b-bc71-f18710d66918','35747793-cf20-11ee-b21b-0200fd8284f8','2024-05-20','A','2024-05-20 17:08:15','2024-05-20 17:08:15'),(1021,'86da9107-adb9-4a3b-bc71-f18710d66918','a444c790-c224-11ee-84c1-0200fd8284f8','2024-05-20','A','2024-05-20 17:10:04','2024-05-20 17:10:04'),(1022,'86da9107-adb9-4a3b-bc71-f18710d66918','35747793-cf20-11ee-b21b-0200fd8284f8','2024-05-20','A','2024-05-20 17:13:04','2024-05-20 17:13:04'),(1023,'86da9107-adb9-4a3b-bc71-f18710d66918','a444c790-c224-11ee-84c1-0200fd8284f8','2024-05-20','A','2024-05-20 17:54:10','2024-05-20 17:54:10'),(1024,'86da9107-adb9-4a3b-bc71-f18710d66918','a444c790-c224-11ee-84c1-0200fd8284f8','2024-05-20','A','2024-05-20 20:13:33','2024-05-20 20:13:33'),(1025,'86da9107-adb9-4a3b-bc71-f18710d66918','35747793-cf20-11ee-b21b-0200fd8284f8','2024-05-20','A','2024-05-20 20:45:36','2024-05-20 20:45:36'),(1026,'86da9107-adb9-4a3b-bc71-f18710d66918','a444c790-c224-11ee-84c1-0200fd8284f8','2024-05-20','A','2024-05-20 20:49:57','2024-05-20 20:49:57'),(1027,'86da9107-adb9-4a3b-bc71-f18710d66918','35747793-cf20-11ee-b21b-0200fd8284f8','2024-05-20','A','2024-05-20 20:55:57','2024-05-20 20:55:57'),(1028,'35f2ea39-f082-4777-87a9-99f6433bb6f8','35747793-cf20-11ee-b21b-0200fd8284f8','2024-05-21','A','2024-05-21 09:01:35','2024-05-21 09:01:35'),(1029,'56b845b7-1236-4a32-a118-982a89f230aa','35747793-cf20-11ee-b21b-0200fd8284f8','2024-05-21','A','2024-05-21 13:22:16','2024-05-21 13:22:16'),(1030,'86da9107-adb9-4a3b-bc71-f18710d66918','35747793-cf20-11ee-b21b-0200fd8284f8','2024-05-21','A','2024-05-21 14:36:23','2024-05-21 14:36:23'),(1031,'86da9107-adb9-4a3b-bc71-f18710d66918','35747793-cf20-11ee-b21b-0200fd8284f8','2024-05-21','A','2024-05-21 15:16:18','2024-05-21 15:16:18'),(1032,'86da9107-adb9-4a3b-bc71-f18710d66918','a444c790-c224-11ee-84c1-0200fd8284f8','2024-05-21','A','2024-05-21 15:29:51','2024-05-21 15:29:51'),(1033,'86da9107-adb9-4a3b-bc71-f18710d66918','a444c790-c224-11ee-84c1-0200fd8284f8','2024-05-21','A','2024-05-21 15:37:49','2024-05-21 15:37:49'),(1034,'86da9107-adb9-4a3b-bc71-f18710d66918','35747793-cf20-11ee-b21b-0200fd8284f8','2024-05-21','A','2024-05-21 15:38:11','2024-05-21 15:38:11'),(1035,'86da9107-adb9-4a3b-bc71-f18710d66918','a444c790-c224-11ee-84c1-0200fd8284f8','2024-05-21','A','2024-05-21 16:39:59','2024-05-21 16:39:59'),(1036,'86da9107-adb9-4a3b-bc71-f18710d66918','35747793-cf20-11ee-b21b-0200fd8284f8','2024-05-21','A','2024-05-21 16:51:52','2024-05-21 16:51:52'),(1037,'86da9107-adb9-4a3b-bc71-f18710d66918','a444c790-c224-11ee-84c1-0200fd8284f8','2024-05-21','A','2024-05-21 16:52:39','2024-05-21 16:52:39'),(1038,'86da9107-adb9-4a3b-bc71-f18710d66918','35747793-cf20-11ee-b21b-0200fd8284f8','2024-05-21','A','2024-05-21 17:04:12','2024-05-21 17:04:12'),(1039,'86da9107-adb9-4a3b-bc71-f18710d66918','a444c790-c224-11ee-84c1-0200fd8284f8','2024-05-21','A','2024-05-21 17:29:09','2024-05-21 17:29:09'),(1040,'86da9107-adb9-4a3b-bc71-f18710d66918','a444c790-c224-11ee-84c1-0200fd8284f8','2024-05-21','A','2024-05-21 17:38:35','2024-05-21 17:38:35'),(1041,'86da9107-adb9-4a3b-bc71-f18710d66918','35747793-cf20-11ee-b21b-0200fd8284f8','2024-05-21','A','2024-05-21 17:41:10','2024-05-21 17:41:10'),(1042,'86da9107-adb9-4a3b-bc71-f18710d66918','a444c790-c224-11ee-84c1-0200fd8284f8','2024-05-21','A','2024-05-21 17:42:09','2024-05-21 17:42:09'),(1043,'86da9107-adb9-4a3b-bc71-f18710d66918','35747793-cf20-11ee-b21b-0200fd8284f8','2024-05-21','A','2024-05-21 20:42:36','2024-05-21 20:42:36'),(1044,'86da9107-adb9-4a3b-bc71-f18710d66918','a444c790-c224-11ee-84c1-0200fd8284f8','2024-05-21','A','2024-05-21 20:55:19','2024-05-21 20:55:19'),(1045,'40c9245e-db39-4d8d-b7ef-987c48d856a6','35747793-cf20-11ee-b21b-0200fd8284f8','2024-05-22','A','2024-05-22 08:18:44','2024-05-22 08:18:44'),(1046,'86da9107-adb9-4a3b-bc71-f18710d66918','35747793-cf20-11ee-b21b-0200fd8284f8','2024-05-22','A','2024-05-22 09:35:05','2024-05-22 09:35:05'),(1047,'19fb1f0a-6b2c-4e12-8be6-11fe55e8482c','a444c790-c224-11ee-84c1-0200fd8284f8','2024-05-22','A','2024-05-22 10:15:37','2024-05-22 10:15:37'),(1048,'86da9107-adb9-4a3b-bc71-f18710d66918','a444c790-c224-11ee-84c1-0200fd8284f8','2024-05-22','A','2024-05-22 10:19:41','2024-05-22 10:19:41'),(1049,'86da9107-adb9-4a3b-bc71-f18710d66918','35747793-cf20-11ee-b21b-0200fd8284f8','2024-05-22','A','2024-05-22 11:15:53','2024-05-22 11:15:53'),(1050,'86da9107-adb9-4a3b-bc71-f18710d66918','a444c790-c224-11ee-84c1-0200fd8284f8','2024-05-22','A','2024-05-22 11:18:23','2024-05-22 11:18:23'),(1051,'86da9107-adb9-4a3b-bc71-f18710d66918','35747793-cf20-11ee-b21b-0200fd8284f8','2024-05-22','A','2024-05-22 11:39:58','2024-05-22 11:39:58'),(1052,'86da9107-adb9-4a3b-bc71-f18710d66918','35747793-cf20-11ee-b21b-0200fd8284f8','2024-05-22','A','2024-05-22 11:44:20','2024-05-22 11:44:20'),(1053,'86da9107-adb9-4a3b-bc71-f18710d66918','a444c790-c224-11ee-84c1-0200fd8284f8','2024-05-22','A','2024-05-22 11:57:33','2024-05-22 11:57:33'),(1054,'40c9245e-db39-4d8d-b7ef-987c48d856a6','35747793-cf20-11ee-b21b-0200fd8284f8','2024-05-22','A','2024-05-22 14:54:43','2024-05-22 14:54:43'),(1055,'86da9107-adb9-4a3b-bc71-f18710d66918','a444c790-c224-11ee-84c1-0200fd8284f8','2024-05-22','A','2024-05-22 15:08:49','2024-05-22 15:08:49'),(1056,'86da9107-adb9-4a3b-bc71-f18710d66918','35747793-cf20-11ee-b21b-0200fd8284f8','2024-05-22','A','2024-05-22 15:42:21','2024-05-22 15:42:21'),(1057,'40c9245e-db39-4d8d-b7ef-987c48d856a6','35747793-cf20-11ee-b21b-0200fd8284f8','2024-05-22','A','2024-05-22 17:22:09','2024-05-22 17:22:09'),(1058,'86da9107-adb9-4a3b-bc71-f18710d66918','a444c790-c224-11ee-84c1-0200fd8284f8','2024-05-22','A','2024-05-22 17:24:17','2024-05-22 17:24:17'),(1059,'86da9107-adb9-4a3b-bc71-f18710d66918','35747793-cf20-11ee-b21b-0200fd8284f8','2024-05-22','A','2024-05-22 17:29:04','2024-05-22 17:29:04'),(1060,'86da9107-adb9-4a3b-bc71-f18710d66918','a444c790-c224-11ee-84c1-0200fd8284f8','2024-05-22','A','2024-05-22 17:33:23','2024-05-22 17:33:23'),(1061,'86da9107-adb9-4a3b-bc71-f18710d66918','35747793-cf20-11ee-b21b-0200fd8284f8','2024-05-22','A','2024-05-22 17:50:24','2024-05-22 17:50:24'),(1062,'86da9107-adb9-4a3b-bc71-f18710d66918','a444c790-c224-11ee-84c1-0200fd8284f8','2024-05-22','A','2024-05-22 18:06:41','2024-05-22 18:06:41'),(1063,'86da9107-adb9-4a3b-bc71-f18710d66918','35747793-cf20-11ee-b21b-0200fd8284f8','2024-05-22','A','2024-05-22 18:11:22','2024-05-22 18:11:22'),(1064,'86da9107-adb9-4a3b-bc71-f18710d66918','a444c790-c224-11ee-84c1-0200fd8284f8','2024-05-22','A','2024-05-22 18:51:00','2024-05-22 18:51:00'),(1065,'86da9107-adb9-4a3b-bc71-f18710d66918','35747793-cf20-11ee-b21b-0200fd8284f8','2024-05-22','A','2024-05-22 20:38:56','2024-05-22 20:38:56'),(1066,'86da9107-adb9-4a3b-bc71-f18710d66918','a444c790-c224-11ee-84c1-0200fd8284f8','2024-05-22','A','2024-05-22 20:57:13','2024-05-22 20:57:13'),(1067,'40c9245e-db39-4d8d-b7ef-987c48d856a6','35747793-cf20-11ee-b21b-0200fd8284f8','2024-05-23','A','2024-05-23 10:06:49','2024-05-23 10:06:49'),(1068,'86da9107-adb9-4a3b-bc71-f18710d66918','35747793-cf20-11ee-b21b-0200fd8284f8','2024-05-23','A','2024-05-23 10:25:51','2024-05-23 10:25:51'),(1069,'86da9107-adb9-4a3b-bc71-f18710d66918','a444c790-c224-11ee-84c1-0200fd8284f8','2024-05-23','A','2024-05-23 10:44:37','2024-05-23 10:44:37'),(1070,'86da9107-adb9-4a3b-bc71-f18710d66918','35747793-cf20-11ee-b21b-0200fd8284f8','2024-05-23','A','2024-05-23 11:04:20','2024-05-23 11:04:20'),(1071,'86da9107-adb9-4a3b-bc71-f18710d66918','a444c790-c224-11ee-84c1-0200fd8284f8','2024-05-23','A','2024-05-23 11:18:09','2024-05-23 11:18:09'),(1072,'86da9107-adb9-4a3b-bc71-f18710d66918','35747793-cf20-11ee-b21b-0200fd8284f8','2024-05-23','A','2024-05-23 11:20:09','2024-05-23 11:20:09'),(1073,'86da9107-adb9-4a3b-bc71-f18710d66918','35747793-cf20-11ee-b21b-0200fd8284f8','2024-05-23','A','2024-05-23 11:36:39','2024-05-23 11:36:39'),(1074,'86da9107-adb9-4a3b-bc71-f18710d66918','a444c790-c224-11ee-84c1-0200fd8284f8','2024-05-23','A','2024-05-23 12:56:30','2024-05-23 12:56:30'),(1075,'86da9107-adb9-4a3b-bc71-f18710d66918','35747793-cf20-11ee-b21b-0200fd8284f8','2024-05-23','A','2024-05-23 13:18:45','2024-05-23 13:18:45'),(1076,'86da9107-adb9-4a3b-bc71-f18710d66918','a444c790-c224-11ee-84c1-0200fd8284f8','2024-05-23','A','2024-05-23 13:49:45','2024-05-23 13:49:45'),(1077,'56b845b7-1236-4a32-a118-982a89f230aa','35747793-cf20-11ee-b21b-0200fd8284f8','2024-05-23','A','2024-05-23 16:42:34','2024-05-23 16:42:34'),(1078,'86da9107-adb9-4a3b-bc71-f18710d66918','a444c790-c224-11ee-84c1-0200fd8284f8','2024-05-23','A','2024-05-23 17:17:21','2024-05-23 17:17:21'),(1079,'86da9107-adb9-4a3b-bc71-f18710d66918','35747793-cf20-11ee-b21b-0200fd8284f8','2024-05-23','A','2024-05-23 18:15:51','2024-05-23 18:15:51'),(1080,'86da9107-adb9-4a3b-bc71-f18710d66918','a444c790-c224-11ee-84c1-0200fd8284f8','2024-05-23','A','2024-05-23 18:18:24','2024-05-23 18:18:24'),(1081,'86da9107-adb9-4a3b-bc71-f18710d66918','35747793-cf20-11ee-b21b-0200fd8284f8','2024-05-23','A','2024-05-23 18:23:01','2024-05-23 18:23:01'),(1082,'86da9107-adb9-4a3b-bc71-f18710d66918','a444c790-c224-11ee-84c1-0200fd8284f8','2024-05-23','A','2024-05-23 18:24:10','2024-05-23 18:24:10'),(1083,'86da9107-adb9-4a3b-bc71-f18710d66918','35747793-cf20-11ee-b21b-0200fd8284f8','2024-05-23','A','2024-05-23 18:31:31','2024-05-23 18:31:31'),(1084,'86da9107-adb9-4a3b-bc71-f18710d66918','a444c790-c224-11ee-84c1-0200fd8284f8','2024-05-23','A','2024-05-23 18:33:19','2024-05-23 18:33:19'),(1085,'56b845b7-1236-4a32-a118-982a89f230aa','35747793-cf20-11ee-b21b-0200fd8284f8','2024-05-23','A','2024-05-23 19:39:29','2024-05-23 19:39:29'),(1086,'86da9107-adb9-4a3b-bc71-f18710d66918','35747793-cf20-11ee-b21b-0200fd8284f8','2024-05-23','A','2024-05-23 20:08:09','2024-05-23 20:08:09'),(1087,'86da9107-adb9-4a3b-bc71-f18710d66918','a444c790-c224-11ee-84c1-0200fd8284f8','2024-05-23','A','2024-05-23 20:15:57','2024-05-23 20:15:57'),(1088,'86da9107-adb9-4a3b-bc71-f18710d66918','35747793-cf20-11ee-b21b-0200fd8284f8','2024-05-23','A','2024-05-23 20:29:51','2024-05-23 20:29:51'),(1089,'86da9107-adb9-4a3b-bc71-f18710d66918','a444c790-c224-11ee-84c1-0200fd8284f8','2024-05-23','A','2024-05-23 20:30:31','2024-05-23 20:30:31'),(1090,'86da9107-adb9-4a3b-bc71-f18710d66918','35747793-cf20-11ee-b21b-0200fd8284f8','2024-05-23','A','2024-05-23 20:40:43','2024-05-23 20:40:43'),(1091,'40c9245e-db39-4d8d-b7ef-987c48d856a6','35747793-cf20-11ee-b21b-0200fd8284f8','2024-05-24','A','2024-05-24 07:50:34','2024-05-24 07:50:34'),(1092,'86da9107-adb9-4a3b-bc71-f18710d66918','35747793-cf20-11ee-b21b-0200fd8284f8','2024-05-24','A','2024-05-24 10:34:19','2024-05-24 10:34:19'),(1093,'86da9107-adb9-4a3b-bc71-f18710d66918','35747793-cf20-11ee-b21b-0200fd8284f8','2024-05-24','A','2024-05-24 14:15:33','2024-05-24 14:15:33'),(1094,'40c9245e-db39-4d8d-b7ef-987c48d856a6','35747793-cf20-11ee-b21b-0200fd8284f8','2024-05-24','A','2024-05-24 15:50:07','2024-05-24 15:50:07'),(1095,'35f2ea39-f082-4777-87a9-99f6433bb6f8','35747793-cf20-11ee-b21b-0200fd8284f8','2024-05-24','A','2024-05-24 16:02:11','2024-05-24 16:02:11'),(1096,'35f2ea39-f082-4777-87a9-99f6433bb6f8','35747793-cf20-11ee-b21b-0200fd8284f8','2024-05-24','A','2024-05-24 16:10:08','2024-05-24 16:10:08'),(1097,'35f2ea39-f082-4777-87a9-99f6433bb6f8','35747793-cf20-11ee-b21b-0200fd8284f8','2024-05-24','A','2024-05-24 16:54:50','2024-05-24 16:54:50'),(1098,'35f2ea39-f082-4777-87a9-99f6433bb6f8','a444c790-c224-11ee-84c1-0200fd8284f8','2024-05-24','A','2024-05-24 16:55:01','2024-05-24 16:55:01'),(1099,'86da9107-adb9-4a3b-bc71-f18710d66918','a444c790-c224-11ee-84c1-0200fd8284f8','2024-05-24','A','2024-05-24 17:31:09','2024-05-24 17:31:09'),(1100,'86da9107-adb9-4a3b-bc71-f18710d66918','35747793-cf20-11ee-b21b-0200fd8284f8','2024-05-24','A','2024-05-24 21:05:05','2024-05-24 21:05:05'),(1101,'86da9107-adb9-4a3b-bc71-f18710d66918','a444c790-c224-11ee-84c1-0200fd8284f8','2024-05-24','A','2024-05-24 21:17:35','2024-05-24 21:17:35'),(1102,'40c9245e-db39-4d8d-b7ef-987c48d856a6','35747793-cf20-11ee-b21b-0200fd8284f8','2024-05-25','A','2024-05-25 09:47:21','2024-05-25 09:47:21'),(1103,'86da9107-adb9-4a3b-bc71-f18710d66918','a444c790-c224-11ee-84c1-0200fd8284f8','2024-05-25','A','2024-05-25 10:47:48','2024-05-25 10:47:48'),(1104,'40c9245e-db39-4d8d-b7ef-987c48d856a6','35747793-cf20-11ee-b21b-0200fd8284f8','2024-05-25','A','2024-05-25 14:27:06','2024-05-25 14:27:06'),(1105,'19fb1f0a-6b2c-4e12-8be6-11fe55e8482c','a444c790-c224-11ee-84c1-0200fd8284f8','2024-05-25','A','2024-05-25 15:07:23','2024-05-25 15:07:23'),(1106,'40c9245e-db39-4d8d-b7ef-987c48d856a6','35747793-cf20-11ee-b21b-0200fd8284f8','2024-05-25','A','2024-05-25 18:05:57','2024-05-25 18:05:57'),(1107,'86da9107-adb9-4a3b-bc71-f18710d66918','a444c790-c224-11ee-84c1-0200fd8284f8','2024-05-25','A','2024-05-25 19:03:47','2024-05-25 19:03:47'),(1108,'19fb1f0a-6b2c-4e12-8be6-11fe55e8482c','a444c790-c224-11ee-84c1-0200fd8284f8','2024-05-25','A','2024-05-25 20:18:47','2024-05-25 20:18:47'),(1109,'86da9107-adb9-4a3b-bc71-f18710d66918','a444c790-c224-11ee-84c1-0200fd8284f8','2024-05-25','A','2024-05-25 20:19:36','2024-05-25 20:19:36'),(1110,'86da9107-adb9-4a3b-bc71-f18710d66918','a444c790-c224-11ee-84c1-0200fd8284f8','2024-05-25','A','2024-05-25 20:19:43','2024-05-25 20:19:43'),(1111,'86da9107-adb9-4a3b-bc71-f18710d66918','a444c790-c224-11ee-84c1-0200fd8284f8','2024-05-25','A','2024-05-25 20:19:48','2024-05-25 20:19:48'),(1112,'86da9107-adb9-4a3b-bc71-f18710d66918','35747793-cf20-11ee-b21b-0200fd8284f8','2024-05-25','A','2024-05-25 20:23:02','2024-05-25 20:23:02'),(1113,'86da9107-adb9-4a3b-bc71-f18710d66918','a444c790-c224-11ee-84c1-0200fd8284f8','2024-05-27','A','2024-05-27 12:29:56','2024-05-27 12:29:56'),(1114,'86da9107-adb9-4a3b-bc71-f18710d66918','a444c790-c224-11ee-84c1-0200fd8284f8','2024-05-27','A','2024-05-27 15:24:54','2024-05-27 15:24:54'),(1115,'86da9107-adb9-4a3b-bc71-f18710d66918','35747793-cf20-11ee-b21b-0200fd8284f8','2024-05-27','A','2024-05-27 15:52:05','2024-05-27 15:52:05'),(1116,'86da9107-adb9-4a3b-bc71-f18710d66918','a444c790-c224-11ee-84c1-0200fd8284f8','2024-05-27','A','2024-05-27 15:58:16','2024-05-27 15:58:16'),(1117,'35f2ea39-f082-4777-87a9-99f6433bb6f8','35747793-cf20-11ee-b21b-0200fd8284f8','2024-05-27','A','2024-05-27 17:23:32','2024-05-27 17:23:32'),(1118,'86da9107-adb9-4a3b-bc71-f18710d66918','35747793-cf20-11ee-b21b-0200fd8284f8','2024-05-27','A','2024-05-27 17:25:27','2024-05-27 17:25:27'),(1119,'86da9107-adb9-4a3b-bc71-f18710d66918','35747793-cf20-11ee-b21b-0200fd8284f8','2024-05-27','A','2024-05-27 17:45:00','2024-05-27 17:45:00'),(1120,'86da9107-adb9-4a3b-bc71-f18710d66918','a444c790-c224-11ee-84c1-0200fd8284f8','2024-05-27','A','2024-05-27 17:45:07','2024-05-27 17:45:07'),(1121,'86da9107-adb9-4a3b-bc71-f18710d66918','35747793-cf20-11ee-b21b-0200fd8284f8','2024-05-27','A','2024-05-27 20:35:37','2024-05-27 20:35:37'),(1122,'86da9107-adb9-4a3b-bc71-f18710d66918','a444c790-c224-11ee-84c1-0200fd8284f8','2024-05-27','A','2024-05-27 20:55:13','2024-05-27 20:55:13'),(1123,'86da9107-adb9-4a3b-bc71-f18710d66918','35747793-cf20-11ee-b21b-0200fd8284f8','2024-05-27','A','2024-05-27 21:22:30','2024-05-27 21:22:30'),(1124,'19fb1f0a-6b2c-4e12-8be6-11fe55e8482c','a444c790-c224-11ee-84c1-0200fd8284f8','2024-05-28','A','2024-05-28 10:34:43','2024-05-28 10:34:43'),(1125,'35f2ea39-f082-4777-87a9-99f6433bb6f8','35747793-cf20-11ee-b21b-0200fd8284f8','2024-05-28','A','2024-05-28 10:51:58','2024-05-28 10:51:58'),(1126,'19fb1f0a-6b2c-4e12-8be6-11fe55e8482c','a444c790-c224-11ee-84c1-0200fd8284f8','2024-05-28','A','2024-05-28 11:00:38','2024-05-28 11:00:38'),(1127,'86da9107-adb9-4a3b-bc71-f18710d66918','a444c790-c224-11ee-84c1-0200fd8284f8','2024-05-28','A','2024-05-28 11:04:34','2024-05-28 11:04:34'),(1128,'86da9107-adb9-4a3b-bc71-f18710d66918','35747793-cf20-11ee-b21b-0200fd8284f8','2024-05-28','A','2024-05-28 11:06:20','2024-05-28 11:06:20'),(1129,'86da9107-adb9-4a3b-bc71-f18710d66918','a444c790-c224-11ee-84c1-0200fd8284f8','2024-05-28','A','2024-05-28 11:31:35','2024-05-28 11:31:35'),(1130,'86da9107-adb9-4a3b-bc71-f18710d66918','35747793-cf20-11ee-b21b-0200fd8284f8','2024-05-28','A','2024-05-28 13:44:21','2024-05-28 13:44:21'),(1131,'86da9107-adb9-4a3b-bc71-f18710d66918','a444c790-c224-11ee-84c1-0200fd8284f8','2024-05-28','A','2024-05-28 14:10:31','2024-05-28 14:10:31'),(1132,'40c9245e-db39-4d8d-b7ef-987c48d856a6','35747793-cf20-11ee-b21b-0200fd8284f8','2024-05-28','A','2024-05-28 14:46:20','2024-05-28 14:46:20'),(1133,'86da9107-adb9-4a3b-bc71-f18710d66918','35747793-cf20-11ee-b21b-0200fd8284f8','2024-05-28','A','2024-05-28 15:08:06','2024-05-28 15:08:06'),(1134,'86da9107-adb9-4a3b-bc71-f18710d66918','35747793-cf20-11ee-b21b-0200fd8284f8','2024-05-28','A','2024-05-28 15:10:34','2024-05-28 15:10:34'),(1135,'86da9107-adb9-4a3b-bc71-f18710d66918','a444c790-c224-11ee-84c1-0200fd8284f8','2024-05-28','A','2024-05-28 15:14:33','2024-05-28 15:14:33'),(1136,'86da9107-adb9-4a3b-bc71-f18710d66918','a444c790-c224-11ee-84c1-0200fd8284f8','2024-05-28','A','2024-05-28 17:36:46','2024-05-28 17:36:46'),(1137,'35f2ea39-f082-4777-87a9-99f6433bb6f8','35747793-cf20-11ee-b21b-0200fd8284f8','2024-05-29','A','2024-05-29 10:28:41','2024-05-29 10:28:41'),(1138,'35f2ea39-f082-4777-87a9-99f6433bb6f8','35747793-cf20-11ee-b21b-0200fd8284f8','2024-05-29','A','2024-05-29 15:13:28','2024-05-29 15:13:28'),(1139,'19fb1f0a-6b2c-4e12-8be6-11fe55e8482c','a444c790-c224-11ee-84c1-0200fd8284f8','2024-05-29','A','2024-05-29 15:42:31','2024-05-29 15:42:31'),(1140,'19fb1f0a-6b2c-4e12-8be6-11fe55e8482c','a444c790-c224-11ee-84c1-0200fd8284f8','2024-05-29','A','2024-05-29 18:03:21','2024-05-29 18:03:21'),(1141,'86da9107-adb9-4a3b-bc71-f18710d66918','35747793-cf20-11ee-b21b-0200fd8284f8','2024-05-29','A','2024-05-29 19:16:46','2024-05-29 19:16:46'),(1142,'86da9107-adb9-4a3b-bc71-f18710d66918','a444c790-c224-11ee-84c1-0200fd8284f8','2024-05-29','A','2024-05-29 19:28:57','2024-05-29 19:28:57'),(1143,'69abe0de-7812-41bd-9124-6a7238aee7d1','a444c790-c224-11ee-84c1-0200fd8284f8','2024-05-31','A','2024-05-31 08:03:42','2024-05-31 08:03:42'),(1144,'69abe0de-7812-41bd-9124-6a7238aee7d1','a444c790-c224-11ee-84c1-0200fd8284f8','2024-05-31','A','2024-05-31 08:08:45','2024-05-31 08:08:45'),(1145,'69abe0de-7812-41bd-9124-6a7238aee7d1','35747793-cf20-11ee-b21b-0200fd8284f8','2024-05-31','A','2024-05-31 08:14:52','2024-05-31 08:14:52'),(1146,'86da9107-adb9-4a3b-bc71-f18710d66918','a444c790-c224-11ee-84c1-0200fd8284f8','2024-05-31','A','2024-05-31 11:16:57','2024-05-31 11:16:57'),(1147,'56b845b7-1236-4a32-a118-982a89f230aa','35747793-cf20-11ee-b21b-0200fd8284f8','2024-05-31','A','2024-05-31 12:28:13','2024-05-31 12:28:13'),(1148,'86da9107-adb9-4a3b-bc71-f18710d66918','a444c790-c224-11ee-84c1-0200fd8284f8','2024-05-31','A','2024-05-31 14:29:27','2024-05-31 14:29:27'),(1149,'35f2ea39-f082-4777-87a9-99f6433bb6f8','35747793-cf20-11ee-b21b-0200fd8284f8','2024-05-31','A','2024-05-31 17:55:12','2024-05-31 17:55:12'),(1150,'86da9107-adb9-4a3b-bc71-f18710d66918','a444c790-c224-11ee-84c1-0200fd8284f8','2024-05-31','A','2024-05-31 18:27:44','2024-05-31 18:27:44'),(1151,'86da9107-adb9-4a3b-bc71-f18710d66918','35747793-cf20-11ee-b21b-0200fd8284f8','2024-05-31','A','2024-05-31 19:53:45','2024-05-31 19:53:45'),(1152,'86da9107-adb9-4a3b-bc71-f18710d66918','a444c790-c224-11ee-84c1-0200fd8284f8','2024-05-31','A','2024-05-31 20:00:32','2024-05-31 20:00:32'),(1153,'86da9107-adb9-4a3b-bc71-f18710d66918','35747793-cf20-11ee-b21b-0200fd8284f8','2024-05-31','A','2024-05-31 20:09:33','2024-05-31 20:09:33'),(1154,'86da9107-adb9-4a3b-bc71-f18710d66918','a444c790-c224-11ee-84c1-0200fd8284f8','2024-05-31','A','2024-05-31 20:13:16','2024-05-31 20:13:16'),(1155,'35f2ea39-f082-4777-87a9-99f6433bb6f8','35747793-cf20-11ee-b21b-0200fd8284f8','2024-05-31','A','2024-05-31 20:15:22','2024-05-31 20:15:22'),(1156,'35f2ea39-f082-4777-87a9-99f6433bb6f8','35747793-cf20-11ee-b21b-0200fd8284f8','2024-05-31','A','2024-05-31 20:17:13','2024-05-31 20:17:13'),(1157,'86da9107-adb9-4a3b-bc71-f18710d66918','35747793-cf20-11ee-b21b-0200fd8284f8','2024-05-31','A','2024-05-31 20:27:26','2024-05-31 20:27:26'),(1158,'86da9107-adb9-4a3b-bc71-f18710d66918','a444c790-c224-11ee-84c1-0200fd8284f8','2024-05-31','A','2024-05-31 20:28:15','2024-05-31 20:28:15'),(1159,'86da9107-adb9-4a3b-bc71-f18710d66918','35747793-cf20-11ee-b21b-0200fd8284f8','2024-05-31','A','2024-05-31 20:34:48','2024-05-31 20:34:48'),(1160,'86da9107-adb9-4a3b-bc71-f18710d66918','35747793-cf20-11ee-b21b-0200fd8284f8','2024-05-31','A','2024-05-31 20:49:44','2024-05-31 20:49:44'),(1161,'86da9107-adb9-4a3b-bc71-f18710d66918','35747793-cf20-11ee-b21b-0200fd8284f8','2024-05-31','A','2024-05-31 20:51:28','2024-05-31 20:51:28'),(1162,'86da9107-adb9-4a3b-bc71-f18710d66918','35747793-cf20-11ee-b21b-0200fd8284f8','2024-05-31','A','2024-05-31 20:51:33','2024-05-31 20:51:33'),(1163,'86da9107-adb9-4a3b-bc71-f18710d66918','35747793-cf20-11ee-b21b-0200fd8284f8','2024-05-31','A','2024-05-31 20:51:36','2024-05-31 20:51:36'),(1164,'86da9107-adb9-4a3b-bc71-f18710d66918','35747793-cf20-11ee-b21b-0200fd8284f8','2024-05-31','A','2024-05-31 20:51:40','2024-05-31 20:51:40'),(1165,'86da9107-adb9-4a3b-bc71-f18710d66918','35747793-cf20-11ee-b21b-0200fd8284f8','2024-05-31','A','2024-05-31 20:51:41','2024-05-31 20:51:41'),(1166,'86da9107-adb9-4a3b-bc71-f18710d66918','35747793-cf20-11ee-b21b-0200fd8284f8','2024-05-31','A','2024-05-31 20:51:56','2024-05-31 20:51:56'),(1167,'86da9107-adb9-4a3b-bc71-f18710d66918','a444c790-c224-11ee-84c1-0200fd8284f8','2024-05-31','A','2024-05-31 20:52:02','2024-05-31 20:52:02'),(1168,'86da9107-adb9-4a3b-bc71-f18710d66918','35747793-cf20-11ee-b21b-0200fd8284f8','2024-05-31','A','2024-05-31 20:55:16','2024-05-31 20:55:16'),(1169,'86da9107-adb9-4a3b-bc71-f18710d66918','a444c790-c224-11ee-84c1-0200fd8284f8','2024-05-31','A','2024-05-31 20:57:59','2024-05-31 20:57:59'),(1170,'86da9107-adb9-4a3b-bc71-f18710d66918','35747793-cf20-11ee-b21b-0200fd8284f8','2024-05-31','A','2024-05-31 21:13:45','2024-05-31 21:13:45'),(1171,'86da9107-adb9-4a3b-bc71-f18710d66918','a444c790-c224-11ee-84c1-0200fd8284f8','2024-05-31','A','2024-05-31 21:16:16','2024-05-31 21:16:16'),(1172,'86da9107-adb9-4a3b-bc71-f18710d66918','a444c790-c224-11ee-84c1-0200fd8284f8','2024-06-01','A','2024-06-01 11:31:12','2024-06-01 11:31:12'),(1173,'77ce28f7-8cba-4c20-aa61-e88eade33a9e','a444c790-c224-11ee-84c1-0200fd8284f8','2024-06-01','A','2024-06-01 11:51:33','2024-06-01 11:51:33'),(1174,'19fb1f0a-6b2c-4e12-8be6-11fe55e8482c','a444c790-c224-11ee-84c1-0200fd8284f8','2024-06-01','A','2024-06-01 18:41:24','2024-06-01 18:41:24'),(1175,'86da9107-adb9-4a3b-bc71-f18710d66918','a444c790-c224-11ee-84c1-0200fd8284f8','2024-06-01','A','2024-06-01 22:06:01','2024-06-01 22:06:01'),(1176,'86da9107-adb9-4a3b-bc71-f18710d66918','a444c790-c224-11ee-84c1-0200fd8284f8','2024-06-01','A','2024-06-01 22:35:41','2024-06-01 22:35:41'),(1177,'56b845b7-1236-4a32-a118-982a89f230aa','35747793-cf20-11ee-b21b-0200fd8284f8','2024-06-03','A','2024-06-03 09:29:29','2024-06-03 09:29:29'),(1178,'69abe0de-7812-41bd-9124-6a7238aee7d1','a444c790-c224-11ee-84c1-0200fd8284f8','2024-06-03','A','2024-06-03 10:40:36','2024-06-03 10:40:36'),(1179,'86da9107-adb9-4a3b-bc71-f18710d66918','a444c790-c224-11ee-84c1-0200fd8284f8','2024-06-03','A','2024-06-03 10:40:51','2024-06-03 10:40:51'),(1180,'69abe0de-7812-41bd-9124-6a7238aee7d1','35747793-cf20-11ee-b21b-0200fd8284f8','2024-06-03','A','2024-06-03 10:41:06','2024-06-03 10:41:06'),(1181,'86da9107-adb9-4a3b-bc71-f18710d66918','35747793-cf20-11ee-b21b-0200fd8284f8','2024-06-03','A','2024-06-03 12:19:19','2024-06-03 12:19:19'),(1182,'86da9107-adb9-4a3b-bc71-f18710d66918','a444c790-c224-11ee-84c1-0200fd8284f8','2024-06-03','A','2024-06-03 12:24:43','2024-06-03 12:24:43'),(1183,'86da9107-adb9-4a3b-bc71-f18710d66918','35747793-cf20-11ee-b21b-0200fd8284f8','2024-06-03','A','2024-06-03 12:49:14','2024-06-03 12:49:14'),(1184,'86da9107-adb9-4a3b-bc71-f18710d66918','a444c790-c224-11ee-84c1-0200fd8284f8','2024-06-03','A','2024-06-03 12:52:41','2024-06-03 12:52:41'),(1185,'86da9107-adb9-4a3b-bc71-f18710d66918','35747793-cf20-11ee-b21b-0200fd8284f8','2024-06-03','A','2024-06-03 13:11:56','2024-06-03 13:11:56'),(1186,'86da9107-adb9-4a3b-bc71-f18710d66918','a444c790-c224-11ee-84c1-0200fd8284f8','2024-06-03','A','2024-06-03 13:18:13','2024-06-03 13:18:13'),(1187,'86da9107-adb9-4a3b-bc71-f18710d66918','35747793-cf20-11ee-b21b-0200fd8284f8','2024-06-03','A','2024-06-03 13:28:02','2024-06-03 13:28:02'),(1188,'86da9107-adb9-4a3b-bc71-f18710d66918','a444c790-c224-11ee-84c1-0200fd8284f8','2024-06-03','A','2024-06-03 18:09:21','2024-06-03 18:09:21'),(1189,'86da9107-adb9-4a3b-bc71-f18710d66918','35747793-cf20-11ee-b21b-0200fd8284f8','2024-06-03','A','2024-06-03 20:04:27','2024-06-03 20:04:27'),(1190,'86da9107-adb9-4a3b-bc71-f18710d66918','a444c790-c224-11ee-84c1-0200fd8284f8','2024-06-03','A','2024-06-03 20:07:07','2024-06-03 20:07:07'),(1191,'86da9107-adb9-4a3b-bc71-f18710d66918','35747793-cf20-11ee-b21b-0200fd8284f8','2024-06-03','A','2024-06-03 20:25:22','2024-06-03 20:25:22'),(1192,'86da9107-adb9-4a3b-bc71-f18710d66918','a444c790-c224-11ee-84c1-0200fd8284f8','2024-06-03','A','2024-06-03 20:47:54','2024-06-03 20:47:54'),(1193,'86da9107-adb9-4a3b-bc71-f18710d66918','35747793-cf20-11ee-b21b-0200fd8284f8','2024-06-03','A','2024-06-03 20:56:52','2024-06-03 20:56:52'),(1194,'86da9107-adb9-4a3b-bc71-f18710d66918','a444c790-c224-11ee-84c1-0200fd8284f8','2024-06-04','A','2024-06-04 14:50:35','2024-06-04 14:50:35'),(1195,'86da9107-adb9-4a3b-bc71-f18710d66918','a444c790-c224-11ee-84c1-0200fd8284f8','2024-06-04','A','2024-06-04 14:50:35','2024-06-04 14:50:35'),(1196,'86da9107-adb9-4a3b-bc71-f18710d66918','35747793-cf20-11ee-b21b-0200fd8284f8','2024-06-04','A','2024-06-04 15:44:57','2024-06-04 15:44:57'),(1197,'86da9107-adb9-4a3b-bc71-f18710d66918','a444c790-c224-11ee-84c1-0200fd8284f8','2024-06-04','A','2024-06-04 15:48:30','2024-06-04 15:48:30'),(1198,'86da9107-adb9-4a3b-bc71-f18710d66918','35747793-cf20-11ee-b21b-0200fd8284f8','2024-06-04','A','2024-06-04 15:51:53','2024-06-04 15:51:53'),(1199,'86da9107-adb9-4a3b-bc71-f18710d66918','a444c790-c224-11ee-84c1-0200fd8284f8','2024-06-04','A','2024-06-04 15:53:52','2024-06-04 15:53:52'),(1200,'86da9107-adb9-4a3b-bc71-f18710d66918','35747793-cf20-11ee-b21b-0200fd8284f8','2024-06-04','A','2024-06-04 16:06:08','2024-06-04 16:06:08'),(1201,'86da9107-adb9-4a3b-bc71-f18710d66918','a444c790-c224-11ee-84c1-0200fd8284f8','2024-06-04','A','2024-06-04 16:08:34','2024-06-04 16:08:34'),(1202,'86da9107-adb9-4a3b-bc71-f18710d66918','35747793-cf20-11ee-b21b-0200fd8284f8','2024-06-04','A','2024-06-04 16:14:58','2024-06-04 16:14:58'),(1203,'56b845b7-1236-4a32-a118-982a89f230aa','35747793-cf20-11ee-b21b-0200fd8284f8','2024-06-04','A','2024-06-04 16:19:52','2024-06-04 16:19:52'),(1204,'86da9107-adb9-4a3b-bc71-f18710d66918','a444c790-c224-11ee-84c1-0200fd8284f8','2024-06-04','A','2024-06-04 17:02:48','2024-06-04 17:02:48'),(1205,'86da9107-adb9-4a3b-bc71-f18710d66918','35747793-cf20-11ee-b21b-0200fd8284f8','2024-06-04','A','2024-06-04 17:15:01','2024-06-04 17:15:01'),(1206,'69abe0de-7812-41bd-9124-6a7238aee7d1','35747793-cf20-11ee-b21b-0200fd8284f8','2024-06-04','A','2024-06-04 17:45:00','2024-06-04 17:45:00'),(1207,'86da9107-adb9-4a3b-bc71-f18710d66918','a444c790-c224-11ee-84c1-0200fd8284f8','2024-06-04','A','2024-06-04 17:48:52','2024-06-04 17:48:52'),(1208,'86da9107-adb9-4a3b-bc71-f18710d66918','35747793-cf20-11ee-b21b-0200fd8284f8','2024-06-04','A','2024-06-04 17:59:50','2024-06-04 17:59:50'),(1209,'86da9107-adb9-4a3b-bc71-f18710d66918','a444c790-c224-11ee-84c1-0200fd8284f8','2024-06-04','A','2024-06-04 18:11:02','2024-06-04 18:11:02'),(1210,'86da9107-adb9-4a3b-bc71-f18710d66918','35747793-cf20-11ee-b21b-0200fd8284f8','2024-06-04','A','2024-06-04 18:24:42','2024-06-04 18:24:42'),(1211,'86da9107-adb9-4a3b-bc71-f18710d66918','a444c790-c224-11ee-84c1-0200fd8284f8','2024-06-04','A','2024-06-04 18:54:27','2024-06-04 18:54:27'),(1212,'86da9107-adb9-4a3b-bc71-f18710d66918','35747793-cf20-11ee-b21b-0200fd8284f8','2024-06-04','A','2024-06-04 20:46:10','2024-06-04 20:46:10'),(1213,'86da9107-adb9-4a3b-bc71-f18710d66918','35747793-cf20-11ee-b21b-0200fd8284f8','2024-06-04','A','2024-06-04 20:57:00','2024-06-04 20:57:00'),(1214,'86da9107-adb9-4a3b-bc71-f18710d66918','a444c790-c224-11ee-84c1-0200fd8284f8','2024-06-04','A','2024-06-04 20:57:04','2024-06-04 20:57:04'),(1215,'77ce28f7-8cba-4c20-aa61-e88eade33a9e','a444c790-c224-11ee-84c1-0200fd8284f8','2024-06-05','A','2024-06-05 13:06:35','2024-06-05 13:06:35'),(1216,'35f2ea39-f082-4777-87a9-99f6433bb6f8','35747793-cf20-11ee-b21b-0200fd8284f8','2024-06-05','A','2024-06-05 14:12:33','2024-06-05 14:12:33'),(1217,'69abe0de-7812-41bd-9124-6a7238aee7d1','35747793-cf20-11ee-b21b-0200fd8284f8','2024-06-05','A','2024-06-05 14:27:41','2024-06-05 14:27:41'),(1218,'69abe0de-7812-41bd-9124-6a7238aee7d1','35747793-cf20-11ee-b21b-0200fd8284f8','2024-06-05','A','2024-06-05 14:34:39','2024-06-05 14:34:39'),(1219,'69abe0de-7812-41bd-9124-6a7238aee7d1','35747793-cf20-11ee-b21b-0200fd8284f8','2024-06-05','A','2024-06-05 14:38:53','2024-06-05 14:38:53'),(1220,'86da9107-adb9-4a3b-bc71-f18710d66918','a444c790-c224-11ee-84c1-0200fd8284f8','2024-06-05','A','2024-06-05 19:55:36','2024-06-05 19:55:36'),(1221,'86da9107-adb9-4a3b-bc71-f18710d66918','35747793-cf20-11ee-b21b-0200fd8284f8','2024-06-05','A','2024-06-05 20:42:15','2024-06-05 20:42:15'),(1222,'40c9245e-db39-4d8d-b7ef-987c48d856a6','35747793-cf20-11ee-b21b-0200fd8284f8','2024-06-06','A','2024-06-06 08:59:21','2024-06-06 08:59:21'),(1223,'86da9107-adb9-4a3b-bc71-f18710d66918','a444c790-c224-11ee-84c1-0200fd8284f8','2024-06-06','A','2024-06-06 10:55:27','2024-06-06 10:55:27'),(1224,'86da9107-adb9-4a3b-bc71-f18710d66918','35747793-cf20-11ee-b21b-0200fd8284f8','2024-06-06','A','2024-06-06 11:00:38','2024-06-06 11:00:38'),(1225,'86da9107-adb9-4a3b-bc71-f18710d66918','a444c790-c224-11ee-84c1-0200fd8284f8','2024-06-06','A','2024-06-06 11:18:37','2024-06-06 11:18:37'),(1226,'86da9107-adb9-4a3b-bc71-f18710d66918','35747793-cf20-11ee-b21b-0200fd8284f8','2024-06-06','A','2024-06-06 11:27:56','2024-06-06 11:27:56'),(1227,'86da9107-adb9-4a3b-bc71-f18710d66918','a444c790-c224-11ee-84c1-0200fd8284f8','2024-06-06','A','2024-06-06 11:41:54','2024-06-06 11:41:54'),(1228,'86da9107-adb9-4a3b-bc71-f18710d66918','35747793-cf20-11ee-b21b-0200fd8284f8','2024-06-06','A','2024-06-06 11:43:03','2024-06-06 11:43:03'),(1229,'86da9107-adb9-4a3b-bc71-f18710d66918','a444c790-c224-11ee-84c1-0200fd8284f8','2024-06-06','A','2024-06-06 11:43:42','2024-06-06 11:43:42'),(1230,'86da9107-adb9-4a3b-bc71-f18710d66918','35747793-cf20-11ee-b21b-0200fd8284f8','2024-06-06','A','2024-06-06 12:37:49','2024-06-06 12:37:49'),(1231,'86da9107-adb9-4a3b-bc71-f18710d66918','a444c790-c224-11ee-84c1-0200fd8284f8','2024-06-06','A','2024-06-06 13:42:03','2024-06-06 13:42:03'),(1232,'86da9107-adb9-4a3b-bc71-f18710d66918','35747793-cf20-11ee-b21b-0200fd8284f8','2024-06-06','A','2024-06-06 13:54:09','2024-06-06 13:54:09'),(1233,'86da9107-adb9-4a3b-bc71-f18710d66918','35747793-cf20-11ee-b21b-0200fd8284f8','2024-06-06','A','2024-06-06 13:57:39','2024-06-06 13:57:39'),(1234,'35f2ea39-f082-4777-87a9-99f6433bb6f8','35747793-cf20-11ee-b21b-0200fd8284f8','2024-06-06','A','2024-06-06 13:59:02','2024-06-06 13:59:02'),(1235,'86da9107-adb9-4a3b-bc71-f18710d66918','a444c790-c224-11ee-84c1-0200fd8284f8','2024-06-06','A','2024-06-06 14:49:13','2024-06-06 14:49:13'),(1236,'86da9107-adb9-4a3b-bc71-f18710d66918','35747793-cf20-11ee-b21b-0200fd8284f8','2024-06-06','A','2024-06-06 15:09:47','2024-06-06 15:09:47'),(1237,'86da9107-adb9-4a3b-bc71-f18710d66918','a444c790-c224-11ee-84c1-0200fd8284f8','2024-06-06','A','2024-06-06 15:13:44','2024-06-06 15:13:44'),(1238,'86da9107-adb9-4a3b-bc71-f18710d66918','35747793-cf20-11ee-b21b-0200fd8284f8','2024-06-06','A','2024-06-06 15:16:40','2024-06-06 15:16:40'),(1239,'86da9107-adb9-4a3b-bc71-f18710d66918','a444c790-c224-11ee-84c1-0200fd8284f8','2024-06-06','A','2024-06-06 16:08:48','2024-06-06 16:08:48'),(1240,'86da9107-adb9-4a3b-bc71-f18710d66918','35747793-cf20-11ee-b21b-0200fd8284f8','2024-06-06','A','2024-06-06 16:14:24','2024-06-06 16:14:24'),(1241,'86da9107-adb9-4a3b-bc71-f18710d66918','a444c790-c224-11ee-84c1-0200fd8284f8','2024-06-06','A','2024-06-06 16:21:29','2024-06-06 16:21:29'),(1242,'40c9245e-db39-4d8d-b7ef-987c48d856a6','35747793-cf20-11ee-b21b-0200fd8284f8','2024-06-06','A','2024-06-06 17:13:42','2024-06-06 17:13:42'),(1243,'86da9107-adb9-4a3b-bc71-f18710d66918','35747793-cf20-11ee-b21b-0200fd8284f8','2024-06-06','A','2024-06-06 17:44:48','2024-06-06 17:44:48'),(1244,'86da9107-adb9-4a3b-bc71-f18710d66918','a444c790-c224-11ee-84c1-0200fd8284f8','2024-06-06','A','2024-06-06 18:31:47','2024-06-06 18:31:47'),(1245,'86da9107-adb9-4a3b-bc71-f18710d66918','35747793-cf20-11ee-b21b-0200fd8284f8','2024-06-06','A','2024-06-06 18:36:16','2024-06-06 18:36:16'),(1246,'40c9245e-db39-4d8d-b7ef-987c48d856a6','35747793-cf20-11ee-b21b-0200fd8284f8','2024-06-06','A','2024-06-06 18:43:00','2024-06-06 18:43:00'),(1247,'86da9107-adb9-4a3b-bc71-f18710d66918','a444c790-c224-11ee-84c1-0200fd8284f8','2024-06-06','A','2024-06-06 19:58:59','2024-06-06 19:58:59'),(1248,'86da9107-adb9-4a3b-bc71-f18710d66918','35747793-cf20-11ee-b21b-0200fd8284f8','2024-06-06','A','2024-06-06 20:01:28','2024-06-06 20:01:28'),(1249,'86da9107-adb9-4a3b-bc71-f18710d66918','35747793-cf20-11ee-b21b-0200fd8284f8','2024-06-06','A','2024-06-06 20:06:47','2024-06-06 20:06:47'),(1250,'86da9107-adb9-4a3b-bc71-f18710d66918','35747793-cf20-11ee-b21b-0200fd8284f8','2024-06-06','A','2024-06-06 20:07:01','2024-06-06 20:07:01'),(1251,'86da9107-adb9-4a3b-bc71-f18710d66918','35747793-cf20-11ee-b21b-0200fd8284f8','2024-06-06','A','2024-06-06 20:07:38','2024-06-06 20:07:38'),(1252,'86da9107-adb9-4a3b-bc71-f18710d66918','35747793-cf20-11ee-b21b-0200fd8284f8','2024-06-06','A','2024-06-06 20:24:01','2024-06-06 20:24:01'),(1253,'86da9107-adb9-4a3b-bc71-f18710d66918','a444c790-c224-11ee-84c1-0200fd8284f8','2024-06-06','A','2024-06-06 20:24:18','2024-06-06 20:24:18'),(1254,'19fb1f0a-6b2c-4e12-8be6-11fe55e8482c','a444c790-c224-11ee-84c1-0200fd8284f8','2024-06-06','A','2024-06-06 20:25:51','2024-06-06 20:25:51'),(1255,'86da9107-adb9-4a3b-bc71-f18710d66918','a444c790-c224-11ee-84c1-0200fd8284f8','2024-06-06','A','2024-06-06 21:06:09','2024-06-06 21:06:09'),(1256,'86da9107-adb9-4a3b-bc71-f18710d66918','35747793-cf20-11ee-b21b-0200fd8284f8','2024-06-06','A','2024-06-06 21:36:08','2024-06-06 21:36:08'),(1257,'86da9107-adb9-4a3b-bc71-f18710d66918','a444c790-c224-11ee-84c1-0200fd8284f8','2024-06-06','A','2024-06-06 21:47:33','2024-06-06 21:47:33'),(1258,'35f2ea39-f082-4777-87a9-99f6433bb6f8','35747793-cf20-11ee-b21b-0200fd8284f8','2024-06-07','A','2024-06-07 14:39:57','2024-06-07 14:39:57'),(1259,'86da9107-adb9-4a3b-bc71-f18710d66918','35747793-cf20-11ee-b21b-0200fd8284f8','2024-06-07','A','2024-06-07 17:18:49','2024-06-07 17:18:49'),(1260,'35f2ea39-f082-4777-87a9-99f6433bb6f8','35747793-cf20-11ee-b21b-0200fd8284f8','2024-06-07','A','2024-06-07 17:38:53','2024-06-07 17:38:53'),(1261,'19fb1f0a-6b2c-4e12-8be6-11fe55e8482c','a444c790-c224-11ee-84c1-0200fd8284f8','2024-06-07','A','2024-06-07 19:10:39','2024-06-07 19:10:39'),(1262,'86da9107-adb9-4a3b-bc71-f18710d66918','a444c790-c224-11ee-84c1-0200fd8284f8','2024-06-07','A','2024-06-07 20:22:28','2024-06-07 20:22:28'),(1263,'86da9107-adb9-4a3b-bc71-f18710d66918','35747793-cf20-11ee-b21b-0200fd8284f8','2024-06-07','A','2024-06-07 20:23:05','2024-06-07 20:23:05'),(1264,'86da9107-adb9-4a3b-bc71-f18710d66918','a444c790-c224-11ee-84c1-0200fd8284f8','2024-06-07','A','2024-06-07 20:34:35','2024-06-07 20:34:35'),(1265,'86da9107-adb9-4a3b-bc71-f18710d66918','a444c790-c224-11ee-84c1-0200fd8284f8','2024-06-07','A','2024-06-07 20:38:10','2024-06-07 20:38:10'),(1266,'86da9107-adb9-4a3b-bc71-f18710d66918','35747793-cf20-11ee-b21b-0200fd8284f8','2024-06-07','A','2024-06-07 21:00:42','2024-06-07 21:00:42'),(1267,'40c9245e-db39-4d8d-b7ef-987c48d856a6','35747793-cf20-11ee-b21b-0200fd8284f8','2024-06-08','A','2024-06-08 09:16:05','2024-06-08 09:16:05'),(1268,'35f2ea39-f082-4777-87a9-99f6433bb6f8','35747793-cf20-11ee-b21b-0200fd8284f8','2024-06-08','A','2024-06-08 13:22:47','2024-06-08 13:22:47'),(1269,'19fb1f0a-6b2c-4e12-8be6-11fe55e8482c','a444c790-c224-11ee-84c1-0200fd8284f8','2024-06-08','A','2024-06-08 17:53:06','2024-06-08 17:53:06'),(1270,'35f2ea39-f082-4777-87a9-99f6433bb6f8','35747793-cf20-11ee-b21b-0200fd8284f8','2024-06-10','A','2024-06-10 11:59:13','2024-06-10 11:59:13'),(1271,'86da9107-adb9-4a3b-bc71-f18710d66918','35747793-cf20-11ee-b21b-0200fd8284f8','2024-06-10','A','2024-06-10 14:30:30','2024-06-10 14:30:30'),(1272,'86da9107-adb9-4a3b-bc71-f18710d66918','a444c790-c224-11ee-84c1-0200fd8284f8','2024-06-10','A','2024-06-10 14:58:12','2024-06-10 14:58:12'),(1273,'86da9107-adb9-4a3b-bc71-f18710d66918','a444c790-c224-11ee-84c1-0200fd8284f8','2024-06-10','A','2024-06-10 15:03:04','2024-06-10 15:03:04'),(1274,'86da9107-adb9-4a3b-bc71-f18710d66918','35747793-cf20-11ee-b21b-0200fd8284f8','2024-06-10','A','2024-06-10 15:46:22','2024-06-10 15:46:22'),(1275,'c577e6b9-a8fa-4636-ba3f-593f1191dc14','a444c790-c224-11ee-84c1-0200fd8284f8','2024-06-10','A','2024-06-10 16:11:11','2024-06-10 16:11:11'),(1276,'c577e6b9-a8fa-4636-ba3f-593f1191dc14','a444c790-c224-11ee-84c1-0200fd8284f8','2024-06-10','A','2024-06-10 17:04:05','2024-06-10 17:04:05'),(1277,'86da9107-adb9-4a3b-bc71-f18710d66918','a444c790-c224-11ee-84c1-0200fd8284f8','2024-06-10','A','2024-06-10 18:51:40','2024-06-10 18:51:40'),(1278,'19fb1f0a-6b2c-4e12-8be6-11fe55e8482c','a444c790-c224-11ee-84c1-0200fd8284f8','2024-06-10','A','2024-06-10 19:24:16','2024-06-10 19:24:16'),(1279,'35f2ea39-f082-4777-87a9-99f6433bb6f8','35747793-cf20-11ee-b21b-0200fd8284f8','2024-06-10','A','2024-06-10 19:53:03','2024-06-10 19:53:03'),(1280,'86da9107-adb9-4a3b-bc71-f18710d66918','a444c790-c224-11ee-84c1-0200fd8284f8','2024-06-10','A','2024-06-10 20:41:58','2024-06-10 20:41:58'),(1281,'86da9107-adb9-4a3b-bc71-f18710d66918','35747793-cf20-11ee-b21b-0200fd8284f8','2024-06-10','A','2024-06-10 21:22:46','2024-06-10 21:22:46'),(1282,'40c9245e-db39-4d8d-b7ef-987c48d856a6','35747793-cf20-11ee-b21b-0200fd8284f8','2024-06-11','A','2024-06-11 10:35:28','2024-06-11 10:35:28'),(1283,'19fb1f0a-6b2c-4e12-8be6-11fe55e8482c','a444c790-c224-11ee-84c1-0200fd8284f8','2024-06-11','A','2024-06-11 12:10:28','2024-06-11 12:10:28'),(1284,'40c9245e-db39-4d8d-b7ef-987c48d856a6','35747793-cf20-11ee-b21b-0200fd8284f8','2024-06-11','A','2024-06-11 13:44:51','2024-06-11 13:44:51'),(1285,'86da9107-adb9-4a3b-bc71-f18710d66918','35747793-cf20-11ee-b21b-0200fd8284f8','2024-06-11','A','2024-06-11 15:26:54','2024-06-11 15:26:54'),(1286,'86da9107-adb9-4a3b-bc71-f18710d66918','a444c790-c224-11ee-84c1-0200fd8284f8','2024-06-11','A','2024-06-11 15:32:26','2024-06-11 15:32:26'),(1287,'35f2ea39-f082-4777-87a9-99f6433bb6f8','35747793-cf20-11ee-b21b-0200fd8284f8','2024-06-11','A','2024-06-11 16:17:21','2024-06-11 16:17:21'),(1288,'35f2ea39-f082-4777-87a9-99f6433bb6f8','35747793-cf20-11ee-b21b-0200fd8284f8','2024-06-11','A','2024-06-11 16:17:40','2024-06-11 16:17:40'),(1289,'77ce28f7-8cba-4c20-aa61-e88eade33a9e','a444c790-c224-11ee-84c1-0200fd8284f8','2024-06-11','A','2024-06-11 16:33:59','2024-06-11 16:33:59'),(1290,'86da9107-adb9-4a3b-bc71-f18710d66918','35747793-cf20-11ee-b21b-0200fd8284f8','2024-06-11','A','2024-06-11 17:16:56','2024-06-11 17:16:56'),(1291,'86da9107-adb9-4a3b-bc71-f18710d66918','35747793-cf20-11ee-b21b-0200fd8284f8','2024-06-11','A','2024-06-11 17:17:02','2024-06-11 17:17:02'),(1292,'86da9107-adb9-4a3b-bc71-f18710d66918','35747793-cf20-11ee-b21b-0200fd8284f8','2024-06-11','A','2024-06-11 17:27:20','2024-06-11 17:27:20'),(1293,'19fb1f0a-6b2c-4e12-8be6-11fe55e8482c','a444c790-c224-11ee-84c1-0200fd8284f8','2024-06-11','A','2024-06-11 18:30:29','2024-06-11 18:30:29'),(1294,'19fb1f0a-6b2c-4e12-8be6-11fe55e8482c','a444c790-c224-11ee-84c1-0200fd8284f8','2024-06-11','A','2024-06-11 18:31:09','2024-06-11 18:31:09'),(1295,'86da9107-adb9-4a3b-bc71-f18710d66918','35747793-cf20-11ee-b21b-0200fd8284f8','2024-06-11','A','2024-06-11 19:03:55','2024-06-11 19:03:55'),(1296,'86da9107-adb9-4a3b-bc71-f18710d66918','a444c790-c224-11ee-84c1-0200fd8284f8','2024-06-11','A','2024-06-11 19:10:01','2024-06-11 19:10:01'),(1297,'86da9107-adb9-4a3b-bc71-f18710d66918','35747793-cf20-11ee-b21b-0200fd8284f8','2024-06-11','A','2024-06-11 19:11:27','2024-06-11 19:11:27'),(1298,'86da9107-adb9-4a3b-bc71-f18710d66918','a444c790-c224-11ee-84c1-0200fd8284f8','2024-06-11','A','2024-06-11 19:42:42','2024-06-11 19:42:42'),(1299,'19fb1f0a-6b2c-4e12-8be6-11fe55e8482c','a444c790-c224-11ee-84c1-0200fd8284f8','2024-06-11','A','2024-06-11 20:00:22','2024-06-11 20:00:22'),(1300,'86da9107-adb9-4a3b-bc71-f18710d66918','35747793-cf20-11ee-b21b-0200fd8284f8','2024-06-11','A','2024-06-11 20:43:02','2024-06-11 20:43:02'),(1301,'86da9107-adb9-4a3b-bc71-f18710d66918','a444c790-c224-11ee-84c1-0200fd8284f8','2024-06-11','A','2024-06-11 20:49:55','2024-06-11 20:49:55'),(1302,'56b845b7-1236-4a32-a118-982a89f230aa','35747793-cf20-11ee-b21b-0200fd8284f8','2024-06-12','A','2024-06-12 10:12:26','2024-06-12 10:12:26'),(1303,'56b845b7-1236-4a32-a118-982a89f230aa','35747793-cf20-11ee-b21b-0200fd8284f8','2024-06-12','A','2024-06-12 13:25:20','2024-06-12 13:25:20'),(1304,'86da9107-adb9-4a3b-bc71-f18710d66918','a444c790-c224-11ee-84c1-0200fd8284f8','2024-06-12','A','2024-06-12 15:00:26','2024-06-12 15:00:26'),(1305,'86da9107-adb9-4a3b-bc71-f18710d66918','35747793-cf20-11ee-b21b-0200fd8284f8','2024-06-12','A','2024-06-12 15:43:53','2024-06-12 15:43:53'),(1306,'86da9107-adb9-4a3b-bc71-f18710d66918','a444c790-c224-11ee-84c1-0200fd8284f8','2024-06-12','A','2024-06-12 15:46:30','2024-06-12 15:46:30'),(1307,'56b845b7-1236-4a32-a118-982a89f230aa','35747793-cf20-11ee-b21b-0200fd8284f8','2024-06-12','A','2024-06-12 16:49:09','2024-06-12 16:49:09'),(1308,'86da9107-adb9-4a3b-bc71-f18710d66918','35747793-cf20-11ee-b21b-0200fd8284f8','2024-06-12','A','2024-06-12 16:58:49','2024-06-12 16:58:49'),(1309,'86da9107-adb9-4a3b-bc71-f18710d66918','a444c790-c224-11ee-84c1-0200fd8284f8','2024-06-12','A','2024-06-12 18:06:25','2024-06-12 18:06:25'),(1310,'86da9107-adb9-4a3b-bc71-f18710d66918','35747793-cf20-11ee-b21b-0200fd8284f8','2024-06-12','A','2024-06-12 18:19:04','2024-06-12 18:19:04'),(1311,'86da9107-adb9-4a3b-bc71-f18710d66918','a444c790-c224-11ee-84c1-0200fd8284f8','2024-06-12','A','2024-06-12 18:24:59','2024-06-12 18:24:59'),(1312,'19fb1f0a-6b2c-4e12-8be6-11fe55e8482c','a444c790-c224-11ee-84c1-0200fd8284f8','2024-06-12','A','2024-06-12 18:47:37','2024-06-12 18:47:37'),(1313,'86da9107-adb9-4a3b-bc71-f18710d66918','35747793-cf20-11ee-b21b-0200fd8284f8','2024-06-12','A','2024-06-12 19:06:01','2024-06-12 19:06:01'),(1314,'86da9107-adb9-4a3b-bc71-f18710d66918','35747793-cf20-11ee-b21b-0200fd8284f8','2024-06-12','A','2024-06-12 19:14:22','2024-06-12 19:14:22'),(1315,'86da9107-adb9-4a3b-bc71-f18710d66918','a444c790-c224-11ee-84c1-0200fd8284f8','2024-06-12','A','2024-06-12 19:16:04','2024-06-12 19:16:04'),(1316,'86da9107-adb9-4a3b-bc71-f18710d66918','35747793-cf20-11ee-b21b-0200fd8284f8','2024-06-12','A','2024-06-12 19:17:16','2024-06-12 19:17:16'),(1317,'86da9107-adb9-4a3b-bc71-f18710d66918','a444c790-c224-11ee-84c1-0200fd8284f8','2024-06-12','A','2024-06-12 19:19:19','2024-06-12 19:19:19'),(1318,'19fb1f0a-6b2c-4e12-8be6-11fe55e8482c','a444c790-c224-11ee-84c1-0200fd8284f8','2024-06-12','A','2024-06-12 19:31:00','2024-06-12 19:31:00'),(1319,'86da9107-adb9-4a3b-bc71-f18710d66918','35747793-cf20-11ee-b21b-0200fd8284f8','2024-06-12','A','2024-06-12 20:13:40','2024-06-12 20:13:40'),(1320,'19fb1f0a-6b2c-4e12-8be6-11fe55e8482c','a444c790-c224-11ee-84c1-0200fd8284f8','2024-06-12','A','2024-06-12 20:14:45','2024-06-12 20:14:45'),(1321,'19fb1f0a-6b2c-4e12-8be6-11fe55e8482c','a444c790-c224-11ee-84c1-0200fd8284f8','2024-06-12','A','2024-06-12 20:15:10','2024-06-12 20:15:10'),(1322,'86da9107-adb9-4a3b-bc71-f18710d66918','a444c790-c224-11ee-84c1-0200fd8284f8','2024-06-12','A','2024-06-12 20:15:24','2024-06-12 20:15:24'),(1323,'86da9107-adb9-4a3b-bc71-f18710d66918','35747793-cf20-11ee-b21b-0200fd8284f8','2024-06-12','A','2024-06-12 20:18:40','2024-06-12 20:18:40'),(1324,'86da9107-adb9-4a3b-bc71-f18710d66918','a444c790-c224-11ee-84c1-0200fd8284f8','2024-06-12','A','2024-06-12 20:19:53','2024-06-12 20:19:53'),(1325,'86da9107-adb9-4a3b-bc71-f18710d66918','a444c790-c224-11ee-84c1-0200fd8284f8','2024-06-12','A','2024-06-12 20:24:30','2024-06-12 20:24:30'),(1326,'86da9107-adb9-4a3b-bc71-f18710d66918','35747793-cf20-11ee-b21b-0200fd8284f8','2024-06-12','A','2024-06-12 20:29:42','2024-06-12 20:29:42'),(1327,'86da9107-adb9-4a3b-bc71-f18710d66918','35747793-cf20-11ee-b21b-0200fd8284f8','2024-06-12','A','2024-06-12 20:31:31','2024-06-12 20:31:31'),(1328,'86da9107-adb9-4a3b-bc71-f18710d66918','35747793-cf20-11ee-b21b-0200fd8284f8','2024-06-12','A','2024-06-12 20:59:41','2024-06-12 20:59:41'),(1329,'40c9245e-db39-4d8d-b7ef-987c48d856a6','35747793-cf20-11ee-b21b-0200fd8284f8','2024-06-13','A','2024-06-13 11:31:10','2024-06-13 11:31:10'),(1330,'86da9107-adb9-4a3b-bc71-f18710d66918','35747793-cf20-11ee-b21b-0200fd8284f8','2024-06-13','A','2024-06-13 12:51:26','2024-06-13 12:51:26'),(1331,'86da9107-adb9-4a3b-bc71-f18710d66918','35747793-cf20-11ee-b21b-0200fd8284f8','2024-06-13','A','2024-06-13 13:50:13','2024-06-13 13:50:13'),(1332,'86da9107-adb9-4a3b-bc71-f18710d66918','a444c790-c224-11ee-84c1-0200fd8284f8','2024-06-13','A','2024-06-13 14:03:11','2024-06-13 14:03:11'),(1333,'86da9107-adb9-4a3b-bc71-f18710d66918','35747793-cf20-11ee-b21b-0200fd8284f8','2024-06-13','A','2024-06-13 14:08:31','2024-06-13 14:08:31'),(1334,'86da9107-adb9-4a3b-bc71-f18710d66918','a444c790-c224-11ee-84c1-0200fd8284f8','2024-06-13','A','2024-06-13 15:23:36','2024-06-13 15:23:36'),(1335,'86da9107-adb9-4a3b-bc71-f18710d66918','35747793-cf20-11ee-b21b-0200fd8284f8','2024-06-13','A','2024-06-13 15:23:50','2024-06-13 15:23:50'),(1336,'86da9107-adb9-4a3b-bc71-f18710d66918','a444c790-c224-11ee-84c1-0200fd8284f8','2024-06-13','A','2024-06-13 16:49:29','2024-06-13 16:49:29'),(1337,'86da9107-adb9-4a3b-bc71-f18710d66918','35747793-cf20-11ee-b21b-0200fd8284f8','2024-06-13','A','2024-06-13 16:59:49','2024-06-13 16:59:49'),(1338,'86da9107-adb9-4a3b-bc71-f18710d66918','a444c790-c224-11ee-84c1-0200fd8284f8','2024-06-13','A','2024-06-13 17:27:27','2024-06-13 17:27:27'),(1339,'86da9107-adb9-4a3b-bc71-f18710d66918','35747793-cf20-11ee-b21b-0200fd8284f8','2024-06-13','A','2024-06-13 17:39:30','2024-06-13 17:39:30'),(1340,'86da9107-adb9-4a3b-bc71-f18710d66918','a444c790-c224-11ee-84c1-0200fd8284f8','2024-06-13','A','2024-06-13 17:45:00','2024-06-13 17:45:00'),(1341,'86da9107-adb9-4a3b-bc71-f18710d66918','35747793-cf20-11ee-b21b-0200fd8284f8','2024-06-13','A','2024-06-13 17:50:41','2024-06-13 17:50:41'),(1342,'19fb1f0a-6b2c-4e12-8be6-11fe55e8482c','a444c790-c224-11ee-84c1-0200fd8284f8','2024-06-13','A','2024-06-13 18:03:01','2024-06-13 18:03:01'),(1343,'86da9107-adb9-4a3b-bc71-f18710d66918','a444c790-c224-11ee-84c1-0200fd8284f8','2024-06-13','A','2024-06-13 21:30:27','2024-06-13 21:30:27'),(1344,'56b845b7-1236-4a32-a118-982a89f230aa','35747793-cf20-11ee-b21b-0200fd8284f8','2024-06-14','A','2024-06-14 08:40:58','2024-06-14 08:40:58'),(1345,'56b845b7-1236-4a32-a118-982a89f230aa','35747793-cf20-11ee-b21b-0200fd8284f8','2024-06-14','A','2024-06-14 10:29:52','2024-06-14 10:29:52'),(1346,'86da9107-adb9-4a3b-bc71-f18710d66918','a444c790-c224-11ee-84c1-0200fd8284f8','2024-06-14','A','2024-06-14 10:56:20','2024-06-14 10:56:20'),(1347,'19fb1f0a-6b2c-4e12-8be6-11fe55e8482c','a444c790-c224-11ee-84c1-0200fd8284f8','2024-06-14','A','2024-06-14 10:56:51','2024-06-14 10:56:51'),(1348,'86da9107-adb9-4a3b-bc71-f18710d66918','a444c790-c224-11ee-84c1-0200fd8284f8','2024-06-14','A','2024-06-14 13:58:25','2024-06-14 13:58:25'),(1349,'56b845b7-1236-4a32-a118-982a89f230aa','35747793-cf20-11ee-b21b-0200fd8284f8','2024-06-14','A','2024-06-14 14:02:14','2024-06-14 14:02:14'),(1350,'56b845b7-1236-4a32-a118-982a89f230aa','35747793-cf20-11ee-b21b-0200fd8284f8','2024-06-14','A','2024-06-14 14:31:52','2024-06-14 14:31:52'),(1351,'86da9107-adb9-4a3b-bc71-f18710d66918','35747793-cf20-11ee-b21b-0200fd8284f8','2024-06-14','A','2024-06-14 14:35:03','2024-06-14 14:35:03'),(1352,'19fb1f0a-6b2c-4e12-8be6-11fe55e8482c','a444c790-c224-11ee-84c1-0200fd8284f8','2024-06-14','A','2024-06-14 14:40:13','2024-06-14 14:40:13'),(1353,'56b845b7-1236-4a32-a118-982a89f230aa','35747793-cf20-11ee-b21b-0200fd8284f8','2024-06-14','A','2024-06-14 14:54:17','2024-06-14 14:54:17'),(1354,'56b845b7-1236-4a32-a118-982a89f230aa','35747793-cf20-11ee-b21b-0200fd8284f8','2024-06-14','A','2024-06-14 15:53:35','2024-06-14 15:53:35'),(1355,'40c9245e-db39-4d8d-b7ef-987c48d856a6','35747793-cf20-11ee-b21b-0200fd8284f8','2024-06-14','A','2024-06-14 18:55:00','2024-06-14 18:55:00'),(1356,'86da9107-adb9-4a3b-bc71-f18710d66918','35747793-cf20-11ee-b21b-0200fd8284f8','2024-06-14','A','2024-06-14 19:37:31','2024-06-14 19:37:31'),(1357,'86da9107-adb9-4a3b-bc71-f18710d66918','a444c790-c224-11ee-84c1-0200fd8284f8','2024-06-14','A','2024-06-14 19:51:11','2024-06-14 19:51:11'),(1358,'86da9107-adb9-4a3b-bc71-f18710d66918','35747793-cf20-11ee-b21b-0200fd8284f8','2024-06-14','A','2024-06-14 19:51:19','2024-06-14 19:51:19'),(1359,'86da9107-adb9-4a3b-bc71-f18710d66918','a444c790-c224-11ee-84c1-0200fd8284f8','2024-06-14','A','2024-06-14 19:54:04','2024-06-14 19:54:04'),(1360,'40c9245e-db39-4d8d-b7ef-987c48d856a6','35747793-cf20-11ee-b21b-0200fd8284f8','2024-06-15','A','2024-06-15 08:51:40','2024-06-15 08:51:40'),(1361,'69abe0de-7812-41bd-9124-6a7238aee7d1','35747793-cf20-11ee-b21b-0200fd8284f8','2024-06-15','A','2024-06-15 11:00:35','2024-06-15 11:00:35'),(1362,'69abe0de-7812-41bd-9124-6a7238aee7d1','35747793-cf20-11ee-b21b-0200fd8284f8','2024-06-15','A','2024-06-15 11:01:43','2024-06-15 11:01:43'),(1363,'40c9245e-db39-4d8d-b7ef-987c48d856a6','35747793-cf20-11ee-b21b-0200fd8284f8','2024-06-15','A','2024-06-15 14:16:01','2024-06-15 14:16:01'),(1364,'35f2ea39-f082-4777-87a9-99f6433bb6f8','35747793-cf20-11ee-b21b-0200fd8284f8','2024-06-15','A','2024-06-15 17:25:44','2024-06-15 17:25:44'),(1365,'19fb1f0a-6b2c-4e12-8be6-11fe55e8482c','a444c790-c224-11ee-84c1-0200fd8284f8','2024-06-15','A','2024-06-15 17:59:34','2024-06-15 17:59:34'),(1366,'40c9245e-db39-4d8d-b7ef-987c48d856a6','35747793-cf20-11ee-b21b-0200fd8284f8','2024-06-15','A','2024-06-15 18:34:55','2024-06-15 18:34:55'),(1367,'86da9107-adb9-4a3b-bc71-f18710d66918','35747793-cf20-11ee-b21b-0200fd8284f8','2024-06-15','A','2024-06-15 20:54:12','2024-06-15 20:54:12'),(1368,'86da9107-adb9-4a3b-bc71-f18710d66918','a444c790-c224-11ee-84c1-0200fd8284f8','2024-06-15','A','2024-06-15 21:22:27','2024-06-15 21:22:27'),(1369,'40c9245e-db39-4d8d-b7ef-987c48d856a6','35747793-cf20-11ee-b21b-0200fd8284f8','2024-06-17','A','2024-06-17 08:21:06','2024-06-17 08:21:06'),(1370,'86da9107-adb9-4a3b-bc71-f18710d66918','35747793-cf20-11ee-b21b-0200fd8284f8','2024-06-17','A','2024-06-17 11:16:08','2024-06-17 11:16:08'),(1371,'35f2ea39-f082-4777-87a9-99f6433bb6f8','35747793-cf20-11ee-b21b-0200fd8284f8','2024-06-17','A','2024-06-17 11:18:12','2024-06-17 11:18:12'),(1372,'86da9107-adb9-4a3b-bc71-f18710d66918','a444c790-c224-11ee-84c1-0200fd8284f8','2024-06-17','A','2024-06-17 11:21:13','2024-06-17 11:21:13'),(1373,'86da9107-adb9-4a3b-bc71-f18710d66918','35747793-cf20-11ee-b21b-0200fd8284f8','2024-06-17','A','2024-06-17 13:50:34','2024-06-17 13:50:34'),(1374,'40c9245e-db39-4d8d-b7ef-987c48d856a6','35747793-cf20-11ee-b21b-0200fd8284f8','2024-06-17','A','2024-06-17 14:05:39','2024-06-17 14:05:39'),(1375,'86da9107-adb9-4a3b-bc71-f18710d66918','a444c790-c224-11ee-84c1-0200fd8284f8','2024-06-17','A','2024-06-17 16:55:00','2024-06-17 16:55:00'),(1376,'40c9245e-db39-4d8d-b7ef-987c48d856a6','35747793-cf20-11ee-b21b-0200fd8284f8','2024-06-17','A','2024-06-17 17:01:08','2024-06-17 17:01:08'),(1377,'86da9107-adb9-4a3b-bc71-f18710d66918','35747793-cf20-11ee-b21b-0200fd8284f8','2024-06-17','A','2024-06-17 17:31:00','2024-06-17 17:31:00'),(1378,'86da9107-adb9-4a3b-bc71-f18710d66918','a444c790-c224-11ee-84c1-0200fd8284f8','2024-06-17','A','2024-06-17 17:41:11','2024-06-17 17:41:11'),(1379,'86da9107-adb9-4a3b-bc71-f18710d66918','35747793-cf20-11ee-b21b-0200fd8284f8','2024-06-17','A','2024-06-17 17:53:10','2024-06-17 17:53:10'),(1380,'86da9107-adb9-4a3b-bc71-f18710d66918','a444c790-c224-11ee-84c1-0200fd8284f8','2024-06-17','A','2024-06-17 18:19:46','2024-06-17 18:19:46'),(1381,'86da9107-adb9-4a3b-bc71-f18710d66918','35747793-cf20-11ee-b21b-0200fd8284f8','2024-06-17','A','2024-06-17 20:07:11','2024-06-17 20:07:11'),(1382,'86da9107-adb9-4a3b-bc71-f18710d66918','35747793-cf20-11ee-b21b-0200fd8284f8','2024-06-17','A','2024-06-17 20:12:13','2024-06-17 20:12:13'),(1383,'86da9107-adb9-4a3b-bc71-f18710d66918','a444c790-c224-11ee-84c1-0200fd8284f8','2024-06-17','A','2024-06-17 20:18:14','2024-06-17 20:18:14'),(1384,'86da9107-adb9-4a3b-bc71-f18710d66918','a444c790-c224-11ee-84c1-0200fd8284f8','2024-06-17','A','2024-06-17 20:47:21','2024-06-17 20:47:21'),(1385,'35f2ea39-f082-4777-87a9-99f6433bb6f8','35747793-cf20-11ee-b21b-0200fd8284f8','2024-06-20','A','2024-06-20 07:35:54','2024-06-20 07:35:54'),(1386,'40c9245e-db39-4d8d-b7ef-987c48d856a6','35747793-cf20-11ee-b21b-0200fd8284f8','2024-06-20','A','2024-06-20 08:33:06','2024-06-20 08:33:06'),(1387,'40c9245e-db39-4d8d-b7ef-987c48d856a6','35747793-cf20-11ee-b21b-0200fd8284f8','2024-06-20','A','2024-06-20 10:41:01','2024-06-20 10:41:01'),(1388,'40c9245e-db39-4d8d-b7ef-987c48d856a6','35747793-cf20-11ee-b21b-0200fd8284f8','2024-06-20','A','2024-06-20 16:58:23','2024-06-20 16:58:23'),(1389,'86da9107-adb9-4a3b-bc71-f18710d66918','35747793-cf20-11ee-b21b-0200fd8284f8','2024-06-20','A','2024-06-20 17:26:08','2024-06-20 17:26:08'),(1390,'86da9107-adb9-4a3b-bc71-f18710d66918','35747793-cf20-11ee-b21b-0200fd8284f8','2024-06-20','A','2024-06-20 17:50:43','2024-06-20 17:50:43'),(1391,'86da9107-adb9-4a3b-bc71-f18710d66918','35747793-cf20-11ee-b21b-0200fd8284f8','2024-06-20','A','2024-06-20 17:59:36','2024-06-20 17:59:36'),(1392,'69abe0de-7812-41bd-9124-6a7238aee7d1','a444c790-c224-11ee-84c1-0200fd8284f8','2024-06-20','A','2024-06-20 19:46:40','2024-06-20 19:46:40'),(1393,'69abe0de-7812-41bd-9124-6a7238aee7d1','a444c790-c224-11ee-84c1-0200fd8284f8','2024-06-20','A','2024-06-20 19:46:48','2024-06-20 19:46:48'),(1394,'69abe0de-7812-41bd-9124-6a7238aee7d1','35747793-cf20-11ee-b21b-0200fd8284f8','2024-06-20','A','2024-06-20 19:47:02','2024-06-20 19:47:02'),(1395,'69abe0de-7812-41bd-9124-6a7238aee7d1','a444c790-c224-11ee-84c1-0200fd8284f8','2024-06-20','A','2024-06-20 19:47:21','2024-06-20 19:47:21'),(1396,'69abe0de-7812-41bd-9124-6a7238aee7d1','35747793-cf20-11ee-b21b-0200fd8284f8','2024-06-20','A','2024-06-20 19:52:53','2024-06-20 19:52:53'),(1397,'69abe0de-7812-41bd-9124-6a7238aee7d1','a444c790-c224-11ee-84c1-0200fd8284f8','2024-06-20','A','2024-06-20 19:53:22','2024-06-20 19:53:22'),(1398,'86da9107-adb9-4a3b-bc71-f18710d66918','35747793-cf20-11ee-b21b-0200fd8284f8','2024-06-20','A','2024-06-20 19:58:40','2024-06-20 19:58:40'),(1399,'69abe0de-7812-41bd-9124-6a7238aee7d1','35747793-cf20-11ee-b21b-0200fd8284f8','2024-06-20','A','2024-06-20 20:02:48','2024-06-20 20:02:48'),(1400,'69abe0de-7812-41bd-9124-6a7238aee7d1','a444c790-c224-11ee-84c1-0200fd8284f8','2024-06-20','A','2024-06-20 20:05:59','2024-06-20 20:05:59'),(1401,'86da9107-adb9-4a3b-bc71-f18710d66918','a444c790-c224-11ee-84c1-0200fd8284f8','2024-06-20','A','2024-06-20 20:09:50','2024-06-20 20:09:50'),(1402,'69abe0de-7812-41bd-9124-6a7238aee7d1','a444c790-c224-11ee-84c1-0200fd8284f8','2024-06-20','A','2024-06-20 20:15:16','2024-06-20 20:15:16'),(1403,'69abe0de-7812-41bd-9124-6a7238aee7d1','35747793-cf20-11ee-b21b-0200fd8284f8','2024-06-20','A','2024-06-20 20:15:48','2024-06-20 20:15:48'),(1404,'86da9107-adb9-4a3b-bc71-f18710d66918','35747793-cf20-11ee-b21b-0200fd8284f8','2024-06-20','A','2024-06-20 20:20:41','2024-06-20 20:20:41'),(1405,'69abe0de-7812-41bd-9124-6a7238aee7d1','35747793-cf20-11ee-b21b-0200fd8284f8','2024-06-20','A','2024-06-20 20:26:37','2024-06-20 20:26:37'),(1406,'69abe0de-7812-41bd-9124-6a7238aee7d1','a444c790-c224-11ee-84c1-0200fd8284f8','2024-06-20','A','2024-06-20 20:28:40','2024-06-20 20:28:40'),(1407,'69abe0de-7812-41bd-9124-6a7238aee7d1','a444c790-c224-11ee-84c1-0200fd8284f8','2024-06-20','A','2024-06-20 20:42:37','2024-06-20 20:42:37'),(1408,'35f2ea39-f082-4777-87a9-99f6433bb6f8','35747793-cf20-11ee-b21b-0200fd8284f8','2024-06-20','A','2024-06-20 21:14:13','2024-06-20 21:14:13'),(1409,'86da9107-adb9-4a3b-bc71-f18710d66918','a444c790-c224-11ee-84c1-0200fd8284f8','2024-06-20','A','2024-06-20 21:50:24','2024-06-20 21:50:24'),(1410,'86da9107-adb9-4a3b-bc71-f18710d66918','a444c790-c224-11ee-84c1-0200fd8284f8','2024-06-20','A','2024-06-20 22:03:38','2024-06-20 22:03:38'),(1411,'35f2ea39-f082-4777-87a9-99f6433bb6f8','35747793-cf20-11ee-b21b-0200fd8284f8','2024-06-20','A','2024-06-20 22:06:36','2024-06-20 22:06:36'),(1412,'35f2ea39-f082-4777-87a9-99f6433bb6f8','35747793-cf20-11ee-b21b-0200fd8284f8','2024-06-20','A','2024-06-20 22:10:13','2024-06-20 22:10:13'),(1413,'86da9107-adb9-4a3b-bc71-f18710d66918','a444c790-c224-11ee-84c1-0200fd8284f8','2024-06-20','A','2024-06-20 22:11:17','2024-06-20 22:11:17'),(1414,'69abe0de-7812-41bd-9124-6a7238aee7d1','a444c790-c224-11ee-84c1-0200fd8284f8','2024-06-20','A','2024-06-20 23:48:49','2024-06-20 23:48:49'),(1415,'69abe0de-7812-41bd-9124-6a7238aee7d1','35747793-cf20-11ee-b21b-0200fd8284f8','2024-06-20','A','2024-06-20 23:50:48','2024-06-20 23:50:48'),(1416,'40c9245e-db39-4d8d-b7ef-987c48d856a6','35747793-cf20-11ee-b21b-0200fd8284f8','2024-06-22','A','2024-06-22 13:43:25','2024-06-22 13:43:25'),(1417,'19fb1f0a-6b2c-4e12-8be6-11fe55e8482c','a444c790-c224-11ee-84c1-0200fd8284f8','2024-06-22','A','2024-06-22 14:55:04','2024-06-22 14:55:04'),(1418,'86da9107-adb9-4a3b-bc71-f18710d66918','a444c790-c224-11ee-84c1-0200fd8284f8','2024-06-22','A','2024-06-22 18:01:46','2024-06-22 18:01:46'),(1419,'86da9107-adb9-4a3b-bc71-f18710d66918','35747793-cf20-11ee-b21b-0200fd8284f8','2024-06-22','A','2024-06-22 18:10:47','2024-06-22 18:10:47'),(1420,'86da9107-adb9-4a3b-bc71-f18710d66918','a444c790-c224-11ee-84c1-0200fd8284f8','2024-06-22','A','2024-06-22 18:13:21','2024-06-22 18:13:21'),(1421,'86da9107-adb9-4a3b-bc71-f18710d66918','a444c790-c224-11ee-84c1-0200fd8284f8','2024-06-22','A','2024-06-22 18:13:29','2024-06-22 18:13:29'),(1422,'69abe0de-7812-41bd-9124-6a7238aee7d1','a444c790-c224-11ee-84c1-0200fd8284f8','2024-06-22','A','2024-06-22 18:50:24','2024-06-22 18:50:24'),(1423,'86da9107-adb9-4a3b-bc71-f18710d66918','35747793-cf20-11ee-b21b-0200fd8284f8','2024-06-22','A','2024-06-22 19:02:29','2024-06-22 19:02:29'),(1424,'69abe0de-7812-41bd-9124-6a7238aee7d1','a444c790-c224-11ee-84c1-0200fd8284f8','2024-06-22','A','2024-06-22 19:11:40','2024-06-22 19:11:40'),(1425,'86da9107-adb9-4a3b-bc71-f18710d66918','a444c790-c224-11ee-84c1-0200fd8284f8','2024-06-22','A','2024-06-22 19:13:33','2024-06-22 19:13:33'),(1426,'86da9107-adb9-4a3b-bc71-f18710d66918','35747793-cf20-11ee-b21b-0200fd8284f8','2024-06-22','A','2024-06-22 19:19:02','2024-06-22 19:19:02'),(1427,'86da9107-adb9-4a3b-bc71-f18710d66918','a444c790-c224-11ee-84c1-0200fd8284f8','2024-06-22','A','2024-06-22 19:19:51','2024-06-22 19:19:51'),(1428,'56b845b7-1236-4a32-a118-982a89f230aa','35747793-cf20-11ee-b21b-0200fd8284f8','2024-06-24','A','2024-06-24 10:04:22','2024-06-24 10:04:22'),(1429,'56b845b7-1236-4a32-a118-982a89f230aa','35747793-cf20-11ee-b21b-0200fd8284f8','2024-06-24','A','2024-06-24 10:05:15','2024-06-24 10:05:15'),(1430,'19fb1f0a-6b2c-4e12-8be6-11fe55e8482c','a444c790-c224-11ee-84c1-0200fd8284f8','2024-06-24','A','2024-06-24 10:25:17','2024-06-24 10:25:17'),(1431,'77ce28f7-8cba-4c20-aa61-e88eade33a9e','a444c790-c224-11ee-84c1-0200fd8284f8','2024-06-24','A','2024-06-24 13:39:03','2024-06-24 13:39:03'),(1432,'19fb1f0a-6b2c-4e12-8be6-11fe55e8482c','a444c790-c224-11ee-84c1-0200fd8284f8','2024-06-24','A','2024-06-24 13:48:11','2024-06-24 13:48:11'),(1433,'77ce28f7-8cba-4c20-aa61-e88eade33a9e','a444c790-c224-11ee-84c1-0200fd8284f8','2024-06-24','A','2024-06-24 14:02:04','2024-06-24 14:02:04'),(1434,'77ce28f7-8cba-4c20-aa61-e88eade33a9e','35747793-cf20-11ee-b21b-0200fd8284f8','2024-06-24','A','2024-06-24 14:03:29','2024-06-24 14:03:29'),(1435,'86da9107-adb9-4a3b-bc71-f18710d66918','a444c790-c224-11ee-84c1-0200fd8284f8','2024-06-24','A','2024-06-24 17:11:05','2024-06-24 17:11:05'),(1436,'86da9107-adb9-4a3b-bc71-f18710d66918','35747793-cf20-11ee-b21b-0200fd8284f8','2024-06-24','A','2024-06-24 17:48:16','2024-06-24 17:48:16'),(1437,'19fb1f0a-6b2c-4e12-8be6-11fe55e8482c','a444c790-c224-11ee-84c1-0200fd8284f8','2024-06-24','A','2024-06-24 18:23:34','2024-06-24 18:23:34'),(1438,'86da9107-adb9-4a3b-bc71-f18710d66918','a444c790-c224-11ee-84c1-0200fd8284f8','2024-06-24','A','2024-06-24 19:45:20','2024-06-24 19:45:20'),(1439,'86da9107-adb9-4a3b-bc71-f18710d66918','35747793-cf20-11ee-b21b-0200fd8284f8','2024-06-24','A','2024-06-24 19:46:40','2024-06-24 19:46:40'),(1440,'86da9107-adb9-4a3b-bc71-f18710d66918','a444c790-c224-11ee-84c1-0200fd8284f8','2024-06-24','A','2024-06-24 19:48:13','2024-06-24 19:48:13'),(1441,'86da9107-adb9-4a3b-bc71-f18710d66918','35747793-cf20-11ee-b21b-0200fd8284f8','2024-06-24','A','2024-06-24 20:09:06','2024-06-24 20:09:06'),(1442,'86da9107-adb9-4a3b-bc71-f18710d66918','35747793-cf20-11ee-b21b-0200fd8284f8','2024-06-24','A','2024-06-24 20:12:54','2024-06-24 20:12:54'),(1443,'86da9107-adb9-4a3b-bc71-f18710d66918','a444c790-c224-11ee-84c1-0200fd8284f8','2024-06-24','A','2024-06-24 20:42:52','2024-06-24 20:42:52'),(1444,'86da9107-adb9-4a3b-bc71-f18710d66918','35747793-cf20-11ee-b21b-0200fd8284f8','2024-06-24','A','2024-06-24 20:48:06','2024-06-24 20:48:06'),(1445,'40c9245e-db39-4d8d-b7ef-987c48d856a6','35747793-cf20-11ee-b21b-0200fd8284f8','2024-06-25','A','2024-06-25 10:18:42','2024-06-25 10:18:42'),(1446,'77ce28f7-8cba-4c20-aa61-e88eade33a9e','a444c790-c224-11ee-84c1-0200fd8284f8','2024-06-25','A','2024-06-25 10:42:38','2024-06-25 10:42:38'),(1447,'77ce28f7-8cba-4c20-aa61-e88eade33a9e','a444c790-c224-11ee-84c1-0200fd8284f8','2024-06-25','A','2024-06-25 10:46:25','2024-06-25 10:46:25'),(1448,'86da9107-adb9-4a3b-bc71-f18710d66918','a444c790-c224-11ee-84c1-0200fd8284f8','2024-06-25','A','2024-06-25 10:48:48','2024-06-25 10:48:48'),(1449,'86da9107-adb9-4a3b-bc71-f18710d66918','a444c790-c224-11ee-84c1-0200fd8284f8','2024-06-25','A','2024-06-25 10:52:41','2024-06-25 10:52:41'),(1450,'86da9107-adb9-4a3b-bc71-f18710d66918','35747793-cf20-11ee-b21b-0200fd8284f8','2024-06-25','A','2024-06-25 11:28:29','2024-06-25 11:28:29'),(1451,'86da9107-adb9-4a3b-bc71-f18710d66918','35747793-cf20-11ee-b21b-0200fd8284f8','2024-06-25','A','2024-06-25 16:25:05','2024-06-25 16:25:05'),(1452,'35f2ea39-f082-4777-87a9-99f6433bb6f8','35747793-cf20-11ee-b21b-0200fd8284f8','2024-06-25','A','2024-06-25 16:55:40','2024-06-25 16:55:40'),(1453,'86da9107-adb9-4a3b-bc71-f18710d66918','a444c790-c224-11ee-84c1-0200fd8284f8','2024-06-25','A','2024-06-25 18:15:34','2024-06-25 18:15:34'),(1454,'19fb1f0a-6b2c-4e12-8be6-11fe55e8482c','a444c790-c224-11ee-84c1-0200fd8284f8','2024-06-25','A','2024-06-25 18:35:34','2024-06-25 18:35:34'),(1455,'86da9107-adb9-4a3b-bc71-f18710d66918','a444c790-c224-11ee-84c1-0200fd8284f8','2024-06-25','A','2024-06-25 19:48:52','2024-06-25 19:48:52'),(1456,'86da9107-adb9-4a3b-bc71-f18710d66918','35747793-cf20-11ee-b21b-0200fd8284f8','2024-06-25','A','2024-06-25 19:55:52','2024-06-25 19:55:52'),(1457,'86da9107-adb9-4a3b-bc71-f18710d66918','a444c790-c224-11ee-84c1-0200fd8284f8','2024-06-25','A','2024-06-25 20:01:15','2024-06-25 20:01:15'),(1458,'86da9107-adb9-4a3b-bc71-f18710d66918','35747793-cf20-11ee-b21b-0200fd8284f8','2024-06-25','A','2024-06-25 20:02:17','2024-06-25 20:02:17'),(1459,'86da9107-adb9-4a3b-bc71-f18710d66918','a444c790-c224-11ee-84c1-0200fd8284f8','2024-06-25','A','2024-06-25 20:12:45','2024-06-25 20:12:45'),(1460,'35f2ea39-f082-4777-87a9-99f6433bb6f8','35747793-cf20-11ee-b21b-0200fd8284f8','2024-06-26','A','2024-06-26 10:08:06','2024-06-26 10:08:06'),(1461,'86da9107-adb9-4a3b-bc71-f18710d66918','35747793-cf20-11ee-b21b-0200fd8284f8','2024-06-26','A','2024-06-26 10:11:42','2024-06-26 10:11:42'),(1462,'86da9107-adb9-4a3b-bc71-f18710d66918','35747793-cf20-11ee-b21b-0200fd8284f8','2024-06-26','A','2024-06-26 10:48:03','2024-06-26 10:48:03'),(1463,'19fb1f0a-6b2c-4e12-8be6-11fe55e8482c','a444c790-c224-11ee-84c1-0200fd8284f8','2024-06-26','A','2024-06-26 10:48:40','2024-06-26 10:48:40'),(1464,'86da9107-adb9-4a3b-bc71-f18710d66918','a444c790-c224-11ee-84c1-0200fd8284f8','2024-06-26','A','2024-06-26 10:53:16','2024-06-26 10:53:16'),(1465,'19fb1f0a-6b2c-4e12-8be6-11fe55e8482c','a444c790-c224-11ee-84c1-0200fd8284f8','2024-06-26','A','2024-06-26 10:57:33','2024-06-26 10:57:34'),(1466,'86da9107-adb9-4a3b-bc71-f18710d66918','35747793-cf20-11ee-b21b-0200fd8284f8','2024-06-26','A','2024-06-26 11:02:29','2024-06-26 11:02:29'),(1467,'86da9107-adb9-4a3b-bc71-f18710d66918','a444c790-c224-11ee-84c1-0200fd8284f8','2024-06-26','A','2024-06-26 11:09:20','2024-06-26 11:09:20'),(1468,'86da9107-adb9-4a3b-bc71-f18710d66918','35747793-cf20-11ee-b21b-0200fd8284f8','2024-06-26','A','2024-06-26 11:12:46','2024-06-26 11:12:46'),(1469,'40c9245e-db39-4d8d-b7ef-987c48d856a6','35747793-cf20-11ee-b21b-0200fd8284f8','2024-06-26','A','2024-06-26 13:56:52','2024-06-26 13:56:52'),(1470,'86da9107-adb9-4a3b-bc71-f18710d66918','35747793-cf20-11ee-b21b-0200fd8284f8','2024-06-26','A','2024-06-26 14:53:07','2024-06-26 14:53:07'),(1471,'86da9107-adb9-4a3b-bc71-f18710d66918','a444c790-c224-11ee-84c1-0200fd8284f8','2024-06-26','A','2024-06-26 14:55:32','2024-06-26 14:55:32'),(1472,'86da9107-adb9-4a3b-bc71-f18710d66918','a444c790-c224-11ee-84c1-0200fd8284f8','2024-06-26','A','2024-06-26 18:24:22','2024-06-26 18:24:22'),(1473,'56b845b7-1236-4a32-a118-982a89f230aa','35747793-cf20-11ee-b21b-0200fd8284f8','2024-06-26','A','2024-06-26 18:40:48','2024-06-26 18:40:48'),(1474,'86da9107-adb9-4a3b-bc71-f18710d66918','35747793-cf20-11ee-b21b-0200fd8284f8','2024-06-26','A','2024-06-26 19:52:53','2024-06-26 19:52:53'),(1475,'56b845b7-1236-4a32-a118-982a89f230aa','35747793-cf20-11ee-b21b-0200fd8284f8','2024-06-27','A','2024-06-27 07:51:16','2024-06-27 07:51:16'),(1476,'19fb1f0a-6b2c-4e12-8be6-11fe55e8482c','a444c790-c224-11ee-84c1-0200fd8284f8','2024-06-27','A','2024-06-27 11:43:20','2024-06-27 11:43:20'),(1477,'86da9107-adb9-4a3b-bc71-f18710d66918','a444c790-c224-11ee-84c1-0200fd8284f8','2024-06-27','A','2024-06-27 12:25:36','2024-06-27 12:25:36'),(1478,'35f2ea39-f082-4777-87a9-99f6433bb6f8','35747793-cf20-11ee-b21b-0200fd8284f8','2024-06-27','A','2024-06-27 12:54:12','2024-06-27 12:54:12'),(1479,'86da9107-adb9-4a3b-bc71-f18710d66918','a444c790-c224-11ee-84c1-0200fd8284f8','2024-06-27','A','2024-06-27 13:48:23','2024-06-27 13:48:23'),(1480,'77ce28f7-8cba-4c20-aa61-e88eade33a9e','a444c790-c224-11ee-84c1-0200fd8284f8','2024-06-27','A','2024-06-27 14:19:15','2024-06-27 14:19:15'),(1481,'86da9107-adb9-4a3b-bc71-f18710d66918','a444c790-c224-11ee-84c1-0200fd8284f8','2024-06-27','A','2024-06-27 15:33:31','2024-06-27 15:33:31'),(1482,'86da9107-adb9-4a3b-bc71-f18710d66918','35747793-cf20-11ee-b21b-0200fd8284f8','2024-06-27','A','2024-06-27 15:57:25','2024-06-27 15:57:25'),(1483,'86da9107-adb9-4a3b-bc71-f18710d66918','a444c790-c224-11ee-84c1-0200fd8284f8','2024-06-27','A','2024-06-27 16:06:52','2024-06-27 16:06:52'),(1484,'86da9107-adb9-4a3b-bc71-f18710d66918','35747793-cf20-11ee-b21b-0200fd8284f8','2024-06-27','A','2024-06-27 16:15:29','2024-06-27 16:15:29'),(1485,'40c9245e-db39-4d8d-b7ef-987c48d856a6','35747793-cf20-11ee-b21b-0200fd8284f8','2024-06-27','A','2024-06-27 17:46:04','2024-06-27 17:46:04'),(1486,'86da9107-adb9-4a3b-bc71-f18710d66918','a444c790-c224-11ee-84c1-0200fd8284f8','2024-06-27','A','2024-06-27 18:14:37','2024-06-27 18:14:37'),(1487,'19fb1f0a-6b2c-4e12-8be6-11fe55e8482c','a444c790-c224-11ee-84c1-0200fd8284f8','2024-06-27','A','2024-06-27 18:56:27','2024-06-27 18:56:27'),(1488,'40c9245e-db39-4d8d-b7ef-987c48d856a6','35747793-cf20-11ee-b21b-0200fd8284f8','2024-06-28','A','2024-06-28 09:25:26','2024-06-28 09:25:26'),(1489,'86da9107-adb9-4a3b-bc71-f18710d66918','a444c790-c224-11ee-84c1-0200fd8284f8','2024-06-28','A','2024-06-28 12:36:33','2024-06-28 12:36:33'),(1490,'86da9107-adb9-4a3b-bc71-f18710d66918','a444c790-c224-11ee-84c1-0200fd8284f8','2024-06-28','A','2024-06-28 13:27:06','2024-06-28 13:27:06'),(1491,'56b845b7-1236-4a32-a118-982a89f230aa','35747793-cf20-11ee-b21b-0200fd8284f8','2024-06-28','A','2024-06-28 17:24:18','2024-06-28 17:24:18'),(1492,'86da9107-adb9-4a3b-bc71-f18710d66918','35747793-cf20-11ee-b21b-0200fd8284f8','2024-06-28','A','2024-06-28 18:33:22','2024-06-28 18:33:22'),(1493,'86da9107-adb9-4a3b-bc71-f18710d66918','a444c790-c224-11ee-84c1-0200fd8284f8','2024-06-28','A','2024-06-28 18:35:33','2024-06-28 18:35:33'),(1494,'86da9107-adb9-4a3b-bc71-f18710d66918','35747793-cf20-11ee-b21b-0200fd8284f8','2024-06-28','A','2024-06-28 19:12:21','2024-06-28 19:12:21'),(1495,'86da9107-adb9-4a3b-bc71-f18710d66918','35747793-cf20-11ee-b21b-0200fd8284f8','2024-06-28','A','2024-06-28 19:21:45','2024-06-28 19:21:45'),(1496,'86da9107-adb9-4a3b-bc71-f18710d66918','a444c790-c224-11ee-84c1-0200fd8284f8','2024-06-28','A','2024-06-28 19:22:05','2024-06-28 19:22:05'),(1497,'86da9107-adb9-4a3b-bc71-f18710d66918','35747793-cf20-11ee-b21b-0200fd8284f8','2024-06-28','A','2024-06-28 19:22:54','2024-06-28 19:22:54'),(1498,'86da9107-adb9-4a3b-bc71-f18710d66918','35747793-cf20-11ee-b21b-0200fd8284f8','2024-06-28','A','2024-06-28 20:13:15','2024-06-28 20:13:15'),(1499,'86da9107-adb9-4a3b-bc71-f18710d66918','a444c790-c224-11ee-84c1-0200fd8284f8','2024-06-28','A','2024-06-28 20:15:46','2024-06-28 20:15:46'),(1500,'19fb1f0a-6b2c-4e12-8be6-11fe55e8482c','a444c790-c224-11ee-84c1-0200fd8284f8','2024-06-29','A','2024-06-29 12:14:21','2024-06-29 12:14:21'),(1501,'40c9245e-db39-4d8d-b7ef-987c48d856a6','35747793-cf20-11ee-b21b-0200fd8284f8','2024-06-29','A','2024-06-29 12:16:07','2024-06-29 12:16:07'),(1502,'19fb1f0a-6b2c-4e12-8be6-11fe55e8482c','35747793-cf20-11ee-b21b-0200fd8284f8','2024-06-29','A','2024-06-29 15:48:10','2024-06-29 15:48:10'),(1503,'86da9107-adb9-4a3b-bc71-f18710d66918','35747793-cf20-11ee-b21b-0200fd8284f8','2024-06-29','A','2024-06-29 15:48:49','2024-06-29 15:48:49'),(1504,'86da9107-adb9-4a3b-bc71-f18710d66918','a444c790-c224-11ee-84c1-0200fd8284f8','2024-06-29','A','2024-06-29 15:54:39','2024-06-29 15:54:39'),(1505,'86da9107-adb9-4a3b-bc71-f18710d66918','a444c790-c224-11ee-84c1-0200fd8284f8','2024-06-29','A','2024-06-29 15:55:36','2024-06-29 15:55:36'),(1506,'86da9107-adb9-4a3b-bc71-f18710d66918','a444c790-c224-11ee-84c1-0200fd8284f8','2024-06-29','A','2024-06-29 15:55:40','2024-06-29 15:55:40'),(1507,'86da9107-adb9-4a3b-bc71-f18710d66918','35747793-cf20-11ee-b21b-0200fd8284f8','2024-06-29','A','2024-06-29 15:56:24','2024-06-29 15:56:24'),(1508,'35f2ea39-f082-4777-87a9-99f6433bb6f8','35747793-cf20-11ee-b21b-0200fd8284f8','2024-07-01','A','2024-07-01 08:38:13','2024-07-01 08:38:13'),(1509,'19fb1f0a-6b2c-4e12-8be6-11fe55e8482c','a444c790-c224-11ee-84c1-0200fd8284f8','2024-07-01','A','2024-07-01 09:01:44','2024-07-01 09:01:44'),(1510,'86da9107-adb9-4a3b-bc71-f18710d66918','a444c790-c224-11ee-84c1-0200fd8284f8','2024-07-01','A','2024-07-01 10:32:34','2024-07-01 10:32:34'),(1511,'86da9107-adb9-4a3b-bc71-f18710d66918','a444c790-c224-11ee-84c1-0200fd8284f8','2024-07-01','A','2024-07-01 10:32:39','2024-07-01 10:32:39'),(1512,'86da9107-adb9-4a3b-bc71-f18710d66918','a444c790-c224-11ee-84c1-0200fd8284f8','2024-07-01','A','2024-07-01 10:32:51','2024-07-01 10:32:51'),(1513,'86da9107-adb9-4a3b-bc71-f18710d66918','a444c790-c224-11ee-84c1-0200fd8284f8','2024-07-01','A','2024-07-01 14:16:03','2024-07-01 14:16:03'),(1514,'35f2ea39-f082-4777-87a9-99f6433bb6f8','35747793-cf20-11ee-b21b-0200fd8284f8','2024-07-01','A','2024-07-01 14:22:46','2024-07-01 14:22:46'),(1515,'19fb1f0a-6b2c-4e12-8be6-11fe55e8482c','a444c790-c224-11ee-84c1-0200fd8284f8','2024-07-01','A','2024-07-01 16:45:32','2024-07-01 16:45:32'),(1516,'35f2ea39-f082-4777-87a9-99f6433bb6f8','35747793-cf20-11ee-b21b-0200fd8284f8','2024-07-01','A','2024-07-01 17:51:56','2024-07-01 17:51:56'),(1517,'35f2ea39-f082-4777-87a9-99f6433bb6f8','35747793-cf20-11ee-b21b-0200fd8284f8','2024-07-01','A','2024-07-01 19:27:39','2024-07-01 19:27:39'),(1518,'86da9107-adb9-4a3b-bc71-f18710d66918','35747793-cf20-11ee-b21b-0200fd8284f8','2024-07-01','A','2024-07-01 19:32:49','2024-07-01 19:32:49'),(1519,'35f2ea39-f082-4777-87a9-99f6433bb6f8','35747793-cf20-11ee-b21b-0200fd8284f8','2024-07-01','A','2024-07-01 19:52:36','2024-07-01 19:52:36'),(1520,'86da9107-adb9-4a3b-bc71-f18710d66918','a444c790-c224-11ee-84c1-0200fd8284f8','2024-07-01','A','2024-07-01 19:52:42','2024-07-01 19:52:42'),(1521,'35f2ea39-f082-4777-87a9-99f6433bb6f8','35747793-cf20-11ee-b21b-0200fd8284f8','2024-07-01','A','2024-07-01 20:00:21','2024-07-01 20:00:21'),(1522,'69abe0de-7812-41bd-9124-6a7238aee7d1','35747793-cf20-11ee-b21b-0200fd8284f8','2024-07-01','A','2024-07-01 20:03:12','2024-07-01 20:03:12'),(1523,'69abe0de-7812-41bd-9124-6a7238aee7d1','35747793-cf20-11ee-b21b-0200fd8284f8','2024-07-01','A','2024-07-01 20:04:33','2024-07-01 20:04:33'),(1524,'86da9107-adb9-4a3b-bc71-f18710d66918','35747793-cf20-11ee-b21b-0200fd8284f8','2024-07-01','A','2024-07-01 20:48:22','2024-07-01 20:48:22'),(1525,'86da9107-adb9-4a3b-bc71-f18710d66918','a444c790-c224-11ee-84c1-0200fd8284f8','2024-07-01','A','2024-07-01 21:00:51','2024-07-01 21:00:51'),(1526,'86da9107-adb9-4a3b-bc71-f18710d66918','a444c790-c224-11ee-84c1-0200fd8284f8','2024-07-02','A','2024-07-02 11:43:55','2024-07-02 11:43:55'),(1527,'86da9107-adb9-4a3b-bc71-f18710d66918','35747793-cf20-11ee-b21b-0200fd8284f8','2024-07-02','A','2024-07-02 11:44:11','2024-07-02 11:44:11'),(1528,'86da9107-adb9-4a3b-bc71-f18710d66918','35747793-cf20-11ee-b21b-0200fd8284f8','2024-07-02','A','2024-07-02 11:46:14','2024-07-02 11:46:14'),(1529,'86da9107-adb9-4a3b-bc71-f18710d66918','a444c790-c224-11ee-84c1-0200fd8284f8','2024-07-02','A','2024-07-02 11:46:26','2024-07-02 11:46:26'),(1530,'56b845b7-1236-4a32-a118-982a89f230aa','35747793-cf20-11ee-b21b-0200fd8284f8','2024-07-02','A','2024-07-02 15:31:46','2024-07-02 15:31:46'),(1531,'69abe0de-7812-41bd-9124-6a7238aee7d1','35747793-cf20-11ee-b21b-0200fd8284f8','2024-07-02','A','2024-07-02 16:39:29','2024-07-02 16:39:29'),(1532,'69abe0de-7812-41bd-9124-6a7238aee7d1','35747793-cf20-11ee-b21b-0200fd8284f8','2024-07-02','A','2024-07-02 17:02:00','2024-07-02 17:02:00'),(1533,'19fb1f0a-6b2c-4e12-8be6-11fe55e8482c','a444c790-c224-11ee-84c1-0200fd8284f8','2024-07-02','A','2024-07-02 17:02:38','2024-07-02 17:02:38'),(1534,'86da9107-adb9-4a3b-bc71-f18710d66918','a444c790-c224-11ee-84c1-0200fd8284f8','2024-07-02','A','2024-07-02 17:08:02','2024-07-02 17:08:02'),(1535,'69abe0de-7812-41bd-9124-6a7238aee7d1','35747793-cf20-11ee-b21b-0200fd8284f8','2024-07-02','A','2024-07-02 17:13:14','2024-07-02 17:13:14'),(1536,'69abe0de-7812-41bd-9124-6a7238aee7d1','35747793-cf20-11ee-b21b-0200fd8284f8','2024-07-02','A','2024-07-02 17:17:37','2024-07-02 17:17:37'),(1537,'86da9107-adb9-4a3b-bc71-f18710d66918','35747793-cf20-11ee-b21b-0200fd8284f8','2024-07-02','A','2024-07-02 17:32:05','2024-07-02 17:32:05'),(1538,'86da9107-adb9-4a3b-bc71-f18710d66918','a444c790-c224-11ee-84c1-0200fd8284f8','2024-07-02','A','2024-07-02 17:32:32','2024-07-02 17:32:32'),(1539,'86da9107-adb9-4a3b-bc71-f18710d66918','35747793-cf20-11ee-b21b-0200fd8284f8','2024-07-02','A','2024-07-02 17:36:25','2024-07-02 17:36:25'),(1540,'56b845b7-1236-4a32-a118-982a89f230aa','35747793-cf20-11ee-b21b-0200fd8284f8','2024-07-02','A','2024-07-02 17:45:52','2024-07-02 17:45:52'),(1541,'86da9107-adb9-4a3b-bc71-f18710d66918','a444c790-c224-11ee-84c1-0200fd8284f8','2024-07-02','A','2024-07-02 17:46:00','2024-07-02 17:46:00'),(1542,'56b845b7-1236-4a32-a118-982a89f230aa','35747793-cf20-11ee-b21b-0200fd8284f8','2024-07-02','A','2024-07-02 17:46:04','2024-07-02 17:46:04'),(1543,'56b845b7-1236-4a32-a118-982a89f230aa','35747793-cf20-11ee-b21b-0200fd8284f8','2024-07-02','A','2024-07-02 17:46:09','2024-07-02 17:46:09'),(1544,'56b845b7-1236-4a32-a118-982a89f230aa','35747793-cf20-11ee-b21b-0200fd8284f8','2024-07-02','A','2024-07-02 17:48:59','2024-07-02 17:48:59'),(1545,'56b845b7-1236-4a32-a118-982a89f230aa','35747793-cf20-11ee-b21b-0200fd8284f8','2024-07-02','A','2024-07-02 17:51:42','2024-07-02 17:51:42'),(1546,'86da9107-adb9-4a3b-bc71-f18710d66918','35747793-cf20-11ee-b21b-0200fd8284f8','2024-07-02','A','2024-07-02 18:06:28','2024-07-02 18:06:28'),(1547,'86da9107-adb9-4a3b-bc71-f18710d66918','a444c790-c224-11ee-84c1-0200fd8284f8','2024-07-02','A','2024-07-02 18:07:53','2024-07-02 18:07:53'),(1548,'86da9107-adb9-4a3b-bc71-f18710d66918','35747793-cf20-11ee-b21b-0200fd8284f8','2024-07-02','A','2024-07-02 18:13:42','2024-07-02 18:13:42'),(1549,'19fb1f0a-6b2c-4e12-8be6-11fe55e8482c','a444c790-c224-11ee-84c1-0200fd8284f8','2024-07-02','A','2024-07-02 18:34:20','2024-07-02 18:34:20'),(1550,'19fb1f0a-6b2c-4e12-8be6-11fe55e8482c','a444c790-c224-11ee-84c1-0200fd8284f8','2024-07-02','A','2024-07-02 18:37:24','2024-07-02 18:37:24'),(1551,'19fb1f0a-6b2c-4e12-8be6-11fe55e8482c','a444c790-c224-11ee-84c1-0200fd8284f8','2024-07-02','A','2024-07-02 18:38:35','2024-07-02 18:38:35'),(1552,'69abe0de-7812-41bd-9124-6a7238aee7d1','35747793-cf20-11ee-b21b-0200fd8284f8','2024-07-02','A','2024-07-02 19:18:58','2024-07-02 19:18:58'),(1553,'19fb1f0a-6b2c-4e12-8be6-11fe55e8482c','a444c790-c224-11ee-84c1-0200fd8284f8','2024-07-02','A','2024-07-02 19:27:42','2024-07-02 19:27:42'),(1554,'86da9107-adb9-4a3b-bc71-f18710d66918','a444c790-c224-11ee-84c1-0200fd8284f8','2024-07-02','A','2024-07-02 19:28:12','2024-07-02 19:28:12'),(1555,'86da9107-adb9-4a3b-bc71-f18710d66918','a444c790-c224-11ee-84c1-0200fd8284f8','2024-07-02','A','2024-07-02 19:37:50','2024-07-02 19:37:50'),(1556,'19fb1f0a-6b2c-4e12-8be6-11fe55e8482c','a444c790-c224-11ee-84c1-0200fd8284f8','2024-07-02','A','2024-07-02 19:41:37','2024-07-02 19:41:37'),(1557,'86da9107-adb9-4a3b-bc71-f18710d66918','35747793-cf20-11ee-b21b-0200fd8284f8','2024-07-02','A','2024-07-02 20:43:36','2024-07-02 20:43:36'),(1558,'40c9245e-db39-4d8d-b7ef-987c48d856a6','35747793-cf20-11ee-b21b-0200fd8284f8','2024-07-03','A','2024-07-03 08:34:21','2024-07-03 08:34:21'),(1559,'86da9107-adb9-4a3b-bc71-f18710d66918','a444c790-c224-11ee-84c1-0200fd8284f8','2024-07-03','A','2024-07-03 13:17:18','2024-07-03 13:17:18'),(1560,'86da9107-adb9-4a3b-bc71-f18710d66918','35747793-cf20-11ee-b21b-0200fd8284f8','2024-07-03','A','2024-07-03 14:50:43','2024-07-03 14:50:43'),(1561,'86da9107-adb9-4a3b-bc71-f18710d66918','a444c790-c224-11ee-84c1-0200fd8284f8','2024-07-03','A','2024-07-03 15:12:36','2024-07-03 15:12:36'),(1562,'86da9107-adb9-4a3b-bc71-f18710d66918','35747793-cf20-11ee-b21b-0200fd8284f8','2024-07-03','A','2024-07-03 16:02:12','2024-07-03 16:02:12'),(1563,'86da9107-adb9-4a3b-bc71-f18710d66918','35747793-cf20-11ee-b21b-0200fd8284f8','2024-07-03','A','2024-07-03 17:25:40','2024-07-03 17:25:40'),(1564,'86da9107-adb9-4a3b-bc71-f18710d66918','a444c790-c224-11ee-84c1-0200fd8284f8','2024-07-03','A','2024-07-03 17:51:04','2024-07-03 17:51:04'),(1565,'86da9107-adb9-4a3b-bc71-f18710d66918','35747793-cf20-11ee-b21b-0200fd8284f8','2024-07-03','A','2024-07-03 18:02:57','2024-07-03 18:02:57'),(1566,'86da9107-adb9-4a3b-bc71-f18710d66918','a444c790-c224-11ee-84c1-0200fd8284f8','2024-07-03','A','2024-07-03 18:03:03','2024-07-03 18:03:03'),(1567,'86da9107-adb9-4a3b-bc71-f18710d66918','35747793-cf20-11ee-b21b-0200fd8284f8','2024-07-03','A','2024-07-03 18:09:06','2024-07-03 18:09:06'),(1568,'86da9107-adb9-4a3b-bc71-f18710d66918','a444c790-c224-11ee-84c1-0200fd8284f8','2024-07-03','A','2024-07-03 18:23:23','2024-07-03 18:23:23'),(1569,'86da9107-adb9-4a3b-bc71-f18710d66918','35747793-cf20-11ee-b21b-0200fd8284f8','2024-07-03','A','2024-07-03 18:27:51','2024-07-03 18:27:51'),(1570,'86da9107-adb9-4a3b-bc71-f18710d66918','a444c790-c224-11ee-84c1-0200fd8284f8','2024-07-03','A','2024-07-03 18:31:35','2024-07-03 18:31:35'),(1571,'19fb1f0a-6b2c-4e12-8be6-11fe55e8482c','a444c790-c224-11ee-84c1-0200fd8284f8','2024-07-03','A','2024-07-03 18:40:31','2024-07-03 18:40:31'),(1572,'19fb1f0a-6b2c-4e12-8be6-11fe55e8482c','a444c790-c224-11ee-84c1-0200fd8284f8','2024-07-03','A','2024-07-03 18:47:27','2024-07-03 18:47:27'),(1573,'19fb1f0a-6b2c-4e12-8be6-11fe55e8482c','a444c790-c224-11ee-84c1-0200fd8284f8','2024-07-03','A','2024-07-03 19:24:51','2024-07-03 19:24:51'),(1574,'86da9107-adb9-4a3b-bc71-f18710d66918','35747793-cf20-11ee-b21b-0200fd8284f8','2024-07-03','A','2024-07-03 20:04:59','2024-07-03 20:04:59'),(1575,'56b845b7-1236-4a32-a118-982a89f230aa','35747793-cf20-11ee-b21b-0200fd8284f8','2024-07-04','A','2024-07-04 08:33:21','2024-07-04 08:33:21'),(1576,'86da9107-adb9-4a3b-bc71-f18710d66918','a444c790-c224-11ee-84c1-0200fd8284f8','2024-07-04','A','2024-07-04 10:15:54','2024-07-04 10:15:54'),(1577,'86da9107-adb9-4a3b-bc71-f18710d66918','a444c790-c224-11ee-84c1-0200fd8284f8','2024-07-04','A','2024-07-04 10:22:13','2024-07-04 10:22:13'),(1578,'86da9107-adb9-4a3b-bc71-f18710d66918','35747793-cf20-11ee-b21b-0200fd8284f8','2024-07-04','A','2024-07-04 10:32:30','2024-07-04 10:32:30'),(1579,'19fb1f0a-6b2c-4e12-8be6-11fe55e8482c','a444c790-c224-11ee-84c1-0200fd8284f8','2024-07-04','A','2024-07-04 11:03:19','2024-07-04 11:03:19'),(1580,'56b845b7-1236-4a32-a118-982a89f230aa','35747793-cf20-11ee-b21b-0200fd8284f8','2024-07-04','A','2024-07-04 11:17:43','2024-07-04 11:17:43'),(1581,'86da9107-adb9-4a3b-bc71-f18710d66918','a444c790-c224-11ee-84c1-0200fd8284f8','2024-07-04','A','2024-07-04 12:07:33','2024-07-04 12:07:33'),(1582,'86da9107-adb9-4a3b-bc71-f18710d66918','35747793-cf20-11ee-b21b-0200fd8284f8','2024-07-04','A','2024-07-04 12:08:15','2024-07-04 12:08:15'),(1583,'56b845b7-1236-4a32-a118-982a89f230aa','35747793-cf20-11ee-b21b-0200fd8284f8','2024-07-04','A','2024-07-04 14:46:34','2024-07-04 14:46:34'),(1584,'86da9107-adb9-4a3b-bc71-f18710d66918','a444c790-c224-11ee-84c1-0200fd8284f8','2024-07-04','A','2024-07-04 14:47:03','2024-07-04 14:47:03'),(1585,'86da9107-adb9-4a3b-bc71-f18710d66918','a444c790-c224-11ee-84c1-0200fd8284f8','2024-07-04','A','2024-07-04 15:07:19','2024-07-04 15:07:19'),(1586,'86da9107-adb9-4a3b-bc71-f18710d66918','35747793-cf20-11ee-b21b-0200fd8284f8','2024-07-04','A','2024-07-04 15:07:53','2024-07-04 15:07:53'),(1587,'77ce28f7-8cba-4c20-aa61-e88eade33a9e','a444c790-c224-11ee-84c1-0200fd8284f8','2024-07-04','A','2024-07-04 15:53:51','2024-07-04 15:53:51'),(1588,'56b845b7-1236-4a32-a118-982a89f230aa','35747793-cf20-11ee-b21b-0200fd8284f8','2024-07-04','A','2024-07-04 18:14:45','2024-07-04 18:14:45'),(1589,'86da9107-adb9-4a3b-bc71-f18710d66918','a444c790-c224-11ee-84c1-0200fd8284f8','2024-07-04','A','2024-07-04 18:14:45','2024-07-04 18:14:45'),(1590,'86da9107-adb9-4a3b-bc71-f18710d66918','35747793-cf20-11ee-b21b-0200fd8284f8','2024-07-04','A','2024-07-04 18:36:29','2024-07-04 18:36:29'),(1591,'86da9107-adb9-4a3b-bc71-f18710d66918','a444c790-c224-11ee-84c1-0200fd8284f8','2024-07-04','A','2024-07-04 18:40:23','2024-07-04 18:40:23'),(1592,'86da9107-adb9-4a3b-bc71-f18710d66918','35747793-cf20-11ee-b21b-0200fd8284f8','2024-07-04','A','2024-07-04 19:25:55','2024-07-04 19:25:55'),(1593,'86da9107-adb9-4a3b-bc71-f18710d66918','35747793-cf20-11ee-b21b-0200fd8284f8','2024-07-04','A','2024-07-04 19:38:00','2024-07-04 19:38:00'),(1594,'86da9107-adb9-4a3b-bc71-f18710d66918','35747793-cf20-11ee-b21b-0200fd8284f8','2024-07-04','A','2024-07-04 19:38:37','2024-07-04 19:38:37'),(1595,'86da9107-adb9-4a3b-bc71-f18710d66918','a444c790-c224-11ee-84c1-0200fd8284f8','2024-07-04','A','2024-07-04 19:40:00','2024-07-04 19:40:00'),(1596,'19fb1f0a-6b2c-4e12-8be6-11fe55e8482c','a444c790-c224-11ee-84c1-0200fd8284f8','2024-07-05','A','2024-07-05 08:23:23','2024-07-05 08:23:23'),(1597,'35f2ea39-f082-4777-87a9-99f6433bb6f8','35747793-cf20-11ee-b21b-0200fd8284f8','2024-07-05','A','2024-07-05 08:48:36','2024-07-05 08:48:36'),(1598,'86da9107-adb9-4a3b-bc71-f18710d66918','35747793-cf20-11ee-b21b-0200fd8284f8','2024-07-05','A','2024-07-05 09:33:21','2024-07-05 09:33:21'),(1599,'86da9107-adb9-4a3b-bc71-f18710d66918','a444c790-c224-11ee-84c1-0200fd8284f8','2024-07-05','A','2024-07-05 09:43:20','2024-07-05 09:43:20'),(1600,'86da9107-adb9-4a3b-bc71-f18710d66918','a444c790-c224-11ee-84c1-0200fd8284f8','2024-07-05','A','2024-07-05 09:44:13','2024-07-05 09:44:13'),(1601,'86da9107-adb9-4a3b-bc71-f18710d66918','a444c790-c224-11ee-84c1-0200fd8284f8','2024-07-05','A','2024-07-05 09:44:33','2024-07-05 09:44:33'),(1602,'86da9107-adb9-4a3b-bc71-f18710d66918','a444c790-c224-11ee-84c1-0200fd8284f8','2024-07-05','A','2024-07-05 09:47:05','2024-07-05 09:47:05'),(1603,'86da9107-adb9-4a3b-bc71-f18710d66918','35747793-cf20-11ee-b21b-0200fd8284f8','2024-07-05','A','2024-07-05 09:47:38','2024-07-05 09:47:38'),(1604,'86da9107-adb9-4a3b-bc71-f18710d66918','a444c790-c224-11ee-84c1-0200fd8284f8','2024-07-05','A','2024-07-05 10:42:37','2024-07-05 10:42:37'),(1605,'86da9107-adb9-4a3b-bc71-f18710d66918','35747793-cf20-11ee-b21b-0200fd8284f8','2024-07-05','A','2024-07-05 10:52:56','2024-07-05 10:52:56'),(1606,'86da9107-adb9-4a3b-bc71-f18710d66918','a444c790-c224-11ee-84c1-0200fd8284f8','2024-07-05','A','2024-07-05 11:10:30','2024-07-05 11:10:30'),(1607,'86da9107-adb9-4a3b-bc71-f18710d66918','35747793-cf20-11ee-b21b-0200fd8284f8','2024-07-05','A','2024-07-05 11:42:22','2024-07-05 11:42:22'),(1608,'86da9107-adb9-4a3b-bc71-f18710d66918','a444c790-c224-11ee-84c1-0200fd8284f8','2024-07-05','A','2024-07-05 13:42:54','2024-07-05 13:42:54'),(1609,'86da9107-adb9-4a3b-bc71-f18710d66918','35747793-cf20-11ee-b21b-0200fd8284f8','2024-07-05','A','2024-07-05 14:26:14','2024-07-05 14:26:14'),(1610,'86da9107-adb9-4a3b-bc71-f18710d66918','a444c790-c224-11ee-84c1-0200fd8284f8','2024-07-05','A','2024-07-05 14:30:40','2024-07-05 14:30:40'),(1611,'86da9107-adb9-4a3b-bc71-f18710d66918','35747793-cf20-11ee-b21b-0200fd8284f8','2024-07-05','A','2024-07-05 14:36:07','2024-07-05 14:36:07'),(1612,'86da9107-adb9-4a3b-bc71-f18710d66918','a444c790-c224-11ee-84c1-0200fd8284f8','2024-07-05','A','2024-07-05 14:41:40','2024-07-05 14:41:40'),(1613,'86da9107-adb9-4a3b-bc71-f18710d66918','35747793-cf20-11ee-b21b-0200fd8284f8','2024-07-05','A','2024-07-05 14:55:27','2024-07-05 14:55:27'),(1614,'86da9107-adb9-4a3b-bc71-f18710d66918','a444c790-c224-11ee-84c1-0200fd8284f8','2024-07-05','A','2024-07-05 15:26:10','2024-07-05 15:26:10'),(1615,'35f2ea39-f082-4777-87a9-99f6433bb6f8','35747793-cf20-11ee-b21b-0200fd8284f8','2024-07-05','A','2024-07-05 15:40:30','2024-07-05 15:40:30'),(1616,'77ce28f7-8cba-4c20-aa61-e88eade33a9e','a444c790-c224-11ee-84c1-0200fd8284f8','2024-07-05','A','2024-07-05 16:17:04','2024-07-05 16:17:04'),(1617,'77ce28f7-8cba-4c20-aa61-e88eade33a9e','35747793-cf20-11ee-b21b-0200fd8284f8','2024-07-05','A','2024-07-05 16:28:45','2024-07-05 16:28:45'),(1618,'77ce28f7-8cba-4c20-aa61-e88eade33a9e','a444c790-c224-11ee-84c1-0200fd8284f8','2024-07-05','A','2024-07-05 16:55:52','2024-07-05 16:55:52'),(1619,'35f2ea39-f082-4777-87a9-99f6433bb6f8','35747793-cf20-11ee-b21b-0200fd8284f8','2024-07-05','A','2024-07-05 17:49:22','2024-07-05 17:49:22'),(1620,'19fb1f0a-6b2c-4e12-8be6-11fe55e8482c','a444c790-c224-11ee-84c1-0200fd8284f8','2024-07-05','A','2024-07-05 18:52:34','2024-07-05 18:52:34'),(1621,'35f2ea39-f082-4777-87a9-99f6433bb6f8','35747793-cf20-11ee-b21b-0200fd8284f8','2024-07-05','A','2024-07-05 19:28:44','2024-07-05 19:28:44'),(1622,'19fb1f0a-6b2c-4e12-8be6-11fe55e8482c','35747793-cf20-11ee-b21b-0200fd8284f8','2024-07-05','A','2024-07-05 20:07:27','2024-07-05 20:07:27'),(1623,'19fb1f0a-6b2c-4e12-8be6-11fe55e8482c','a444c790-c224-11ee-84c1-0200fd8284f8','2024-07-05','A','2024-07-05 20:23:12','2024-07-05 20:23:12'),(1624,'19fb1f0a-6b2c-4e12-8be6-11fe55e8482c','35747793-cf20-11ee-b21b-0200fd8284f8','2024-07-05','A','2024-07-05 20:24:46','2024-07-05 20:24:46'),(1625,'40c9245e-db39-4d8d-b7ef-987c48d856a6','35747793-cf20-11ee-b21b-0200fd8284f8','2024-07-06','A','2024-07-06 08:42:58','2024-07-06 08:42:58'),(1626,'86da9107-adb9-4a3b-bc71-f18710d66918','35747793-cf20-11ee-b21b-0200fd8284f8','2024-07-06','A','2024-07-06 15:31:05','2024-07-06 15:31:05'),(1627,'86da9107-adb9-4a3b-bc71-f18710d66918','a444c790-c224-11ee-84c1-0200fd8284f8','2024-07-06','A','2024-07-06 15:53:30','2024-07-06 15:53:30'),(1628,'86da9107-adb9-4a3b-bc71-f18710d66918','35747793-cf20-11ee-b21b-0200fd8284f8','2024-07-06','A','2024-07-06 15:59:14','2024-07-06 15:59:14'),(1629,'40c9245e-db39-4d8d-b7ef-987c48d856a6','35747793-cf20-11ee-b21b-0200fd8284f8','2024-07-06','A','2024-07-06 16:12:29','2024-07-06 16:12:29'),(1630,'86da9107-adb9-4a3b-bc71-f18710d66918','a444c790-c224-11ee-84c1-0200fd8284f8','2024-07-06','A','2024-07-06 16:24:05','2024-07-06 16:24:05'),(1631,'86da9107-adb9-4a3b-bc71-f18710d66918','35747793-cf20-11ee-b21b-0200fd8284f8','2024-07-06','A','2024-07-06 19:27:07','2024-07-06 19:27:07'),(1632,'35f2ea39-f082-4777-87a9-99f6433bb6f8','35747793-cf20-11ee-b21b-0200fd8284f8','2024-07-08','A','2024-07-08 10:43:25','2024-07-08 10:43:25'),(1633,'35f2ea39-f082-4777-87a9-99f6433bb6f8','35747793-cf20-11ee-b21b-0200fd8284f8','2024-07-08','A','2024-07-08 17:29:08','2024-07-08 17:29:08'),(1634,'19fb1f0a-6b2c-4e12-8be6-11fe55e8482c','a444c790-c224-11ee-84c1-0200fd8284f8','2024-07-08','A','2024-07-08 18:56:53','2024-07-08 18:56:53'),(1635,'86da9107-adb9-4a3b-bc71-f18710d66918','a444c790-c224-11ee-84c1-0200fd8284f8','2024-07-08','A','2024-07-08 20:14:41','2024-07-08 20:14:41'),(1636,'86da9107-adb9-4a3b-bc71-f18710d66918','35747793-cf20-11ee-b21b-0200fd8284f8','2024-07-08','A','2024-07-08 20:19:57','2024-07-08 20:19:57'),(1637,'56b845b7-1236-4a32-a118-982a89f230aa','35747793-cf20-11ee-b21b-0200fd8284f8','2024-07-09','A','2024-07-09 07:37:55','2024-07-09 07:37:55'),(1638,'19fb1f0a-6b2c-4e12-8be6-11fe55e8482c','a444c790-c224-11ee-84c1-0200fd8284f8','2024-07-09','A','2024-07-09 08:57:57','2024-07-09 08:57:57'),(1639,'86da9107-adb9-4a3b-bc71-f18710d66918','35747793-cf20-11ee-b21b-0200fd8284f8','2024-07-09','A','2024-07-09 10:41:19','2024-07-09 10:41:19'),(1640,'86da9107-adb9-4a3b-bc71-f18710d66918','a444c790-c224-11ee-84c1-0200fd8284f8','2024-07-09','A','2024-07-09 10:44:20','2024-07-09 10:44:20'),(1641,'86da9107-adb9-4a3b-bc71-f18710d66918','35747793-cf20-11ee-b21b-0200fd8284f8','2024-07-09','A','2024-07-09 11:58:49','2024-07-09 11:58:49'),(1642,'86da9107-adb9-4a3b-bc71-f18710d66918','a444c790-c224-11ee-84c1-0200fd8284f8','2024-07-09','A','2024-07-09 14:25:05','2024-07-09 14:25:05'),(1643,'77ce28f7-8cba-4c20-aa61-e88eade33a9e','a444c790-c224-11ee-84c1-0200fd8284f8','2024-07-09','A','2024-07-09 15:09:18','2024-07-09 15:09:18'),(1644,'35f2ea39-f082-4777-87a9-99f6433bb6f8','35747793-cf20-11ee-b21b-0200fd8284f8','2024-07-09','A','2024-07-09 16:07:40','2024-07-09 16:07:40'),(1645,'19fb1f0a-6b2c-4e12-8be6-11fe55e8482c','a444c790-c224-11ee-84c1-0200fd8284f8','2024-07-09','A','2024-07-09 16:58:21','2024-07-09 16:58:21'),(1646,'40c9245e-db39-4d8d-b7ef-987c48d856a6','35747793-cf20-11ee-b21b-0200fd8284f8','2024-07-09','A','2024-07-09 17:25:10','2024-07-09 17:25:10'),(1647,'19fb1f0a-6b2c-4e12-8be6-11fe55e8482c','a444c790-c224-11ee-84c1-0200fd8284f8','2024-07-09','A','2024-07-09 18:16:48','2024-07-09 18:16:48'),(1648,'19fb1f0a-6b2c-4e12-8be6-11fe55e8482c','35747793-cf20-11ee-b21b-0200fd8284f8','2024-07-09','A','2024-07-09 18:17:51','2024-07-09 18:17:51'),(1649,'19fb1f0a-6b2c-4e12-8be6-11fe55e8482c','a444c790-c224-11ee-84c1-0200fd8284f8','2024-07-09','A','2024-07-09 18:23:07','2024-07-09 18:23:07'),(1650,'86da9107-adb9-4a3b-bc71-f18710d66918','a444c790-c224-11ee-84c1-0200fd8284f8','2024-07-09','A','2024-07-09 18:23:50','2024-07-09 18:23:50'),(1651,'86da9107-adb9-4a3b-bc71-f18710d66918','35747793-cf20-11ee-b21b-0200fd8284f8','2024-07-09','A','2024-07-09 19:11:15','2024-07-09 19:11:15'),(1652,'86da9107-adb9-4a3b-bc71-f18710d66918','a444c790-c224-11ee-84c1-0200fd8284f8','2024-07-09','A','2024-07-09 19:36:28','2024-07-09 19:36:28'),(1653,'86da9107-adb9-4a3b-bc71-f18710d66918','35747793-cf20-11ee-b21b-0200fd8284f8','2024-07-09','A','2024-07-09 19:41:19','2024-07-09 19:41:19'),(1654,'86da9107-adb9-4a3b-bc71-f18710d66918','a444c790-c224-11ee-84c1-0200fd8284f8','2024-07-09','A','2024-07-09 19:43:14','2024-07-09 19:43:14'),(1655,'86da9107-adb9-4a3b-bc71-f18710d66918','a444c790-c224-11ee-84c1-0200fd8284f8','2024-07-09','A','2024-07-09 19:47:55','2024-07-09 19:47:55'),(1656,'86da9107-adb9-4a3b-bc71-f18710d66918','35747793-cf20-11ee-b21b-0200fd8284f8','2024-07-09','A','2024-07-09 19:58:43','2024-07-09 19:58:43'),(1657,'35f2ea39-f082-4777-87a9-99f6433bb6f8','35747793-cf20-11ee-b21b-0200fd8284f8','2024-07-10','A','2024-07-10 08:29:31','2024-07-10 08:29:31'),(1658,'77ce28f7-8cba-4c20-aa61-e88eade33a9e','a444c790-c224-11ee-84c1-0200fd8284f8','2024-07-10','A','2024-07-10 11:26:59','2024-07-10 11:26:59'),(1659,'35f2ea39-f082-4777-87a9-99f6433bb6f8','35747793-cf20-11ee-b21b-0200fd8284f8','2024-07-10','A','2024-07-10 17:02:58','2024-07-10 17:02:58'),(1660,'19fb1f0a-6b2c-4e12-8be6-11fe55e8482c','a444c790-c224-11ee-84c1-0200fd8284f8','2024-07-10','A','2024-07-10 17:51:46','2024-07-10 17:51:46'),(1661,'86da9107-adb9-4a3b-bc71-f18710d66918','a444c790-c224-11ee-84c1-0200fd8284f8','2024-07-10','A','2024-07-10 19:16:57','2024-07-10 19:16:57'),(1662,'19fb1f0a-6b2c-4e12-8be6-11fe55e8482c','a444c790-c224-11ee-84c1-0200fd8284f8','2024-07-10','A','2024-07-10 19:22:13','2024-07-10 19:22:13'),(1663,'86da9107-adb9-4a3b-bc71-f18710d66918','35747793-cf20-11ee-b21b-0200fd8284f8','2024-07-10','A','2024-07-10 19:29:11','2024-07-10 19:29:11'),(1664,'86da9107-adb9-4a3b-bc71-f18710d66918','a444c790-c224-11ee-84c1-0200fd8284f8','2024-07-10','A','2024-07-10 19:47:04','2024-07-10 19:47:04'),(1665,'86da9107-adb9-4a3b-bc71-f18710d66918','a444c790-c224-11ee-84c1-0200fd8284f8','2024-07-11','A','2024-07-11 10:27:23','2024-07-11 10:27:23'),(1666,'86da9107-adb9-4a3b-bc71-f18710d66918','35747793-cf20-11ee-b21b-0200fd8284f8','2024-07-11','A','2024-07-11 11:17:31','2024-07-11 11:17:31'),(1667,'86da9107-adb9-4a3b-bc71-f18710d66918','a444c790-c224-11ee-84c1-0200fd8284f8','2024-07-11','A','2024-07-11 11:45:19','2024-07-11 11:45:19'),(1668,'56b845b7-1236-4a32-a118-982a89f230aa','35747793-cf20-11ee-b21b-0200fd8284f8','2024-07-11','A','2024-07-11 12:39:37','2024-07-11 12:39:37'),(1669,'86da9107-adb9-4a3b-bc71-f18710d66918','35747793-cf20-11ee-b21b-0200fd8284f8','2024-07-11','A','2024-07-11 12:41:38','2024-07-11 12:41:38'),(1670,'86da9107-adb9-4a3b-bc71-f18710d66918','a444c790-c224-11ee-84c1-0200fd8284f8','2024-07-11','A','2024-07-11 13:34:45','2024-07-11 13:34:45'),(1671,'86da9107-adb9-4a3b-bc71-f18710d66918','a444c790-c224-11ee-84c1-0200fd8284f8','2024-07-11','A','2024-07-11 13:51:57','2024-07-11 13:51:57'),(1672,'86da9107-adb9-4a3b-bc71-f18710d66918','35747793-cf20-11ee-b21b-0200fd8284f8','2024-07-11','A','2024-07-11 14:35:21','2024-07-11 14:35:21'),(1673,'56b845b7-1236-4a32-a118-982a89f230aa','35747793-cf20-11ee-b21b-0200fd8284f8','2024-07-11','A','2024-07-11 16:25:28','2024-07-11 16:25:28'),(1674,'86da9107-adb9-4a3b-bc71-f18710d66918','a444c790-c224-11ee-84c1-0200fd8284f8','2024-07-11','A','2024-07-11 16:53:49','2024-07-11 16:53:49'),(1675,'86da9107-adb9-4a3b-bc71-f18710d66918','35747793-cf20-11ee-b21b-0200fd8284f8','2024-07-11','A','2024-07-11 17:10:50','2024-07-11 17:10:50'),(1676,'19fb1f0a-6b2c-4e12-8be6-11fe55e8482c','a444c790-c224-11ee-84c1-0200fd8284f8','2024-07-11','A','2024-07-11 19:02:42','2024-07-11 19:02:42'),(1677,'86da9107-adb9-4a3b-bc71-f18710d66918','35747793-cf20-11ee-b21b-0200fd8284f8','2024-07-11','A','2024-07-11 20:12:02','2024-07-11 20:12:02'),(1678,'86da9107-adb9-4a3b-bc71-f18710d66918','a444c790-c224-11ee-84c1-0200fd8284f8','2024-07-11','A','2024-07-11 20:12:24','2024-07-11 20:12:24'),(1679,'86da9107-adb9-4a3b-bc71-f18710d66918','a444c790-c224-11ee-84c1-0200fd8284f8','2024-07-11','A','2024-07-11 20:12:51','2024-07-11 20:12:51'),(1680,'86da9107-adb9-4a3b-bc71-f18710d66918','35747793-cf20-11ee-b21b-0200fd8284f8','2024-07-11','A','2024-07-11 20:13:52','2024-07-11 20:13:52'),(1681,'86da9107-adb9-4a3b-bc71-f18710d66918','a444c790-c224-11ee-84c1-0200fd8284f8','2024-07-11','A','2024-07-11 20:17:27','2024-07-11 20:17:27'),(1682,'56b845b7-1236-4a32-a118-982a89f230aa','35747793-cf20-11ee-b21b-0200fd8284f8','2024-07-12','A','2024-07-12 11:08:24','2024-07-12 11:08:24'),(1683,'56b845b7-1236-4a32-a118-982a89f230aa','35747793-cf20-11ee-b21b-0200fd8284f8','2024-07-12','A','2024-07-12 15:10:59','2024-07-12 15:10:59'),(1684,'19fb1f0a-6b2c-4e12-8be6-11fe55e8482c','a444c790-c224-11ee-84c1-0200fd8284f8','2024-07-12','A','2024-07-12 16:36:13','2024-07-12 16:36:13'),(1685,'86da9107-adb9-4a3b-bc71-f18710d66918','a444c790-c224-11ee-84c1-0200fd8284f8','2024-07-12','A','2024-07-12 17:05:43','2024-07-12 17:05:43'),(1686,'86da9107-adb9-4a3b-bc71-f18710d66918','35747793-cf20-11ee-b21b-0200fd8284f8','2024-07-12','A','2024-07-12 17:21:10','2024-07-12 17:21:10'),(1687,'86da9107-adb9-4a3b-bc71-f18710d66918','a444c790-c224-11ee-84c1-0200fd8284f8','2024-07-12','A','2024-07-12 17:25:25','2024-07-12 17:25:25'),(1688,'86da9107-adb9-4a3b-bc71-f18710d66918','35747793-cf20-11ee-b21b-0200fd8284f8','2024-07-12','A','2024-07-12 18:16:14','2024-07-12 18:16:14'),(1689,'86da9107-adb9-4a3b-bc71-f18710d66918','a444c790-c224-11ee-84c1-0200fd8284f8','2024-07-12','A','2024-07-12 18:29:37','2024-07-12 18:29:37'),(1690,'35f2ea39-f082-4777-87a9-99f6433bb6f8','35747793-cf20-11ee-b21b-0200fd8284f8','2024-07-13','A','2024-07-13 11:17:52','2024-07-13 11:17:52'),(1691,'86da9107-adb9-4a3b-bc71-f18710d66918','35747793-cf20-11ee-b21b-0200fd8284f8','2024-07-13','A','2024-07-13 15:37:25','2024-07-13 15:37:25'),(1692,'86da9107-adb9-4a3b-bc71-f18710d66918','a444c790-c224-11ee-84c1-0200fd8284f8','2024-07-13','A','2024-07-13 15:47:33','2024-07-13 15:47:33'),(1693,'86da9107-adb9-4a3b-bc71-f18710d66918','a444c790-c224-11ee-84c1-0200fd8284f8','2024-07-13','A','2024-07-13 15:47:52','2024-07-13 15:47:52'),(1694,'86da9107-adb9-4a3b-bc71-f18710d66918','35747793-cf20-11ee-b21b-0200fd8284f8','2024-07-13','A','2024-07-13 16:08:37','2024-07-13 16:08:37'),(1695,'86da9107-adb9-4a3b-bc71-f18710d66918','a444c790-c224-11ee-84c1-0200fd8284f8','2024-07-13','A','2024-07-13 16:09:17','2024-07-13 16:09:17'),(1696,'86da9107-adb9-4a3b-bc71-f18710d66918','35747793-cf20-11ee-b21b-0200fd8284f8','2024-07-13','A','2024-07-13 16:23:30','2024-07-13 16:23:30'),(1697,'40c9245e-db39-4d8d-b7ef-987c48d856a6','35747793-cf20-11ee-b21b-0200fd8284f8','2024-07-13','A','2024-07-13 16:26:37','2024-07-13 16:26:37'),(1698,'86da9107-adb9-4a3b-bc71-f18710d66918','a444c790-c224-11ee-84c1-0200fd8284f8','2024-07-13','A','2024-07-13 18:17:13','2024-07-13 18:17:13'),(1699,'86da9107-adb9-4a3b-bc71-f18710d66918','35747793-cf20-11ee-b21b-0200fd8284f8','2024-07-13','A','2024-07-13 18:18:08','2024-07-13 18:18:08'),(1700,'86da9107-adb9-4a3b-bc71-f18710d66918','a444c790-c224-11ee-84c1-0200fd8284f8','2024-07-13','A','2024-07-13 18:56:50','2024-07-13 18:56:50'),(1701,'35f2ea39-f082-4777-87a9-99f6433bb6f8','35747793-cf20-11ee-b21b-0200fd8284f8','2024-07-13','A','2024-07-13 19:30:12','2024-07-13 19:30:12'),(1702,'35f2ea39-f082-4777-87a9-99f6433bb6f8','35747793-cf20-11ee-b21b-0200fd8284f8','2024-07-13','A','2024-07-13 19:31:12','2024-07-13 19:31:12'),(1703,'35f2ea39-f082-4777-87a9-99f6433bb6f8','35747793-cf20-11ee-b21b-0200fd8284f8','2024-07-13','A','2024-07-13 19:32:02','2024-07-13 19:32:02'),(1704,'35f2ea39-f082-4777-87a9-99f6433bb6f8','35747793-cf20-11ee-b21b-0200fd8284f8','2024-07-13','A','2024-07-13 19:32:24','2024-07-13 19:32:24'),(1705,'35f2ea39-f082-4777-87a9-99f6433bb6f8','35747793-cf20-11ee-b21b-0200fd8284f8','2024-07-13','A','2024-07-13 19:51:14','2024-07-13 19:51:14'),(1706,'35f2ea39-f082-4777-87a9-99f6433bb6f8','35747793-cf20-11ee-b21b-0200fd8284f8','2024-07-13','A','2024-07-13 19:51:22','2024-07-13 19:51:22'),(1707,'35f2ea39-f082-4777-87a9-99f6433bb6f8','35747793-cf20-11ee-b21b-0200fd8284f8','2024-07-13','A','2024-07-13 19:51:26','2024-07-13 19:51:26'),(1708,'86da9107-adb9-4a3b-bc71-f18710d66918','a444c790-c224-11ee-84c1-0200fd8284f8','2024-07-15','A','2024-07-15 11:02:06','2024-07-15 11:02:06'),(1709,'86da9107-adb9-4a3b-bc71-f18710d66918','35747793-cf20-11ee-b21b-0200fd8284f8','2024-07-15','A','2024-07-15 12:31:46','2024-07-15 12:31:46'),(1710,'86da9107-adb9-4a3b-bc71-f18710d66918','a444c790-c224-11ee-84c1-0200fd8284f8','2024-07-15','A','2024-07-15 12:35:05','2024-07-15 12:35:05'),(1711,'86da9107-adb9-4a3b-bc71-f18710d66918','35747793-cf20-11ee-b21b-0200fd8284f8','2024-07-15','A','2024-07-15 14:05:36','2024-07-15 14:05:36'),(1712,'86da9107-adb9-4a3b-bc71-f18710d66918','a444c790-c224-11ee-84c1-0200fd8284f8','2024-07-15','A','2024-07-15 14:12:35','2024-07-15 14:12:35'),(1713,'86da9107-adb9-4a3b-bc71-f18710d66918','35747793-cf20-11ee-b21b-0200fd8284f8','2024-07-15','A','2024-07-15 14:33:52','2024-07-15 14:33:52'),(1714,'35f2ea39-f082-4777-87a9-99f6433bb6f8','35747793-cf20-11ee-b21b-0200fd8284f8','2024-07-15','A','2024-07-15 14:54:05','2024-07-15 14:54:05'),(1715,'86da9107-adb9-4a3b-bc71-f18710d66918','a444c790-c224-11ee-84c1-0200fd8284f8','2024-07-15','A','2024-07-15 15:12:08','2024-07-15 15:12:08'),(1716,'86da9107-adb9-4a3b-bc71-f18710d66918','35747793-cf20-11ee-b21b-0200fd8284f8','2024-07-15','A','2024-07-15 15:15:34','2024-07-15 15:15:34'),(1717,'86da9107-adb9-4a3b-bc71-f18710d66918','35747793-cf20-11ee-b21b-0200fd8284f8','2024-07-15','A','2024-07-15 16:39:19','2024-07-15 16:39:19'),(1718,'86da9107-adb9-4a3b-bc71-f18710d66918','a444c790-c224-11ee-84c1-0200fd8284f8','2024-07-15','A','2024-07-15 17:56:16','2024-07-15 17:56:16'),(1719,'86da9107-adb9-4a3b-bc71-f18710d66918','35747793-cf20-11ee-b21b-0200fd8284f8','2024-07-15','A','2024-07-15 18:43:36','2024-07-15 18:43:36'),(1720,'86da9107-adb9-4a3b-bc71-f18710d66918','35747793-cf20-11ee-b21b-0200fd8284f8','2024-07-15','A','2024-07-15 18:55:29','2024-07-15 18:55:29'),(1721,'86da9107-adb9-4a3b-bc71-f18710d66918','a444c790-c224-11ee-84c1-0200fd8284f8','2024-07-15','A','2024-07-15 18:59:02','2024-07-15 18:59:02'),(1722,'19fb1f0a-6b2c-4e12-8be6-11fe55e8482c','a444c790-c224-11ee-84c1-0200fd8284f8','2024-07-15','A','2024-07-15 19:16:39','2024-07-15 19:16:39'),(1723,'86da9107-adb9-4a3b-bc71-f18710d66918','a444c790-c224-11ee-84c1-0200fd8284f8','2024-07-15','A','2024-07-15 19:46:06','2024-07-15 19:46:06'),(1724,'86da9107-adb9-4a3b-bc71-f18710d66918','35747793-cf20-11ee-b21b-0200fd8284f8','2024-07-15','A','2024-07-15 19:46:13','2024-07-15 19:46:13'),(1725,'86da9107-adb9-4a3b-bc71-f18710d66918','35747793-cf20-11ee-b21b-0200fd8284f8','2024-07-15','A','2024-07-15 19:46:56','2024-07-15 19:46:56'),(1726,'86da9107-adb9-4a3b-bc71-f18710d66918','a444c790-c224-11ee-84c1-0200fd8284f8','2024-07-15','A','2024-07-15 19:47:01','2024-07-15 19:47:01'),(1727,'40c9245e-db39-4d8d-b7ef-987c48d856a6','35747793-cf20-11ee-b21b-0200fd8284f8','2024-07-17','A','2024-07-17 08:34:40','2024-07-17 08:34:40'),(1728,'86da9107-adb9-4a3b-bc71-f18710d66918','a444c790-c224-11ee-84c1-0200fd8284f8','2024-07-17','A','2024-07-17 10:43:58','2024-07-17 10:43:58'),(1729,'86da9107-adb9-4a3b-bc71-f18710d66918','a444c790-c224-11ee-84c1-0200fd8284f8','2024-07-17','A','2024-07-17 11:15:53','2024-07-17 11:15:53'),(1730,'86da9107-adb9-4a3b-bc71-f18710d66918','35747793-cf20-11ee-b21b-0200fd8284f8','2024-07-17','A','2024-07-17 11:15:56','2024-07-17 11:15:56'),(1731,'86da9107-adb9-4a3b-bc71-f18710d66918','a444c790-c224-11ee-84c1-0200fd8284f8','2024-07-17','A','2024-07-17 12:27:08','2024-07-17 12:27:08'),(1732,'86da9107-adb9-4a3b-bc71-f18710d66918','35747793-cf20-11ee-b21b-0200fd8284f8','2024-07-17','A','2024-07-17 12:38:35','2024-07-17 12:38:35'),(1733,'86da9107-adb9-4a3b-bc71-f18710d66918','35747793-cf20-11ee-b21b-0200fd8284f8','2024-07-17','A','2024-07-17 12:42:07','2024-07-17 12:42:07'),(1734,'86da9107-adb9-4a3b-bc71-f18710d66918','35747793-cf20-11ee-b21b-0200fd8284f8','2024-07-17','A','2024-07-17 12:42:36','2024-07-17 12:42:36'),(1735,'19fb1f0a-6b2c-4e12-8be6-11fe55e8482c','a444c790-c224-11ee-84c1-0200fd8284f8','2024-07-17','A','2024-07-17 13:38:21','2024-07-17 13:38:21'),(1736,'86da9107-adb9-4a3b-bc71-f18710d66918','35747793-cf20-11ee-b21b-0200fd8284f8','2024-07-17','A','2024-07-17 13:58:43','2024-07-17 13:58:43'),(1737,'86da9107-adb9-4a3b-bc71-f18710d66918','a444c790-c224-11ee-84c1-0200fd8284f8','2024-07-17','A','2024-07-17 14:01:28','2024-07-17 14:01:28'),(1738,'86da9107-adb9-4a3b-bc71-f18710d66918','35747793-cf20-11ee-b21b-0200fd8284f8','2024-07-17','A','2024-07-17 14:23:07','2024-07-17 14:23:07'),(1739,'86da9107-adb9-4a3b-bc71-f18710d66918','a444c790-c224-11ee-84c1-0200fd8284f8','2024-07-17','A','2024-07-17 14:24:39','2024-07-17 14:24:39'),(1740,'86da9107-adb9-4a3b-bc71-f18710d66918','35747793-cf20-11ee-b21b-0200fd8284f8','2024-07-17','A','2024-07-17 14:32:08','2024-07-17 14:32:08'),(1741,'86da9107-adb9-4a3b-bc71-f18710d66918','a444c790-c224-11ee-84c1-0200fd8284f8','2024-07-17','A','2024-07-17 15:03:20','2024-07-17 15:03:20'),(1742,'86da9107-adb9-4a3b-bc71-f18710d66918','35747793-cf20-11ee-b21b-0200fd8284f8','2024-07-17','A','2024-07-17 15:05:10','2024-07-17 15:05:10'),(1743,'86da9107-adb9-4a3b-bc71-f18710d66918','a444c790-c224-11ee-84c1-0200fd8284f8','2024-07-17','A','2024-07-17 15:09:54','2024-07-17 15:09:54'),(1744,'86da9107-adb9-4a3b-bc71-f18710d66918','35747793-cf20-11ee-b21b-0200fd8284f8','2024-07-17','A','2024-07-17 15:24:59','2024-07-17 15:24:59'),(1745,'86da9107-adb9-4a3b-bc71-f18710d66918','a444c790-c224-11ee-84c1-0200fd8284f8','2024-07-17','A','2024-07-17 15:38:17','2024-07-17 15:38:17'),(1746,'86da9107-adb9-4a3b-bc71-f18710d66918','35747793-cf20-11ee-b21b-0200fd8284f8','2024-07-17','A','2024-07-17 15:47:48','2024-07-17 15:47:48'),(1747,'86da9107-adb9-4a3b-bc71-f18710d66918','a444c790-c224-11ee-84c1-0200fd8284f8','2024-07-17','A','2024-07-17 15:56:02','2024-07-17 15:56:02'),(1748,'86da9107-adb9-4a3b-bc71-f18710d66918','35747793-cf20-11ee-b21b-0200fd8284f8','2024-07-17','A','2024-07-17 17:41:41','2024-07-17 17:41:41'),(1749,'86da9107-adb9-4a3b-bc71-f18710d66918','35747793-cf20-11ee-b21b-0200fd8284f8','2024-07-17','A','2024-07-17 17:56:45','2024-07-17 17:56:45'),(1750,'86da9107-adb9-4a3b-bc71-f18710d66918','a444c790-c224-11ee-84c1-0200fd8284f8','2024-07-17','A','2024-07-17 17:56:52','2024-07-17 17:56:52'),(1751,'86da9107-adb9-4a3b-bc71-f18710d66918','35747793-cf20-11ee-b21b-0200fd8284f8','2024-07-17','A','2024-07-17 18:23:48','2024-07-17 18:23:48'),(1752,'19fb1f0a-6b2c-4e12-8be6-11fe55e8482c','a444c790-c224-11ee-84c1-0200fd8284f8','2024-07-17','A','2024-07-17 18:47:38','2024-07-17 18:47:38'),(1753,'40c9245e-db39-4d8d-b7ef-987c48d856a6','35747793-cf20-11ee-b21b-0200fd8284f8','2024-07-17','A','2024-07-17 20:10:28','2024-07-17 20:10:28'),(1754,'86da9107-adb9-4a3b-bc71-f18710d66918','a444c790-c224-11ee-84c1-0200fd8284f8','2024-07-17','A','2024-07-17 20:48:52','2024-07-17 20:48:52'),(1755,'86da9107-adb9-4a3b-bc71-f18710d66918','35747793-cf20-11ee-b21b-0200fd8284f8','2024-07-17','A','2024-07-17 21:27:24','2024-07-17 21:27:24'),(1756,'19fb1f0a-6b2c-4e12-8be6-11fe55e8482c','a444c790-c224-11ee-84c1-0200fd8284f8','2024-07-18','A','2024-07-18 10:19:04','2024-07-18 10:19:04'),(1757,'40c9245e-db39-4d8d-b7ef-987c48d856a6','35747793-cf20-11ee-b21b-0200fd8284f8','2024-07-18','A','2024-07-18 10:20:23','2024-07-18 10:20:23'),(1758,'86da9107-adb9-4a3b-bc71-f18710d66918','a444c790-c224-11ee-84c1-0200fd8284f8','2024-07-18','A','2024-07-18 10:38:32','2024-07-18 10:38:32'),(1759,'86da9107-adb9-4a3b-bc71-f18710d66918','35747793-cf20-11ee-b21b-0200fd8284f8','2024-07-18','A','2024-07-18 11:14:27','2024-07-18 11:14:27'),(1760,'86da9107-adb9-4a3b-bc71-f18710d66918','35747793-cf20-11ee-b21b-0200fd8284f8','2024-07-18','A','2024-07-18 11:28:44','2024-07-18 11:28:44'),(1761,'86da9107-adb9-4a3b-bc71-f18710d66918','a444c790-c224-11ee-84c1-0200fd8284f8','2024-07-18','A','2024-07-18 11:28:57','2024-07-18 11:28:57'),(1762,'86da9107-adb9-4a3b-bc71-f18710d66918','35747793-cf20-11ee-b21b-0200fd8284f8','2024-07-18','A','2024-07-18 12:53:11','2024-07-18 12:53:11'),(1763,'86da9107-adb9-4a3b-bc71-f18710d66918','a444c790-c224-11ee-84c1-0200fd8284f8','2024-07-18','A','2024-07-18 13:39:44','2024-07-18 13:39:44'),(1764,'86da9107-adb9-4a3b-bc71-f18710d66918','35747793-cf20-11ee-b21b-0200fd8284f8','2024-07-18','A','2024-07-18 13:41:50','2024-07-18 13:41:50'),(1765,'86da9107-adb9-4a3b-bc71-f18710d66918','a444c790-c224-11ee-84c1-0200fd8284f8','2024-07-18','A','2024-07-18 13:56:46','2024-07-18 13:56:46'),(1766,'19fb1f0a-6b2c-4e12-8be6-11fe55e8482c','a444c790-c224-11ee-84c1-0200fd8284f8','2024-07-18','A','2024-07-18 18:20:55','2024-07-18 18:20:55'),(1767,'86da9107-adb9-4a3b-bc71-f18710d66918','a444c790-c224-11ee-84c1-0200fd8284f8','2024-07-18','A','2024-07-18 21:24:21','2024-07-18 21:24:21'),(1768,'86da9107-adb9-4a3b-bc71-f18710d66918','35747793-cf20-11ee-b21b-0200fd8284f8','2024-07-18','A','2024-07-18 21:34:27','2024-07-18 21:34:27'),(1769,'86da9107-adb9-4a3b-bc71-f18710d66918','a444c790-c224-11ee-84c1-0200fd8284f8','2024-07-18','A','2024-07-18 21:46:19','2024-07-18 21:46:19'),(1770,'35f2ea39-f082-4777-87a9-99f6433bb6f8','35747793-cf20-11ee-b21b-0200fd8284f8','2024-07-19','A','2024-07-19 10:36:38','2024-07-19 10:36:38'),(1771,'86da9107-adb9-4a3b-bc71-f18710d66918','a444c790-c224-11ee-84c1-0200fd8284f8','2024-07-19','A','2024-07-19 10:56:02','2024-07-19 10:56:02'),(1772,'86da9107-adb9-4a3b-bc71-f18710d66918','35747793-cf20-11ee-b21b-0200fd8284f8','2024-07-19','A','2024-07-19 11:26:16','2024-07-19 11:26:16'),(1773,'86da9107-adb9-4a3b-bc71-f18710d66918','a444c790-c224-11ee-84c1-0200fd8284f8','2024-07-19','A','2024-07-19 12:08:14','2024-07-19 12:08:14'),(1774,'86da9107-adb9-4a3b-bc71-f18710d66918','35747793-cf20-11ee-b21b-0200fd8284f8','2024-07-19','A','2024-07-19 13:28:15','2024-07-19 13:28:15'),(1775,'86da9107-adb9-4a3b-bc71-f18710d66918','35747793-cf20-11ee-b21b-0200fd8284f8','2024-07-19','A','2024-07-19 13:31:01','2024-07-19 13:31:01'),(1776,'86da9107-adb9-4a3b-bc71-f18710d66918','35747793-cf20-11ee-b21b-0200fd8284f8','2024-07-19','A','2024-07-19 13:38:05','2024-07-19 13:38:05'),(1777,'69abe0de-7812-41bd-9124-6a7238aee7d1','a444c790-c224-11ee-84c1-0200fd8284f8','2024-07-19','A','2024-07-19 15:20:34','2024-07-19 15:20:34'),(1778,'56b845b7-1236-4a32-a118-982a89f230aa','35747793-cf20-11ee-b21b-0200fd8284f8','2024-07-19','A','2024-07-19 15:21:27','2024-07-19 15:21:27'),(1779,'19fb1f0a-6b2c-4e12-8be6-11fe55e8482c','a444c790-c224-11ee-84c1-0200fd8284f8','2024-07-19','A','2024-07-19 16:00:38','2024-07-19 16:00:38'),(1780,'86da9107-adb9-4a3b-bc71-f18710d66918','a444c790-c224-11ee-84c1-0200fd8284f8','2024-07-19','A','2024-07-19 16:09:59','2024-07-19 16:09:59'),(1781,'86da9107-adb9-4a3b-bc71-f18710d66918','35747793-cf20-11ee-b21b-0200fd8284f8','2024-07-19','A','2024-07-19 18:23:03','2024-07-19 18:23:03'),(1782,'86da9107-adb9-4a3b-bc71-f18710d66918','a444c790-c224-11ee-84c1-0200fd8284f8','2024-07-19','A','2024-07-19 18:26:49','2024-07-19 18:26:49'),(1783,'86da9107-adb9-4a3b-bc71-f18710d66918','35747793-cf20-11ee-b21b-0200fd8284f8','2024-07-19','A','2024-07-19 18:56:49','2024-07-19 18:56:49'),(1784,'86da9107-adb9-4a3b-bc71-f18710d66918','35747793-cf20-11ee-b21b-0200fd8284f8','2024-07-19','A','2024-07-19 18:57:10','2024-07-19 18:57:10'),(1785,'86da9107-adb9-4a3b-bc71-f18710d66918','a444c790-c224-11ee-84c1-0200fd8284f8','2024-07-19','A','2024-07-19 18:57:53','2024-07-19 18:57:53'),(1786,'86da9107-adb9-4a3b-bc71-f18710d66918','35747793-cf20-11ee-b21b-0200fd8284f8','2024-07-19','A','2024-07-19 20:16:20','2024-07-19 20:16:20'),(1787,'86da9107-adb9-4a3b-bc71-f18710d66918','a444c790-c224-11ee-84c1-0200fd8284f8','2024-07-19','A','2024-07-19 20:25:46','2024-07-19 20:25:46'),(1788,'86da9107-adb9-4a3b-bc71-f18710d66918','35747793-cf20-11ee-b21b-0200fd8284f8','2024-07-19','A','2024-07-19 20:39:25','2024-07-19 20:39:25'),(1789,'86da9107-adb9-4a3b-bc71-f18710d66918','35747793-cf20-11ee-b21b-0200fd8284f8','2024-07-19','A','2024-07-19 20:39:43','2024-07-19 20:39:43'),(1790,'35f2ea39-f082-4777-87a9-99f6433bb6f8','35747793-cf20-11ee-b21b-0200fd8284f8','2024-07-20','A','2024-07-20 10:48:40','2024-07-20 10:48:40'),(1791,'35f2ea39-f082-4777-87a9-99f6433bb6f8','35747793-cf20-11ee-b21b-0200fd8284f8','2024-07-20','A','2024-07-20 17:29:42','2024-07-20 17:29:42'),(1792,'19fb1f0a-6b2c-4e12-8be6-11fe55e8482c','a444c790-c224-11ee-84c1-0200fd8284f8','2024-07-20','A','2024-07-20 18:17:06','2024-07-20 18:17:06'),(1793,'86da9107-adb9-4a3b-bc71-f18710d66918','a444c790-c224-11ee-84c1-0200fd8284f8','2024-07-20','A','2024-07-20 21:08:07','2024-07-20 21:08:07'),(1794,'86da9107-adb9-4a3b-bc71-f18710d66918','35747793-cf20-11ee-b21b-0200fd8284f8','2024-07-20','A','2024-07-20 21:17:00','2024-07-20 21:17:00'),(1795,'86da9107-adb9-4a3b-bc71-f18710d66918','a444c790-c224-11ee-84c1-0200fd8284f8','2024-07-20','A','2024-07-20 21:37:20','2024-07-20 21:37:20'),(1796,'56b845b7-1236-4a32-a118-982a89f230aa','35747793-cf20-11ee-b21b-0200fd8284f8','2024-07-22','A','2024-07-22 09:31:13','2024-07-22 09:31:13'),(1797,'56b845b7-1236-4a32-a118-982a89f230aa','35747793-cf20-11ee-b21b-0200fd8284f8','2024-07-22','A','2024-07-22 14:51:40','2024-07-22 14:51:40'),(1798,'56b845b7-1236-4a32-a118-982a89f230aa','35747793-cf20-11ee-b21b-0200fd8284f8','2024-07-22','A','2024-07-22 16:41:47','2024-07-22 16:41:47'),(1799,'19fb1f0a-6b2c-4e12-8be6-11fe55e8482c','a444c790-c224-11ee-84c1-0200fd8284f8','2024-07-22','A','2024-07-22 16:49:02','2024-07-22 16:49:02'),(1800,'19fb1f0a-6b2c-4e12-8be6-11fe55e8482c','35747793-cf20-11ee-b21b-0200fd8284f8','2024-07-22','A','2024-07-22 17:38:32','2024-07-22 17:38:32'),(1801,'86da9107-adb9-4a3b-bc71-f18710d66918','35747793-cf20-11ee-b21b-0200fd8284f8','2024-07-22','A','2024-07-22 17:55:56','2024-07-22 17:55:56'),(1802,'56b845b7-1236-4a32-a118-982a89f230aa','35747793-cf20-11ee-b21b-0200fd8284f8','2024-07-22','A','2024-07-22 18:09:02','2024-07-22 18:09:02'),(1803,'86da9107-adb9-4a3b-bc71-f18710d66918','a444c790-c224-11ee-84c1-0200fd8284f8','2024-07-22','A','2024-07-22 18:10:38','2024-07-22 18:10:38'),(1804,'86da9107-adb9-4a3b-bc71-f18710d66918','35747793-cf20-11ee-b21b-0200fd8284f8','2024-07-22','A','2024-07-22 18:14:00','2024-07-22 18:14:00'),(1805,'86da9107-adb9-4a3b-bc71-f18710d66918','a444c790-c224-11ee-84c1-0200fd8284f8','2024-07-22','A','2024-07-22 18:27:21','2024-07-22 18:27:21'),(1806,'86da9107-adb9-4a3b-bc71-f18710d66918','35747793-cf20-11ee-b21b-0200fd8284f8','2024-07-22','A','2024-07-22 18:38:22','2024-07-22 18:38:22'),(1807,'86da9107-adb9-4a3b-bc71-f18710d66918','a444c790-c224-11ee-84c1-0200fd8284f8','2024-07-22','A','2024-07-22 18:38:54','2024-07-22 18:38:54'),(1808,'86da9107-adb9-4a3b-bc71-f18710d66918','35747793-cf20-11ee-b21b-0200fd8284f8','2024-07-22','A','2024-07-22 18:39:58','2024-07-22 18:39:58'),(1809,'86da9107-adb9-4a3b-bc71-f18710d66918','a444c790-c224-11ee-84c1-0200fd8284f8','2024-07-22','A','2024-07-22 18:48:53','2024-07-22 18:48:53'),(1810,'19fb1f0a-6b2c-4e12-8be6-11fe55e8482c','a444c790-c224-11ee-84c1-0200fd8284f8','2024-07-22','A','2024-07-22 19:02:35','2024-07-22 19:02:35'),(1811,'19fb1f0a-6b2c-4e12-8be6-11fe55e8482c','35747793-cf20-11ee-b21b-0200fd8284f8','2024-07-22','A','2024-07-22 20:27:11','2024-07-22 20:27:11'),(1812,'86da9107-adb9-4a3b-bc71-f18710d66918','35747793-cf20-11ee-b21b-0200fd8284f8','2024-07-22','A','2024-07-22 20:28:58','2024-07-22 20:28:58'),(1813,'86da9107-adb9-4a3b-bc71-f18710d66918','a444c790-c224-11ee-84c1-0200fd8284f8','2024-07-22','A','2024-07-22 21:07:28','2024-07-22 21:07:28'),(1814,'56b845b7-1236-4a32-a118-982a89f230aa','35747793-cf20-11ee-b21b-0200fd8284f8','2024-07-23','A','2024-07-23 12:10:07','2024-07-23 12:10:07'),(1815,'86da9107-adb9-4a3b-bc71-f18710d66918','35747793-cf20-11ee-b21b-0200fd8284f8','2024-07-23','A','2024-07-23 13:58:15','2024-07-23 13:58:15'),(1816,'86da9107-adb9-4a3b-bc71-f18710d66918','a444c790-c224-11ee-84c1-0200fd8284f8','2024-07-23','A','2024-07-23 13:59:09','2024-07-23 13:59:09'),(1817,'86da9107-adb9-4a3b-bc71-f18710d66918','35747793-cf20-11ee-b21b-0200fd8284f8','2024-07-23','A','2024-07-23 14:14:27','2024-07-23 14:14:27'),(1818,'86da9107-adb9-4a3b-bc71-f18710d66918','a444c790-c224-11ee-84c1-0200fd8284f8','2024-07-23','A','2024-07-23 14:24:03','2024-07-23 14:24:03'),(1819,'86da9107-adb9-4a3b-bc71-f18710d66918','35747793-cf20-11ee-b21b-0200fd8284f8','2024-07-23','A','2024-07-23 14:31:28','2024-07-23 14:31:28'),(1820,'86da9107-adb9-4a3b-bc71-f18710d66918','a444c790-c224-11ee-84c1-0200fd8284f8','2024-07-23','A','2024-07-23 14:33:54','2024-07-23 14:33:54'),(1821,'86da9107-adb9-4a3b-bc71-f18710d66918','35747793-cf20-11ee-b21b-0200fd8284f8','2024-07-23','A','2024-07-23 14:36:02','2024-07-23 14:36:02'),(1822,'86da9107-adb9-4a3b-bc71-f18710d66918','a444c790-c224-11ee-84c1-0200fd8284f8','2024-07-23','A','2024-07-23 15:51:31','2024-07-23 15:51:31'),(1823,'86da9107-adb9-4a3b-bc71-f18710d66918','35747793-cf20-11ee-b21b-0200fd8284f8','2024-07-23','A','2024-07-23 16:03:49','2024-07-23 16:03:49'),(1824,'86da9107-adb9-4a3b-bc71-f18710d66918','35747793-cf20-11ee-b21b-0200fd8284f8','2024-07-23','A','2024-07-23 16:05:13','2024-07-23 16:05:13'),(1825,'86da9107-adb9-4a3b-bc71-f18710d66918','a444c790-c224-11ee-84c1-0200fd8284f8','2024-07-23','A','2024-07-23 16:05:17','2024-07-23 16:05:17'),(1826,'86da9107-adb9-4a3b-bc71-f18710d66918','35747793-cf20-11ee-b21b-0200fd8284f8','2024-07-23','A','2024-07-23 16:08:34','2024-07-23 16:08:34'),(1827,'86da9107-adb9-4a3b-bc71-f18710d66918','a444c790-c224-11ee-84c1-0200fd8284f8','2024-07-23','A','2024-07-23 17:47:45','2024-07-23 17:47:45'),(1828,'86da9107-adb9-4a3b-bc71-f18710d66918','35747793-cf20-11ee-b21b-0200fd8284f8','2024-07-23','A','2024-07-23 18:03:47','2024-07-23 18:03:47'),(1829,'86da9107-adb9-4a3b-bc71-f18710d66918','a444c790-c224-11ee-84c1-0200fd8284f8','2024-07-23','A','2024-07-23 18:28:57','2024-07-23 18:28:57'),(1830,'19fb1f0a-6b2c-4e12-8be6-11fe55e8482c','a444c790-c224-11ee-84c1-0200fd8284f8','2024-07-23','A','2024-07-23 19:13:47','2024-07-23 19:13:47'),(1831,'86da9107-adb9-4a3b-bc71-f18710d66918','35747793-cf20-11ee-b21b-0200fd8284f8','2024-07-23','A','2024-07-23 20:30:57','2024-07-23 20:30:57'),(1832,'40c9245e-db39-4d8d-b7ef-987c48d856a6','35747793-cf20-11ee-b21b-0200fd8284f8','2024-07-24','A','2024-07-24 08:45:37','2024-07-24 08:45:37'),(1833,'86da9107-adb9-4a3b-bc71-f18710d66918','a444c790-c224-11ee-84c1-0200fd8284f8','2024-07-24','A','2024-07-24 09:11:50','2024-07-24 09:11:50'),(1834,'86da9107-adb9-4a3b-bc71-f18710d66918','a444c790-c224-11ee-84c1-0200fd8284f8','2024-07-24','A','2024-07-24 15:43:42','2024-07-24 15:43:42'),(1835,'86da9107-adb9-4a3b-bc71-f18710d66918','a444c790-c224-11ee-84c1-0200fd8284f8','2024-07-24','A','2024-07-24 15:44:16','2024-07-24 15:44:16'),(1836,'86da9107-adb9-4a3b-bc71-f18710d66918','35747793-cf20-11ee-b21b-0200fd8284f8','2024-07-24','A','2024-07-24 15:57:42','2024-07-24 15:57:42'),(1837,'86da9107-adb9-4a3b-bc71-f18710d66918','35747793-cf20-11ee-b21b-0200fd8284f8','2024-07-24','A','2024-07-24 17:05:52','2024-07-24 17:05:52'),(1838,'86da9107-adb9-4a3b-bc71-f18710d66918','a444c790-c224-11ee-84c1-0200fd8284f8','2024-07-24','A','2024-07-24 17:11:58','2024-07-24 17:11:58'),(1839,'86da9107-adb9-4a3b-bc71-f18710d66918','35747793-cf20-11ee-b21b-0200fd8284f8','2024-07-24','A','2024-07-24 18:09:33','2024-07-24 18:09:33'),(1840,'86da9107-adb9-4a3b-bc71-f18710d66918','a444c790-c224-11ee-84c1-0200fd8284f8','2024-07-24','A','2024-07-24 18:13:48','2024-07-24 18:13:48'),(1841,'86da9107-adb9-4a3b-bc71-f18710d66918','35747793-cf20-11ee-b21b-0200fd8284f8','2024-07-24','A','2024-07-24 18:31:18','2024-07-24 18:31:18'),(1842,'19fb1f0a-6b2c-4e12-8be6-11fe55e8482c','a444c790-c224-11ee-84c1-0200fd8284f8','2024-07-24','A','2024-07-24 18:53:00','2024-07-24 18:53:00'),(1843,'40c9245e-db39-4d8d-b7ef-987c48d856a6','35747793-cf20-11ee-b21b-0200fd8284f8','2024-07-25','A','2024-07-25 08:22:53','2024-07-25 08:22:53'),(1844,'86da9107-adb9-4a3b-bc71-f18710d66918','a444c790-c224-11ee-84c1-0200fd8284f8','2024-07-25','A','2024-07-25 11:18:49','2024-07-25 11:18:49'),(1845,'86da9107-adb9-4a3b-bc71-f18710d66918','35747793-cf20-11ee-b21b-0200fd8284f8','2024-07-25','A','2024-07-25 13:10:30','2024-07-25 13:10:30'),(1846,'86da9107-adb9-4a3b-bc71-f18710d66918','35747793-cf20-11ee-b21b-0200fd8284f8','2024-07-25','A','2024-07-25 13:14:35','2024-07-25 13:14:35'),(1847,'86da9107-adb9-4a3b-bc71-f18710d66918','a444c790-c224-11ee-84c1-0200fd8284f8','2024-07-25','A','2024-07-25 13:53:57','2024-07-25 13:53:57'),(1848,'86da9107-adb9-4a3b-bc71-f18710d66918','35747793-cf20-11ee-b21b-0200fd8284f8','2024-07-25','A','2024-07-25 14:14:25','2024-07-25 14:14:25'),(1849,'86da9107-adb9-4a3b-bc71-f18710d66918','a444c790-c224-11ee-84c1-0200fd8284f8','2024-07-25','A','2024-07-25 14:18:27','2024-07-25 14:18:27'),(1850,'86da9107-adb9-4a3b-bc71-f18710d66918','35747793-cf20-11ee-b21b-0200fd8284f8','2024-07-25','A','2024-07-25 14:27:05','2024-07-25 14:27:05'),(1851,'86da9107-adb9-4a3b-bc71-f18710d66918','a444c790-c224-11ee-84c1-0200fd8284f8','2024-07-25','A','2024-07-25 14:28:27','2024-07-25 14:28:27'),(1852,'86da9107-adb9-4a3b-bc71-f18710d66918','35747793-cf20-11ee-b21b-0200fd8284f8','2024-07-25','A','2024-07-25 14:39:34','2024-07-25 14:39:34'),(1853,'86da9107-adb9-4a3b-bc71-f18710d66918','a444c790-c224-11ee-84c1-0200fd8284f8','2024-07-25','A','2024-07-25 14:42:46','2024-07-25 14:42:46'),(1854,'86da9107-adb9-4a3b-bc71-f18710d66918','35747793-cf20-11ee-b21b-0200fd8284f8','2024-07-25','A','2024-07-25 14:43:16','2024-07-25 14:43:16'),(1855,'86da9107-adb9-4a3b-bc71-f18710d66918','a444c790-c224-11ee-84c1-0200fd8284f8','2024-07-25','A','2024-07-25 14:46:57','2024-07-25 14:46:57'),(1856,'86da9107-adb9-4a3b-bc71-f18710d66918','35747793-cf20-11ee-b21b-0200fd8284f8','2024-07-25','A','2024-07-25 14:47:09','2024-07-25 14:47:09'),(1857,'86da9107-adb9-4a3b-bc71-f18710d66918','a444c790-c224-11ee-84c1-0200fd8284f8','2024-07-25','A','2024-07-25 14:48:08','2024-07-25 14:48:08'),(1858,'86da9107-adb9-4a3b-bc71-f18710d66918','35747793-cf20-11ee-b21b-0200fd8284f8','2024-07-25','A','2024-07-25 14:54:10','2024-07-25 14:54:10'),(1859,'86da9107-adb9-4a3b-bc71-f18710d66918','35747793-cf20-11ee-b21b-0200fd8284f8','2024-07-25','A','2024-07-25 16:34:51','2024-07-25 16:34:51'),(1860,'86da9107-adb9-4a3b-bc71-f18710d66918','a444c790-c224-11ee-84c1-0200fd8284f8','2024-07-25','A','2024-07-25 16:34:56','2024-07-25 16:34:56'),(1861,'86da9107-adb9-4a3b-bc71-f18710d66918','35747793-cf20-11ee-b21b-0200fd8284f8','2024-07-25','A','2024-07-25 16:55:19','2024-07-25 16:55:19'),(1862,'86da9107-adb9-4a3b-bc71-f18710d66918','a444c790-c224-11ee-84c1-0200fd8284f8','2024-07-25','A','2024-07-25 16:58:39','2024-07-25 16:58:39'),(1863,'86da9107-adb9-4a3b-bc71-f18710d66918','a444c790-c224-11ee-84c1-0200fd8284f8','2024-07-25','A','2024-07-25 17:16:41','2024-07-25 17:16:41'),(1864,'86da9107-adb9-4a3b-bc71-f18710d66918','35747793-cf20-11ee-b21b-0200fd8284f8','2024-07-25','A','2024-07-25 17:18:22','2024-07-25 17:18:22'),(1865,'40c9245e-db39-4d8d-b7ef-987c48d856a6','35747793-cf20-11ee-b21b-0200fd8284f8','2024-07-25','A','2024-07-25 17:20:10','2024-07-25 17:20:10'),(1866,'86da9107-adb9-4a3b-bc71-f18710d66918','35747793-cf20-11ee-b21b-0200fd8284f8','2024-07-25','A','2024-07-25 17:28:10','2024-07-25 17:28:10'),(1867,'86da9107-adb9-4a3b-bc71-f18710d66918','a444c790-c224-11ee-84c1-0200fd8284f8','2024-07-25','A','2024-07-25 17:29:38','2024-07-25 17:29:38'),(1868,'86da9107-adb9-4a3b-bc71-f18710d66918','35747793-cf20-11ee-b21b-0200fd8284f8','2024-07-25','A','2024-07-25 18:38:45','2024-07-25 18:38:45'),(1869,'86da9107-adb9-4a3b-bc71-f18710d66918','a444c790-c224-11ee-84c1-0200fd8284f8','2024-07-25','A','2024-07-25 18:47:14','2024-07-25 18:47:14'),(1870,'86da9107-adb9-4a3b-bc71-f18710d66918','a444c790-c224-11ee-84c1-0200fd8284f8','2024-07-25','A','2024-07-25 19:30:11','2024-07-25 19:30:11'),(1871,'86da9107-adb9-4a3b-bc71-f18710d66918','a444c790-c224-11ee-84c1-0200fd8284f8','2024-07-25','A','2024-07-25 19:32:07','2024-07-25 19:32:07'),(1872,'86da9107-adb9-4a3b-bc71-f18710d66918','35747793-cf20-11ee-b21b-0200fd8284f8','2024-07-25','A','2024-07-25 20:25:57','2024-07-25 20:25:57'),(1873,'86da9107-adb9-4a3b-bc71-f18710d66918','a444c790-c224-11ee-84c1-0200fd8284f8','2024-07-25','A','2024-07-25 20:28:00','2024-07-25 20:28:00'),(1874,'35f2ea39-f082-4777-87a9-99f6433bb6f8','35747793-cf20-11ee-b21b-0200fd8284f8','2024-07-26','A','2024-07-26 09:38:47','2024-07-26 09:38:47'),(1875,'56b845b7-1236-4a32-a118-982a89f230aa','35747793-cf20-11ee-b21b-0200fd8284f8','2024-07-26','A','2024-07-26 14:51:53','2024-07-26 14:51:53'),(1876,'86da9107-adb9-4a3b-bc71-f18710d66918','35747793-cf20-11ee-b21b-0200fd8284f8','2024-07-26','A','2024-07-26 18:32:36','2024-07-26 18:32:36'),(1877,'86da9107-adb9-4a3b-bc71-f18710d66918','35747793-cf20-11ee-b21b-0200fd8284f8','2024-07-26','A','2024-07-26 18:38:16','2024-07-26 18:38:16'),(1878,'86da9107-adb9-4a3b-bc71-f18710d66918','a444c790-c224-11ee-84c1-0200fd8284f8','2024-07-26','A','2024-07-26 18:39:52','2024-07-26 18:39:52'),(1879,'86da9107-adb9-4a3b-bc71-f18710d66918','35747793-cf20-11ee-b21b-0200fd8284f8','2024-07-26','A','2024-07-26 18:42:39','2024-07-26 18:42:39'),(1880,'86da9107-adb9-4a3b-bc71-f18710d66918','a444c790-c224-11ee-84c1-0200fd8284f8','2024-07-26','A','2024-07-26 18:45:24','2024-07-26 18:45:24'),(1881,'86da9107-adb9-4a3b-bc71-f18710d66918','35747793-cf20-11ee-b21b-0200fd8284f8','2024-07-26','A','2024-07-26 18:55:48','2024-07-26 18:55:48'),(1882,'19fb1f0a-6b2c-4e12-8be6-11fe55e8482c','a444c790-c224-11ee-84c1-0200fd8284f8','2024-07-26','A','2024-07-26 19:08:13','2024-07-26 19:08:13'),(1883,'56b845b7-1236-4a32-a118-982a89f230aa','35747793-cf20-11ee-b21b-0200fd8284f8','2024-07-26','A','2024-07-26 20:04:00','2024-07-26 20:04:00'),(1884,'19fb1f0a-6b2c-4e12-8be6-11fe55e8482c','a444c790-c224-11ee-84c1-0200fd8284f8','2024-07-27','A','2024-07-27 09:22:20','2024-07-27 09:22:20'),(1885,'40c9245e-db39-4d8d-b7ef-987c48d856a6','35747793-cf20-11ee-b21b-0200fd8284f8','2024-07-27','A','2024-07-27 10:21:59','2024-07-27 10:21:59'),(1886,'35f2ea39-f082-4777-87a9-99f6433bb6f8','35747793-cf20-11ee-b21b-0200fd8284f8','2024-07-27','A','2024-07-27 15:41:18','2024-07-27 15:41:18'),(1887,'19fb1f0a-6b2c-4e12-8be6-11fe55e8482c','a444c790-c224-11ee-84c1-0200fd8284f8','2024-07-27','A','2024-07-27 16:06:02','2024-07-27 16:06:02'),(1888,'19fb1f0a-6b2c-4e12-8be6-11fe55e8482c','a444c790-c224-11ee-84c1-0200fd8284f8','2024-07-27','A','2024-07-27 16:30:19','2024-07-27 16:30:19'),(1889,'19fb1f0a-6b2c-4e12-8be6-11fe55e8482c','a444c790-c224-11ee-84c1-0200fd8284f8','2024-07-27','A','2024-07-27 16:31:28','2024-07-27 16:31:28'),(1890,'40c9245e-db39-4d8d-b7ef-987c48d856a6','35747793-cf20-11ee-b21b-0200fd8284f8','2024-07-27','A','2024-07-27 17:21:34','2024-07-27 17:21:34'),(1891,'56b845b7-1236-4a32-a118-982a89f230aa','35747793-cf20-11ee-b21b-0200fd8284f8','2024-07-29','A','2024-07-29 08:05:35','2024-07-29 08:05:35'),(1892,'56b845b7-1236-4a32-a118-982a89f230aa','35747793-cf20-11ee-b21b-0200fd8284f8','2024-07-29','A','2024-07-29 17:49:48','2024-07-29 17:49:48'),(1893,'35f2ea39-f082-4777-87a9-99f6433bb6f8','35747793-cf20-11ee-b21b-0200fd8284f8','2024-07-30','A','2024-07-30 08:05:37','2024-07-30 08:05:37'),(1894,'35f2ea39-f082-4777-87a9-99f6433bb6f8','35747793-cf20-11ee-b21b-0200fd8284f8','2024-07-30','A','2024-07-30 10:52:32','2024-07-30 10:52:32'),(1895,'35f2ea39-f082-4777-87a9-99f6433bb6f8','35747793-cf20-11ee-b21b-0200fd8284f8','2024-07-31','A','2024-07-31 08:29:28','2024-07-31 08:29:28'),(1896,'69abe0de-7812-41bd-9124-6a7238aee7d1','a444c790-c224-11ee-84c1-0200fd8284f8','2024-07-31','A','2024-07-31 10:18:35','2024-07-31 10:18:35'),(1897,'69abe0de-7812-41bd-9124-6a7238aee7d1','35747793-cf20-11ee-b21b-0200fd8284f8','2024-07-31','A','2024-07-31 10:18:51','2024-07-31 10:18:51'),(1898,'86da9107-adb9-4a3b-bc71-f18710d66918','35747793-cf20-11ee-b21b-0200fd8284f8','2024-07-31','A','2024-07-31 17:19:59','2024-07-31 17:19:59'),(1899,'56b845b7-1236-4a32-a118-982a89f230aa','35747793-cf20-11ee-b21b-0200fd8284f8','2024-07-31','A','2024-07-31 17:34:20','2024-07-31 17:34:20'),(1900,'86da9107-adb9-4a3b-bc71-f18710d66918','a444c790-c224-11ee-84c1-0200fd8284f8','2024-07-31','A','2024-07-31 20:10:12','2024-07-31 20:10:12'),(1901,'86da9107-adb9-4a3b-bc71-f18710d66918','35747793-cf20-11ee-b21b-0200fd8284f8','2024-07-31','A','2024-07-31 21:39:57','2024-07-31 21:39:57'),(1902,'86da9107-adb9-4a3b-bc71-f18710d66918','a444c790-c224-11ee-84c1-0200fd8284f8','2024-07-31','A','2024-07-31 21:47:42','2024-07-31 21:47:42'),(1903,'69abe0de-7812-41bd-9124-6a7238aee7d1','a444c790-c224-11ee-84c1-0200fd8284f8','2024-08-01','A','2024-08-01 10:19:02','2024-08-01 10:19:02'),(1904,'86da9107-adb9-4a3b-bc71-f18710d66918','a444c790-c224-11ee-84c1-0200fd8284f8','2024-08-01','A','2024-08-01 10:22:30','2024-08-01 10:22:30'),(1905,'77ce28f7-8cba-4c20-aa61-e88eade33a9e','a444c790-c224-11ee-84c1-0200fd8284f8','2024-08-01','A','2024-08-01 11:39:16','2024-08-01 11:39:16'),(1906,'77ce28f7-8cba-4c20-aa61-e88eade33a9e','35747793-cf20-11ee-b21b-0200fd8284f8','2024-08-01','A','2024-08-01 11:43:49','2024-08-01 11:43:49'),(1907,'86da9107-adb9-4a3b-bc71-f18710d66918','35747793-cf20-11ee-b21b-0200fd8284f8','2024-08-01','A','2024-08-01 14:08:00','2024-08-01 14:08:00'),(1908,'56b845b7-1236-4a32-a118-982a89f230aa','35747793-cf20-11ee-b21b-0200fd8284f8','2024-08-01','A','2024-08-01 14:10:21','2024-08-01 14:10:21'),(1909,'86da9107-adb9-4a3b-bc71-f18710d66918','35747793-cf20-11ee-b21b-0200fd8284f8','2024-08-01','A','2024-08-01 15:29:15','2024-08-01 15:29:15'),(1910,'86da9107-adb9-4a3b-bc71-f18710d66918','a444c790-c224-11ee-84c1-0200fd8284f8','2024-08-01','A','2024-08-01 15:30:14','2024-08-01 15:30:14'),(1911,'86da9107-adb9-4a3b-bc71-f18710d66918','35747793-cf20-11ee-b21b-0200fd8284f8','2024-08-01','A','2024-08-01 15:49:42','2024-08-01 15:49:42'),(1912,'86da9107-adb9-4a3b-bc71-f18710d66918','a444c790-c224-11ee-84c1-0200fd8284f8','2024-08-01','A','2024-08-01 18:29:49','2024-08-01 18:29:49'),(1913,'86da9107-adb9-4a3b-bc71-f18710d66918','35747793-cf20-11ee-b21b-0200fd8284f8','2024-08-01','A','2024-08-01 20:16:03','2024-08-01 20:16:03'),(1914,'35f2ea39-f082-4777-87a9-99f6433bb6f8','35747793-cf20-11ee-b21b-0200fd8284f8','2024-08-02','A','2024-08-02 08:20:40','2024-08-02 08:20:40'),(1915,'35f2ea39-f082-4777-87a9-99f6433bb6f8','35747793-cf20-11ee-b21b-0200fd8284f8','2024-08-02','A','2024-08-02 12:21:06','2024-08-02 12:21:06'),(1916,'86da9107-adb9-4a3b-bc71-f18710d66918','a444c790-c224-11ee-84c1-0200fd8284f8','2024-08-02','A','2024-08-02 13:57:55','2024-08-02 13:57:55'),(1917,'86da9107-adb9-4a3b-bc71-f18710d66918','35747793-cf20-11ee-b21b-0200fd8284f8','2024-08-02','A','2024-08-02 14:07:09','2024-08-02 14:07:09'),(1918,'56b845b7-1236-4a32-a118-982a89f230aa','35747793-cf20-11ee-b21b-0200fd8284f8','2024-08-02','A','2024-08-02 15:18:58','2024-08-02 15:18:58'),(1919,'86da9107-adb9-4a3b-bc71-f18710d66918','a444c790-c224-11ee-84c1-0200fd8284f8','2024-08-02','A','2024-08-02 19:40:16','2024-08-02 19:40:16'),(1920,'86da9107-adb9-4a3b-bc71-f18710d66918','a444c790-c224-11ee-84c1-0200fd8284f8','2024-08-02','A','2024-08-02 21:02:32','2024-08-02 21:02:32'),(1921,'86da9107-adb9-4a3b-bc71-f18710d66918','35747793-cf20-11ee-b21b-0200fd8284f8','2024-08-02','A','2024-08-02 21:07:57','2024-08-02 21:07:57'),(1922,'35f2ea39-f082-4777-87a9-99f6433bb6f8','35747793-cf20-11ee-b21b-0200fd8284f8','2024-08-03','A','2024-08-03 11:48:29','2024-08-03 11:48:29'),(1923,'86da9107-adb9-4a3b-bc71-f18710d66918','35747793-cf20-11ee-b21b-0200fd8284f8','2024-08-03','A','2024-08-03 15:34:49','2024-08-03 15:34:49'),(1924,'86da9107-adb9-4a3b-bc71-f18710d66918','a444c790-c224-11ee-84c1-0200fd8284f8','2024-08-03','A','2024-08-03 16:22:40','2024-08-03 16:22:40'),(1925,'86da9107-adb9-4a3b-bc71-f18710d66918','a444c790-c224-11ee-84c1-0200fd8284f8','2024-08-03','A','2024-08-03 16:33:02','2024-08-03 16:33:02'),(1926,'86da9107-adb9-4a3b-bc71-f18710d66918','35747793-cf20-11ee-b21b-0200fd8284f8','2024-08-03','A','2024-08-03 16:33:06','2024-08-03 16:33:06'),(1927,'86da9107-adb9-4a3b-bc71-f18710d66918','a444c790-c224-11ee-84c1-0200fd8284f8','2024-08-03','A','2024-08-03 17:07:18','2024-08-03 17:07:18'),(1928,'86da9107-adb9-4a3b-bc71-f18710d66918','35747793-cf20-11ee-b21b-0200fd8284f8','2024-08-03','A','2024-08-03 17:21:05','2024-08-03 17:21:05'),(1929,'86da9107-adb9-4a3b-bc71-f18710d66918','a444c790-c224-11ee-84c1-0200fd8284f8','2024-08-03','A','2024-08-03 17:28:39','2024-08-03 17:28:39'),(1930,'35f2ea39-f082-4777-87a9-99f6433bb6f8','35747793-cf20-11ee-b21b-0200fd8284f8','2024-08-03','A','2024-08-03 18:25:14','2024-08-03 18:25:14'),(1931,'86da9107-adb9-4a3b-bc71-f18710d66918','35747793-cf20-11ee-b21b-0200fd8284f8','2024-08-03','A','2024-08-03 19:51:29','2024-08-03 19:51:29'),(1932,'86da9107-adb9-4a3b-bc71-f18710d66918','35747793-cf20-11ee-b21b-0200fd8284f8','2024-08-03','A','2024-08-03 20:19:26','2024-08-03 20:19:26'),(1933,'86da9107-adb9-4a3b-bc71-f18710d66918','a444c790-c224-11ee-84c1-0200fd8284f8','2024-08-03','A','2024-08-03 20:19:39','2024-08-03 20:19:39'),(1934,'86da9107-adb9-4a3b-bc71-f18710d66918','35747793-cf20-11ee-b21b-0200fd8284f8','2024-08-03','A','2024-08-03 20:24:47','2024-08-03 20:24:47'),(1935,'86da9107-adb9-4a3b-bc71-f18710d66918','a444c790-c224-11ee-84c1-0200fd8284f8','2024-08-03','A','2024-08-03 20:52:59','2024-08-03 20:52:59'),(1936,'86da9107-adb9-4a3b-bc71-f18710d66918','a444c790-c224-11ee-84c1-0200fd8284f8','2024-08-05','A','2024-08-05 09:56:55','2024-08-05 09:56:55'),(1937,'56b845b7-1236-4a32-a118-982a89f230aa','35747793-cf20-11ee-b21b-0200fd8284f8','2024-08-05','A','2024-08-05 10:50:20','2024-08-05 10:50:20'),(1938,'86da9107-adb9-4a3b-bc71-f18710d66918','35747793-cf20-11ee-b21b-0200fd8284f8','2024-08-05','A','2024-08-05 10:59:36','2024-08-05 10:59:36'),(1939,'86da9107-adb9-4a3b-bc71-f18710d66918','a444c790-c224-11ee-84c1-0200fd8284f8','2024-08-05','A','2024-08-05 11:02:39','2024-08-05 11:02:39'),(1940,'86da9107-adb9-4a3b-bc71-f18710d66918','35747793-cf20-11ee-b21b-0200fd8284f8','2024-08-05','A','2024-08-05 11:43:26','2024-08-05 11:43:26'),(1941,'86da9107-adb9-4a3b-bc71-f18710d66918','a444c790-c224-11ee-84c1-0200fd8284f8','2024-08-05','A','2024-08-05 13:15:20','2024-08-05 13:15:20'),(1942,'86da9107-adb9-4a3b-bc71-f18710d66918','a444c790-c224-11ee-84c1-0200fd8284f8','2024-08-05','A','2024-08-05 13:16:07','2024-08-05 13:16:07'),(1943,'86da9107-adb9-4a3b-bc71-f18710d66918','35747793-cf20-11ee-b21b-0200fd8284f8','2024-08-05','A','2024-08-05 13:16:26','2024-08-05 13:16:26'),(1944,'86da9107-adb9-4a3b-bc71-f18710d66918','a444c790-c224-11ee-84c1-0200fd8284f8','2024-08-05','A','2024-08-05 13:22:01','2024-08-05 13:22:01'),(1945,'86da9107-adb9-4a3b-bc71-f18710d66918','35747793-cf20-11ee-b21b-0200fd8284f8','2024-08-05','A','2024-08-05 14:08:01','2024-08-05 14:08:01'),(1946,'86da9107-adb9-4a3b-bc71-f18710d66918','a444c790-c224-11ee-84c1-0200fd8284f8','2024-08-05','A','2024-08-05 14:48:40','2024-08-05 14:48:40'),(1947,'56b845b7-1236-4a32-a118-982a89f230aa','35747793-cf20-11ee-b21b-0200fd8284f8','2024-08-05','A','2024-08-05 15:21:09','2024-08-05 15:21:09'),(1948,'56b845b7-1236-4a32-a118-982a89f230aa','35747793-cf20-11ee-b21b-0200fd8284f8','2024-08-05','A','2024-08-05 16:54:57','2024-08-05 16:54:57'),(1949,'86da9107-adb9-4a3b-bc71-f18710d66918','35747793-cf20-11ee-b21b-0200fd8284f8','2024-08-05','A','2024-08-05 17:07:55','2024-08-05 17:07:55'),(1950,'86da9107-adb9-4a3b-bc71-f18710d66918','a444c790-c224-11ee-84c1-0200fd8284f8','2024-08-05','A','2024-08-05 17:12:57','2024-08-05 17:12:57'),(1951,'56b845b7-1236-4a32-a118-982a89f230aa','35747793-cf20-11ee-b21b-0200fd8284f8','2024-08-05','A','2024-08-05 17:34:08','2024-08-05 17:34:08'),(1952,'86da9107-adb9-4a3b-bc71-f18710d66918','35747793-cf20-11ee-b21b-0200fd8284f8','2024-08-05','A','2024-08-05 18:01:27','2024-08-05 18:01:27'),(1953,'86da9107-adb9-4a3b-bc71-f18710d66918','a444c790-c224-11ee-84c1-0200fd8284f8','2024-08-05','A','2024-08-05 18:12:42','2024-08-05 18:12:42'),(1954,'86da9107-adb9-4a3b-bc71-f18710d66918','a444c790-c224-11ee-84c1-0200fd8284f8','2024-08-05','A','2024-08-05 18:21:17','2024-08-05 18:21:17'),(1955,'86da9107-adb9-4a3b-bc71-f18710d66918','35747793-cf20-11ee-b21b-0200fd8284f8','2024-08-05','A','2024-08-05 18:22:28','2024-08-05 18:22:28'),(1956,'86da9107-adb9-4a3b-bc71-f18710d66918','a444c790-c224-11ee-84c1-0200fd8284f8','2024-08-05','A','2024-08-05 18:23:13','2024-08-05 18:23:13'),(1957,'86da9107-adb9-4a3b-bc71-f18710d66918','35747793-cf20-11ee-b21b-0200fd8284f8','2024-08-05','A','2024-08-05 18:28:37','2024-08-05 18:28:37'),(1958,'86da9107-adb9-4a3b-bc71-f18710d66918','a444c790-c224-11ee-84c1-0200fd8284f8','2024-08-05','A','2024-08-05 18:32:55','2024-08-05 18:32:55'),(1959,'86da9107-adb9-4a3b-bc71-f18710d66918','35747793-cf20-11ee-b21b-0200fd8284f8','2024-08-05','A','2024-08-05 20:19:52','2024-08-05 20:19:52'),(1960,'86da9107-adb9-4a3b-bc71-f18710d66918','a444c790-c224-11ee-84c1-0200fd8284f8','2024-08-05','A','2024-08-05 20:26:22','2024-08-05 20:26:22'),(1961,'86da9107-adb9-4a3b-bc71-f18710d66918','35747793-cf20-11ee-b21b-0200fd8284f8','2024-08-05','A','2024-08-05 20:31:52','2024-08-05 20:31:52'),(1962,'86da9107-adb9-4a3b-bc71-f18710d66918','a444c790-c224-11ee-84c1-0200fd8284f8','2024-08-07','A','2024-08-07 11:04:41','2024-08-07 11:04:41'),(1963,'86da9107-adb9-4a3b-bc71-f18710d66918','35747793-cf20-11ee-b21b-0200fd8284f8','2024-08-07','A','2024-08-07 11:13:05','2024-08-07 11:13:05'),(1964,'40c9245e-db39-4d8d-b7ef-987c48d856a6','35747793-cf20-11ee-b21b-0200fd8284f8','2024-08-07','A','2024-08-07 11:29:02','2024-08-07 11:29:02'),(1965,'40c9245e-db39-4d8d-b7ef-987c48d856a6','35747793-cf20-11ee-b21b-0200fd8284f8','2024-08-07','A','2024-08-07 16:25:12','2024-08-07 16:25:12'),(1966,'19fb1f0a-6b2c-4e12-8be6-11fe55e8482c','a444c790-c224-11ee-84c1-0200fd8284f8','2024-08-07','A','2024-08-07 16:55:08','2024-08-07 16:55:08'),(1967,'86da9107-adb9-4a3b-bc71-f18710d66918','a444c790-c224-11ee-84c1-0200fd8284f8','2024-08-07','A','2024-08-07 18:22:38','2024-08-07 18:22:38'),(1968,'86da9107-adb9-4a3b-bc71-f18710d66918','35747793-cf20-11ee-b21b-0200fd8284f8','2024-08-07','A','2024-08-07 18:26:33','2024-08-07 18:26:33'),(1969,'86da9107-adb9-4a3b-bc71-f18710d66918','a444c790-c224-11ee-84c1-0200fd8284f8','2024-08-07','A','2024-08-07 18:28:22','2024-08-07 18:28:22'),(1970,'86da9107-adb9-4a3b-bc71-f18710d66918','a444c790-c224-11ee-84c1-0200fd8284f8','2024-08-07','A','2024-08-07 18:34:16','2024-08-07 18:34:16'),(1971,'86da9107-adb9-4a3b-bc71-f18710d66918','35747793-cf20-11ee-b21b-0200fd8284f8','2024-08-07','A','2024-08-07 18:35:04','2024-08-07 18:35:04'),(1972,'86da9107-adb9-4a3b-bc71-f18710d66918','a444c790-c224-11ee-84c1-0200fd8284f8','2024-08-07','A','2024-08-07 18:36:50','2024-08-07 18:36:50'),(1973,'19fb1f0a-6b2c-4e12-8be6-11fe55e8482c','a444c790-c224-11ee-84c1-0200fd8284f8','2024-08-07','A','2024-08-07 18:39:49','2024-08-07 18:39:49'),(1974,'40c9245e-db39-4d8d-b7ef-987c48d856a6','35747793-cf20-11ee-b21b-0200fd8284f8','2024-08-07','A','2024-08-07 19:35:15','2024-08-07 19:35:15'),(1975,'86da9107-adb9-4a3b-bc71-f18710d66918','35747793-cf20-11ee-b21b-0200fd8284f8','2024-08-07','A','2024-08-07 20:20:10','2024-08-07 20:20:10'),(1976,'86da9107-adb9-4a3b-bc71-f18710d66918','a444c790-c224-11ee-84c1-0200fd8284f8','2024-08-07','A','2024-08-07 20:35:01','2024-08-07 20:35:01'),(1977,'86da9107-adb9-4a3b-bc71-f18710d66918','35747793-cf20-11ee-b21b-0200fd8284f8','2024-08-07','A','2024-08-07 20:36:07','2024-08-07 20:36:07'),(1978,'86da9107-adb9-4a3b-bc71-f18710d66918','a444c790-c224-11ee-84c1-0200fd8284f8','2024-08-07','A','2024-08-07 20:41:01','2024-08-07 20:41:01'),(1979,'86da9107-adb9-4a3b-bc71-f18710d66918','35747793-cf20-11ee-b21b-0200fd8284f8','2024-08-07','A','2024-08-07 20:41:26','2024-08-07 20:41:26'),(1980,'86da9107-adb9-4a3b-bc71-f18710d66918','a444c790-c224-11ee-84c1-0200fd8284f8','2024-08-07','A','2024-08-07 20:43:55','2024-08-07 20:43:55'),(1981,'40c9245e-db39-4d8d-b7ef-987c48d856a6','35747793-cf20-11ee-b21b-0200fd8284f8','2024-08-08','A','2024-08-08 08:19:08','2024-08-08 08:19:08'),(1982,'86da9107-adb9-4a3b-bc71-f18710d66918','a444c790-c224-11ee-84c1-0200fd8284f8','2024-08-08','A','2024-08-08 09:16:32','2024-08-08 09:16:32'),(1983,'86da9107-adb9-4a3b-bc71-f18710d66918','35747793-cf20-11ee-b21b-0200fd8284f8','2024-08-08','A','2024-08-08 09:21:32','2024-08-08 09:21:32'),(1984,'86da9107-adb9-4a3b-bc71-f18710d66918','a444c790-c224-11ee-84c1-0200fd8284f8','2024-08-08','A','2024-08-08 09:40:34','2024-08-08 09:40:34'),(1985,'86da9107-adb9-4a3b-bc71-f18710d66918','a444c790-c224-11ee-84c1-0200fd8284f8','2024-08-08','A','2024-08-08 10:05:26','2024-08-08 10:05:26'),(1986,'86da9107-adb9-4a3b-bc71-f18710d66918','a444c790-c224-11ee-84c1-0200fd8284f8','2024-08-08','A','2024-08-08 10:29:23','2024-08-08 10:29:23'),(1987,'86da9107-adb9-4a3b-bc71-f18710d66918','35747793-cf20-11ee-b21b-0200fd8284f8','2024-08-08','A','2024-08-08 10:29:40','2024-08-08 10:29:40'),(1988,'40c9245e-db39-4d8d-b7ef-987c48d856a6','35747793-cf20-11ee-b21b-0200fd8284f8','2024-08-08','A','2024-08-08 10:42:58','2024-08-08 10:42:58'),(1989,'40c9245e-db39-4d8d-b7ef-987c48d856a6','35747793-cf20-11ee-b21b-0200fd8284f8','2024-08-08','A','2024-08-08 14:15:52','2024-08-08 14:15:52'),(1990,'40c9245e-db39-4d8d-b7ef-987c48d856a6','35747793-cf20-11ee-b21b-0200fd8284f8','2024-08-08','A','2024-08-08 14:30:57','2024-08-08 14:30:57'),(1991,'86da9107-adb9-4a3b-bc71-f18710d66918','a444c790-c224-11ee-84c1-0200fd8284f8','2024-08-08','A','2024-08-08 14:51:10','2024-08-08 14:51:10'),(1992,'86da9107-adb9-4a3b-bc71-f18710d66918','35747793-cf20-11ee-b21b-0200fd8284f8','2024-08-08','A','2024-08-08 14:57:04','2024-08-08 14:57:04'),(1993,'86da9107-adb9-4a3b-bc71-f18710d66918','35747793-cf20-11ee-b21b-0200fd8284f8','2024-08-08','A','2024-08-08 15:23:20','2024-08-08 15:23:20'),(1994,'86da9107-adb9-4a3b-bc71-f18710d66918','a444c790-c224-11ee-84c1-0200fd8284f8','2024-08-08','A','2024-08-08 15:27:28','2024-08-08 15:27:28'),(1995,'86da9107-adb9-4a3b-bc71-f18710d66918','35747793-cf20-11ee-b21b-0200fd8284f8','2024-08-08','A','2024-08-08 15:29:46','2024-08-08 15:29:46'),(1996,'86da9107-adb9-4a3b-bc71-f18710d66918','a444c790-c224-11ee-84c1-0200fd8284f8','2024-08-08','A','2024-08-08 15:31:34','2024-08-08 15:31:34'),(1997,'86da9107-adb9-4a3b-bc71-f18710d66918','a444c790-c224-11ee-84c1-0200fd8284f8','2024-08-08','A','2024-08-08 15:35:56','2024-08-08 15:35:56'),(1998,'86da9107-adb9-4a3b-bc71-f18710d66918','35747793-cf20-11ee-b21b-0200fd8284f8','2024-08-08','A','2024-08-08 15:38:06','2024-08-08 15:38:06'),(1999,'86da9107-adb9-4a3b-bc71-f18710d66918','a444c790-c224-11ee-84c1-0200fd8284f8','2024-08-08','A','2024-08-08 15:38:55','2024-08-08 15:38:55'),(2000,'86da9107-adb9-4a3b-bc71-f18710d66918','a444c790-c224-11ee-84c1-0200fd8284f8','2024-08-08','A','2024-08-08 17:01:20','2024-08-08 17:01:20'),(2001,'86da9107-adb9-4a3b-bc71-f18710d66918','35747793-cf20-11ee-b21b-0200fd8284f8','2024-08-08','A','2024-08-08 17:04:38','2024-08-08 17:04:38'),(2002,'19fb1f0a-6b2c-4e12-8be6-11fe55e8482c','a444c790-c224-11ee-84c1-0200fd8284f8','2024-08-08','A','2024-08-08 18:04:52','2024-08-08 18:04:52'),(2003,'86da9107-adb9-4a3b-bc71-f18710d66918','35747793-cf20-11ee-b21b-0200fd8284f8','2024-08-08','A','2024-08-08 21:48:10','2024-08-08 21:48:10'),(2004,'86da9107-adb9-4a3b-bc71-f18710d66918','a444c790-c224-11ee-84c1-0200fd8284f8','2024-08-08','A','2024-08-08 22:04:03','2024-08-08 22:04:03'),(2005,'35f2ea39-f082-4777-87a9-99f6433bb6f8','35747793-cf20-11ee-b21b-0200fd8284f8','2024-08-09','A','2024-08-09 08:06:09','2024-08-09 08:06:09'),(2006,'19fb1f0a-6b2c-4e12-8be6-11fe55e8482c','a444c790-c224-11ee-84c1-0200fd8284f8','2024-08-09','A','2024-08-09 09:25:37','2024-08-09 09:25:37'),(2007,'86da9107-adb9-4a3b-bc71-f18710d66918','35747793-cf20-11ee-b21b-0200fd8284f8','2024-08-09','A','2024-08-09 12:37:16','2024-08-09 12:37:16'),(2008,'86da9107-adb9-4a3b-bc71-f18710d66918','a444c790-c224-11ee-84c1-0200fd8284f8','2024-08-09','A','2024-08-09 14:11:04','2024-08-09 14:11:04'),(2009,'86da9107-adb9-4a3b-bc71-f18710d66918','35747793-cf20-11ee-b21b-0200fd8284f8','2024-08-09','A','2024-08-09 14:28:00','2024-08-09 14:28:00'),(2010,'86da9107-adb9-4a3b-bc71-f18710d66918','a444c790-c224-11ee-84c1-0200fd8284f8','2024-08-09','A','2024-08-09 15:54:37','2024-08-09 15:54:37'),(2011,'86da9107-adb9-4a3b-bc71-f18710d66918','a444c790-c224-11ee-84c1-0200fd8284f8','2024-08-09','A','2024-08-09 17:16:51','2024-08-09 17:16:51'),(2012,'86da9107-adb9-4a3b-bc71-f18710d66918','35747793-cf20-11ee-b21b-0200fd8284f8','2024-08-09','A','2024-08-09 17:54:32','2024-08-09 17:54:32'),(2013,'86da9107-adb9-4a3b-bc71-f18710d66918','a444c790-c224-11ee-84c1-0200fd8284f8','2024-08-09','A','2024-08-09 17:57:15','2024-08-09 17:57:15'),(2014,'86da9107-adb9-4a3b-bc71-f18710d66918','a444c790-c224-11ee-84c1-0200fd8284f8','2024-08-09','A','2024-08-09 18:00:11','2024-08-09 18:00:11'),(2015,'86da9107-adb9-4a3b-bc71-f18710d66918','35747793-cf20-11ee-b21b-0200fd8284f8','2024-08-09','A','2024-08-09 19:08:19','2024-08-09 19:08:19'),(2016,'86da9107-adb9-4a3b-bc71-f18710d66918','a444c790-c224-11ee-84c1-0200fd8284f8','2024-08-09','A','2024-08-09 19:45:03','2024-08-09 19:45:03'),(2017,'86da9107-adb9-4a3b-bc71-f18710d66918','35747793-cf20-11ee-b21b-0200fd8284f8','2024-08-09','A','2024-08-09 19:51:25','2024-08-09 19:51:25'),(2018,'19fb1f0a-6b2c-4e12-8be6-11fe55e8482c','a444c790-c224-11ee-84c1-0200fd8284f8','2024-08-09','A','2024-08-09 20:20:33','2024-08-09 20:20:33'),(2019,'86da9107-adb9-4a3b-bc71-f18710d66918','a444c790-c224-11ee-84c1-0200fd8284f8','2024-08-09','A','2024-08-09 20:21:54','2024-08-09 20:21:54'),(2020,'86da9107-adb9-4a3b-bc71-f18710d66918','35747793-cf20-11ee-b21b-0200fd8284f8','2024-08-10','A','2024-08-10 16:02:04','2024-08-10 16:02:04'),(2021,'40c9245e-db39-4d8d-b7ef-987c48d856a6','35747793-cf20-11ee-b21b-0200fd8284f8','2024-08-10','A','2024-08-10 16:04:00','2024-08-10 16:04:00'),(2022,'86da9107-adb9-4a3b-bc71-f18710d66918','a444c790-c224-11ee-84c1-0200fd8284f8','2024-08-10','A','2024-08-10 16:17:54','2024-08-10 16:17:54'),(2023,'40c9245e-db39-4d8d-b7ef-987c48d856a6','35747793-cf20-11ee-b21b-0200fd8284f8','2024-08-10','A','2024-08-10 16:22:24','2024-08-10 16:22:24'),(2024,'86da9107-adb9-4a3b-bc71-f18710d66918','35747793-cf20-11ee-b21b-0200fd8284f8','2024-08-10','A','2024-08-10 16:37:12','2024-08-10 16:37:12'),(2025,'86da9107-adb9-4a3b-bc71-f18710d66918','a444c790-c224-11ee-84c1-0200fd8284f8','2024-08-10','A','2024-08-10 17:21:42','2024-08-10 17:21:42'),(2026,'86da9107-adb9-4a3b-bc71-f18710d66918','35747793-cf20-11ee-b21b-0200fd8284f8','2024-08-10','A','2024-08-10 17:45:42','2024-08-10 17:45:42'),(2027,'86da9107-adb9-4a3b-bc71-f18710d66918','a444c790-c224-11ee-84c1-0200fd8284f8','2024-08-10','A','2024-08-10 18:09:16','2024-08-10 18:09:16'),(2028,'86da9107-adb9-4a3b-bc71-f18710d66918','35747793-cf20-11ee-b21b-0200fd8284f8','2024-08-10','A','2024-08-10 18:11:50','2024-08-10 18:11:50'),(2029,'86da9107-adb9-4a3b-bc71-f18710d66918','a444c790-c224-11ee-84c1-0200fd8284f8','2024-08-10','A','2024-08-10 18:14:10','2024-08-10 18:14:10'),(2030,'86da9107-adb9-4a3b-bc71-f18710d66918','35747793-cf20-11ee-b21b-0200fd8284f8','2024-08-10','A','2024-08-10 20:32:17','2024-08-10 20:32:17'),(2031,'86da9107-adb9-4a3b-bc71-f18710d66918','35747793-cf20-11ee-b21b-0200fd8284f8','2024-08-12','A','2024-08-12 10:17:48','2024-08-12 10:17:48'),(2032,'56b845b7-1236-4a32-a118-982a89f230aa','35747793-cf20-11ee-b21b-0200fd8284f8','2024-08-12','A','2024-08-12 10:28:09','2024-08-12 10:28:09'),(2033,'86da9107-adb9-4a3b-bc71-f18710d66918','a444c790-c224-11ee-84c1-0200fd8284f8','2024-08-12','A','2024-08-12 11:48:53','2024-08-12 11:48:53'),(2034,'86da9107-adb9-4a3b-bc71-f18710d66918','35747793-cf20-11ee-b21b-0200fd8284f8','2024-08-12','A','2024-08-12 15:27:44','2024-08-12 15:27:44'),(2035,'35f2ea39-f082-4777-87a9-99f6433bb6f8','35747793-cf20-11ee-b21b-0200fd8284f8','2024-08-12','A','2024-08-12 15:31:11','2024-08-12 15:31:11'),(2036,'86da9107-adb9-4a3b-bc71-f18710d66918','a444c790-c224-11ee-84c1-0200fd8284f8','2024-08-12','A','2024-08-12 16:22:55','2024-08-12 16:22:55'),(2037,'86da9107-adb9-4a3b-bc71-f18710d66918','35747793-cf20-11ee-b21b-0200fd8284f8','2024-08-12','A','2024-08-12 16:32:55','2024-08-12 16:32:55'),(2038,'86da9107-adb9-4a3b-bc71-f18710d66918','a444c790-c224-11ee-84c1-0200fd8284f8','2024-08-12','A','2024-08-12 18:08:17','2024-08-12 18:08:17'),(2039,'86da9107-adb9-4a3b-bc71-f18710d66918','35747793-cf20-11ee-b21b-0200fd8284f8','2024-08-12','A','2024-08-12 18:10:38','2024-08-12 18:10:38'),(2040,'86da9107-adb9-4a3b-bc71-f18710d66918','a444c790-c224-11ee-84c1-0200fd8284f8','2024-08-12','A','2024-08-12 18:11:55','2024-08-12 18:11:55'),(2041,'86da9107-adb9-4a3b-bc71-f18710d66918','35747793-cf20-11ee-b21b-0200fd8284f8','2024-08-12','A','2024-08-12 18:12:25','2024-08-12 18:12:25'),(2042,'86da9107-adb9-4a3b-bc71-f18710d66918','a444c790-c224-11ee-84c1-0200fd8284f8','2024-08-12','A','2024-08-12 18:16:17','2024-08-12 18:16:17'),(2043,'86da9107-adb9-4a3b-bc71-f18710d66918','a444c790-c224-11ee-84c1-0200fd8284f8','2024-08-12','A','2024-08-12 19:37:14','2024-08-12 19:37:14'),(2044,'35f2ea39-f082-4777-87a9-99f6433bb6f8','35747793-cf20-11ee-b21b-0200fd8284f8','2024-08-13','A','2024-08-13 08:25:44','2024-08-13 08:25:44'),(2045,'69abe0de-7812-41bd-9124-6a7238aee7d1','35747793-cf20-11ee-b21b-0200fd8284f8','2024-08-13','A','2024-08-13 08:41:32','2024-08-13 08:41:32'),(2046,'69abe0de-7812-41bd-9124-6a7238aee7d1','a444c790-c224-11ee-84c1-0200fd8284f8','2024-08-13','A','2024-08-13 08:42:29','2024-08-13 08:42:29'),(2047,'69abe0de-7812-41bd-9124-6a7238aee7d1','a444c790-c224-11ee-84c1-0200fd8284f8','2024-08-13','A','2024-08-13 08:44:29','2024-08-13 08:44:29'),(2048,'86da9107-adb9-4a3b-bc71-f18710d66918','35747793-cf20-11ee-b21b-0200fd8284f8','2024-08-13','A','2024-08-13 10:22:38','2024-08-13 10:22:38'),(2049,'86da9107-adb9-4a3b-bc71-f18710d66918','35747793-cf20-11ee-b21b-0200fd8284f8','2024-08-13','A','2024-08-13 13:30:22','2024-08-13 13:30:22'),(2050,'86da9107-adb9-4a3b-bc71-f18710d66918','a444c790-c224-11ee-84c1-0200fd8284f8','2024-08-13','A','2024-08-13 13:36:39','2024-08-13 13:36:39'),(2051,'86da9107-adb9-4a3b-bc71-f18710d66918','35747793-cf20-11ee-b21b-0200fd8284f8','2024-08-13','A','2024-08-13 13:47:48','2024-08-13 13:47:48'),(2052,'35f2ea39-f082-4777-87a9-99f6433bb6f8','35747793-cf20-11ee-b21b-0200fd8284f8','2024-08-13','A','2024-08-13 14:46:59','2024-08-13 14:46:59'),(2053,'86da9107-adb9-4a3b-bc71-f18710d66918','a444c790-c224-11ee-84c1-0200fd8284f8','2024-08-13','A','2024-08-13 15:04:40','2024-08-13 15:04:40'),(2054,'35f2ea39-f082-4777-87a9-99f6433bb6f8','35747793-cf20-11ee-b21b-0200fd8284f8','2024-08-13','A','2024-08-13 15:49:08','2024-08-13 15:49:08'),(2055,'35f2ea39-f082-4777-87a9-99f6433bb6f8','35747793-cf20-11ee-b21b-0200fd8284f8','2024-08-13','A','2024-08-13 15:52:11','2024-08-13 15:52:11'),(2056,'86da9107-adb9-4a3b-bc71-f18710d66918','35747793-cf20-11ee-b21b-0200fd8284f8','2024-08-13','A','2024-08-13 16:05:26','2024-08-13 16:05:26'),(2057,'86da9107-adb9-4a3b-bc71-f18710d66918','35747793-cf20-11ee-b21b-0200fd8284f8','2024-08-13','A','2024-08-13 16:08:11','2024-08-13 16:08:11'),(2058,'86da9107-adb9-4a3b-bc71-f18710d66918','a444c790-c224-11ee-84c1-0200fd8284f8','2024-08-13','A','2024-08-13 16:08:21','2024-08-13 16:08:21'),(2059,'86da9107-adb9-4a3b-bc71-f18710d66918','35747793-cf20-11ee-b21b-0200fd8284f8','2024-08-13','A','2024-08-13 16:38:02','2024-08-13 16:38:02'),(2060,'86da9107-adb9-4a3b-bc71-f18710d66918','a444c790-c224-11ee-84c1-0200fd8284f8','2024-08-13','A','2024-08-13 16:40:12','2024-08-13 16:40:12'),(2061,'86da9107-adb9-4a3b-bc71-f18710d66918','35747793-cf20-11ee-b21b-0200fd8284f8','2024-08-13','A','2024-08-13 16:42:13','2024-08-13 16:42:13'),(2062,'86da9107-adb9-4a3b-bc71-f18710d66918','a444c790-c224-11ee-84c1-0200fd8284f8','2024-08-13','A','2024-08-13 16:48:30','2024-08-13 16:48:30'),(2063,'86da9107-adb9-4a3b-bc71-f18710d66918','35747793-cf20-11ee-b21b-0200fd8284f8','2024-08-13','A','2024-08-13 17:05:25','2024-08-13 17:05:25'),(2064,'86da9107-adb9-4a3b-bc71-f18710d66918','a444c790-c224-11ee-84c1-0200fd8284f8','2024-08-13','A','2024-08-13 17:13:30','2024-08-13 17:13:30'),(2065,'86da9107-adb9-4a3b-bc71-f18710d66918','35747793-cf20-11ee-b21b-0200fd8284f8','2024-08-13','A','2024-08-13 17:42:23','2024-08-13 17:42:23'),(2066,'86da9107-adb9-4a3b-bc71-f18710d66918','a444c790-c224-11ee-84c1-0200fd8284f8','2024-08-13','A','2024-08-13 17:51:33','2024-08-13 17:51:33'),(2067,'86da9107-adb9-4a3b-bc71-f18710d66918','35747793-cf20-11ee-b21b-0200fd8284f8','2024-08-13','A','2024-08-13 18:08:56','2024-08-13 18:08:56'),(2068,'86da9107-adb9-4a3b-bc71-f18710d66918','a444c790-c224-11ee-84c1-0200fd8284f8','2024-08-13','A','2024-08-13 18:09:15','2024-08-13 18:09:15'),(2069,'86da9107-adb9-4a3b-bc71-f18710d66918','35747793-cf20-11ee-b21b-0200fd8284f8','2024-08-13','A','2024-08-13 19:44:19','2024-08-13 19:44:19'),(2070,'86da9107-adb9-4a3b-bc71-f18710d66918','a444c790-c224-11ee-84c1-0200fd8284f8','2024-08-13','A','2024-08-13 19:58:04','2024-08-13 19:58:04'),(2071,'86da9107-adb9-4a3b-bc71-f18710d66918','35747793-cf20-11ee-b21b-0200fd8284f8','2024-08-13','A','2024-08-13 19:59:50','2024-08-13 19:59:50'),(2072,'86da9107-adb9-4a3b-bc71-f18710d66918','a444c790-c224-11ee-84c1-0200fd8284f8','2024-08-13','A','2024-08-13 20:01:44','2024-08-13 20:01:44'),(2073,'86da9107-adb9-4a3b-bc71-f18710d66918','a444c790-c224-11ee-84c1-0200fd8284f8','2024-08-13','A','2024-08-13 20:20:53','2024-08-13 20:20:53'),(2074,'86da9107-adb9-4a3b-bc71-f18710d66918','35747793-cf20-11ee-b21b-0200fd8284f8','2024-08-13','A','2024-08-13 20:33:41','2024-08-13 20:33:41'),(2075,'40c9245e-db39-4d8d-b7ef-987c48d856a6','35747793-cf20-11ee-b21b-0200fd8284f8','2024-08-14','A','2024-08-14 09:03:02','2024-08-14 09:03:02'),(2076,'86da9107-adb9-4a3b-bc71-f18710d66918','a444c790-c224-11ee-84c1-0200fd8284f8','2024-08-14','A','2024-08-14 09:14:33','2024-08-14 09:14:33'),(2077,'86da9107-adb9-4a3b-bc71-f18710d66918','35747793-cf20-11ee-b21b-0200fd8284f8','2024-08-14','A','2024-08-14 09:14:42','2024-08-14 09:14:42'),(2078,'86da9107-adb9-4a3b-bc71-f18710d66918','a444c790-c224-11ee-84c1-0200fd8284f8','2024-08-14','A','2024-08-14 09:34:19','2024-08-14 09:34:19'),(2079,'86da9107-adb9-4a3b-bc71-f18710d66918','35747793-cf20-11ee-b21b-0200fd8284f8','2024-08-14','A','2024-08-14 13:49:07','2024-08-14 13:49:07'),(2080,'86da9107-adb9-4a3b-bc71-f18710d66918','35747793-cf20-11ee-b21b-0200fd8284f8','2024-08-14','A','2024-08-14 15:06:40','2024-08-14 15:06:40'),(2081,'19fb1f0a-6b2c-4e12-8be6-11fe55e8482c','a444c790-c224-11ee-84c1-0200fd8284f8','2024-08-14','A','2024-08-14 15:29:24','2024-08-14 15:29:24'),(2082,'86da9107-adb9-4a3b-bc71-f18710d66918','a444c790-c224-11ee-84c1-0200fd8284f8','2024-08-14','A','2024-08-14 17:05:07','2024-08-14 17:05:07'),(2083,'86da9107-adb9-4a3b-bc71-f18710d66918','35747793-cf20-11ee-b21b-0200fd8284f8','2024-08-14','A','2024-08-14 17:13:27','2024-08-14 17:13:27'),(2084,'86da9107-adb9-4a3b-bc71-f18710d66918','a444c790-c224-11ee-84c1-0200fd8284f8','2024-08-14','A','2024-08-14 17:17:43','2024-08-14 17:17:43'),(2085,'86da9107-adb9-4a3b-bc71-f18710d66918','35747793-cf20-11ee-b21b-0200fd8284f8','2024-08-14','A','2024-08-14 17:20:23','2024-08-14 17:20:23'),(2086,'86da9107-adb9-4a3b-bc71-f18710d66918','a444c790-c224-11ee-84c1-0200fd8284f8','2024-08-14','A','2024-08-14 17:24:04','2024-08-14 17:24:04'),(2087,'86da9107-adb9-4a3b-bc71-f18710d66918','a444c790-c224-11ee-84c1-0200fd8284f8','2024-08-14','A','2024-08-14 17:25:25','2024-08-14 17:25:25'),(2088,'86da9107-adb9-4a3b-bc71-f18710d66918','35747793-cf20-11ee-b21b-0200fd8284f8','2024-08-14','A','2024-08-14 17:29:42','2024-08-14 17:29:42'),(2089,'86da9107-adb9-4a3b-bc71-f18710d66918','a444c790-c224-11ee-84c1-0200fd8284f8','2024-08-14','A','2024-08-14 17:53:33','2024-08-14 17:53:33'),(2090,'86da9107-adb9-4a3b-bc71-f18710d66918','35747793-cf20-11ee-b21b-0200fd8284f8','2024-08-14','A','2024-08-14 17:56:53','2024-08-14 17:56:53'),(2091,'86da9107-adb9-4a3b-bc71-f18710d66918','a444c790-c224-11ee-84c1-0200fd8284f8','2024-08-14','A','2024-08-14 18:01:05','2024-08-14 18:01:05'),(2092,'86da9107-adb9-4a3b-bc71-f18710d66918','35747793-cf20-11ee-b21b-0200fd8284f8','2024-08-14','A','2024-08-14 18:18:12','2024-08-14 18:18:12'),(2093,'86da9107-adb9-4a3b-bc71-f18710d66918','a444c790-c224-11ee-84c1-0200fd8284f8','2024-08-14','A','2024-08-14 18:33:29','2024-08-14 18:33:29'),(2094,'86da9107-adb9-4a3b-bc71-f18710d66918','35747793-cf20-11ee-b21b-0200fd8284f8','2024-08-14','A','2024-08-14 18:41:50','2024-08-14 18:41:50'),(2095,'86da9107-adb9-4a3b-bc71-f18710d66918','a444c790-c224-11ee-84c1-0200fd8284f8','2024-08-14','A','2024-08-14 18:51:29','2024-08-14 18:51:29'),(2096,'86da9107-adb9-4a3b-bc71-f18710d66918','35747793-cf20-11ee-b21b-0200fd8284f8','2024-08-14','A','2024-08-14 18:53:57','2024-08-14 18:53:57'),(2097,'86da9107-adb9-4a3b-bc71-f18710d66918','a444c790-c224-11ee-84c1-0200fd8284f8','2024-08-14','A','2024-08-14 19:27:01','2024-08-14 19:27:01'),(2098,'86da9107-adb9-4a3b-bc71-f18710d66918','35747793-cf20-11ee-b21b-0200fd8284f8','2024-08-14','A','2024-08-14 20:26:08','2024-08-14 20:26:08'),(2099,'40c9245e-db39-4d8d-b7ef-987c48d856a6','35747793-cf20-11ee-b21b-0200fd8284f8','2024-08-15','A','2024-08-15 08:47:34','2024-08-15 08:47:34'),(2100,'69abe0de-7812-41bd-9124-6a7238aee7d1','a444c790-c224-11ee-84c1-0200fd8284f8','2024-08-15','A','2024-08-15 09:17:18','2024-08-15 09:17:18'),(2101,'86da9107-adb9-4a3b-bc71-f18710d66918','35747793-cf20-11ee-b21b-0200fd8284f8','2024-08-15','A','2024-08-15 09:55:38','2024-08-15 09:55:38'),(2102,'86da9107-adb9-4a3b-bc71-f18710d66918','a444c790-c224-11ee-84c1-0200fd8284f8','2024-08-15','A','2024-08-15 10:46:30','2024-08-15 10:46:30'),(2103,'86da9107-adb9-4a3b-bc71-f18710d66918','35747793-cf20-11ee-b21b-0200fd8284f8','2024-08-15','A','2024-08-15 10:58:18','2024-08-15 10:58:18'),(2104,'86da9107-adb9-4a3b-bc71-f18710d66918','a444c790-c224-11ee-84c1-0200fd8284f8','2024-08-15','A','2024-08-15 11:34:19','2024-08-15 11:34:19'),(2105,'86da9107-adb9-4a3b-bc71-f18710d66918','35747793-cf20-11ee-b21b-0200fd8284f8','2024-08-15','A','2024-08-15 11:35:16','2024-08-15 11:35:16'),(2106,'86da9107-adb9-4a3b-bc71-f18710d66918','a444c790-c224-11ee-84c1-0200fd8284f8','2024-08-15','A','2024-08-15 11:36:14','2024-08-15 11:36:14'),(2107,'86da9107-adb9-4a3b-bc71-f18710d66918','35747793-cf20-11ee-b21b-0200fd8284f8','2024-08-15','A','2024-08-15 11:44:00','2024-08-15 11:44:00'),(2108,'19fb1f0a-6b2c-4e12-8be6-11fe55e8482c','a444c790-c224-11ee-84c1-0200fd8284f8','2024-08-15','A','2024-08-15 15:57:10','2024-08-15 15:57:10'),(2109,'40c9245e-db39-4d8d-b7ef-987c48d856a6','35747793-cf20-11ee-b21b-0200fd8284f8','2024-08-15','A','2024-08-15 16:41:20','2024-08-15 16:41:20'),(2110,'19fb1f0a-6b2c-4e12-8be6-11fe55e8482c','35747793-cf20-11ee-b21b-0200fd8284f8','2024-08-15','A','2024-08-15 16:44:18','2024-08-15 16:44:18'),(2111,'86da9107-adb9-4a3b-bc71-f18710d66918','35747793-cf20-11ee-b21b-0200fd8284f8','2024-08-15','A','2024-08-15 16:45:57','2024-08-15 16:45:57'),(2112,'86da9107-adb9-4a3b-bc71-f18710d66918','a444c790-c224-11ee-84c1-0200fd8284f8','2024-08-15','A','2024-08-15 16:47:19','2024-08-15 16:47:19'),(2113,'86da9107-adb9-4a3b-bc71-f18710d66918','35747793-cf20-11ee-b21b-0200fd8284f8','2024-08-15','A','2024-08-15 17:49:09','2024-08-15 17:49:09'),(2114,'86da9107-adb9-4a3b-bc71-f18710d66918','a444c790-c224-11ee-84c1-0200fd8284f8','2024-08-15','A','2024-08-15 18:01:31','2024-08-15 18:01:31'),(2115,'86da9107-adb9-4a3b-bc71-f18710d66918','35747793-cf20-11ee-b21b-0200fd8284f8','2024-08-15','A','2024-08-15 18:04:06','2024-08-15 18:04:06'),(2116,'56b845b7-1236-4a32-a118-982a89f230aa','35747793-cf20-11ee-b21b-0200fd8284f8','2024-08-15','A','2024-08-15 18:05:40','2024-08-15 18:05:40'),(2117,'35f2ea39-f082-4777-87a9-99f6433bb6f8','35747793-cf20-11ee-b21b-0200fd8284f8','2024-08-15','A','2024-08-15 18:07:03','2024-08-15 18:07:03'),(2118,'86da9107-adb9-4a3b-bc71-f18710d66918','35747793-cf20-11ee-b21b-0200fd8284f8','2024-08-15','A','2024-08-15 18:13:55','2024-08-15 18:13:55'),(2119,'86da9107-adb9-4a3b-bc71-f18710d66918','a444c790-c224-11ee-84c1-0200fd8284f8','2024-08-15','A','2024-08-15 18:19:39','2024-08-15 18:19:39'),(2120,'86da9107-adb9-4a3b-bc71-f18710d66918','a444c790-c224-11ee-84c1-0200fd8284f8','2024-08-15','A','2024-08-15 18:27:33','2024-08-15 18:27:33'),(2121,'86da9107-adb9-4a3b-bc71-f18710d66918','35747793-cf20-11ee-b21b-0200fd8284f8','2024-08-15','A','2024-08-15 18:30:20','2024-08-15 18:30:20'),(2122,'86da9107-adb9-4a3b-bc71-f18710d66918','a444c790-c224-11ee-84c1-0200fd8284f8','2024-08-15','A','2024-08-15 18:47:04','2024-08-15 18:47:04'),(2123,'40c9245e-db39-4d8d-b7ef-987c48d856a6','35747793-cf20-11ee-b21b-0200fd8284f8','2024-08-15','A','2024-08-15 18:50:05','2024-08-15 18:50:05'),(2124,'86da9107-adb9-4a3b-bc71-f18710d66918','35747793-cf20-11ee-b21b-0200fd8284f8','2024-08-15','A','2024-08-15 18:58:19','2024-08-15 18:58:19'),(2125,'19fb1f0a-6b2c-4e12-8be6-11fe55e8482c','a444c790-c224-11ee-84c1-0200fd8284f8','2024-08-15','A','2024-08-15 19:37:38','2024-08-15 19:37:38'),(2126,'19fb1f0a-6b2c-4e12-8be6-11fe55e8482c','a444c790-c224-11ee-84c1-0200fd8284f8','2024-08-15','A','2024-08-15 19:52:37','2024-08-15 19:52:37'),(2127,'86da9107-adb9-4a3b-bc71-f18710d66918','a444c790-c224-11ee-84c1-0200fd8284f8','2024-08-15','A','2024-08-15 20:44:28','2024-08-15 20:44:28'),(2128,'19fb1f0a-6b2c-4e12-8be6-11fe55e8482c','a444c790-c224-11ee-84c1-0200fd8284f8','2024-08-16','A','2024-08-16 10:48:38','2024-08-16 10:48:38'),(2129,'56b845b7-1236-4a32-a118-982a89f230aa','35747793-cf20-11ee-b21b-0200fd8284f8','2024-08-16','A','2024-08-16 12:08:55','2024-08-16 12:08:55'),(2130,'77ce28f7-8cba-4c20-aa61-e88eade33a9e','a444c790-c224-11ee-84c1-0200fd8284f8','2024-08-16','A','2024-08-16 13:20:37','2024-08-16 13:20:37'),(2131,'77ce28f7-8cba-4c20-aa61-e88eade33a9e','35747793-cf20-11ee-b21b-0200fd8284f8','2024-08-16','A','2024-08-16 13:27:14','2024-08-16 13:27:14'),(2132,'86da9107-adb9-4a3b-bc71-f18710d66918','35747793-cf20-11ee-b21b-0200fd8284f8','2024-08-16','A','2024-08-16 13:27:24','2024-08-16 13:27:24'),(2133,'19fb1f0a-6b2c-4e12-8be6-11fe55e8482c','a444c790-c224-11ee-84c1-0200fd8284f8','2024-08-16','A','2024-08-16 14:13:51','2024-08-16 14:13:51'),(2134,'86da9107-adb9-4a3b-bc71-f18710d66918','a444c790-c224-11ee-84c1-0200fd8284f8','2024-08-16','A','2024-08-16 15:22:19','2024-08-16 15:22:19'),(2135,'86da9107-adb9-4a3b-bc71-f18710d66918','35747793-cf20-11ee-b21b-0200fd8284f8','2024-08-16','A','2024-08-16 15:40:09','2024-08-16 15:40:09'),(2136,'19fb1f0a-6b2c-4e12-8be6-11fe55e8482c','a444c790-c224-11ee-84c1-0200fd8284f8','2024-08-16','A','2024-08-16 15:54:10','2024-08-16 15:54:10'),(2137,'19fb1f0a-6b2c-4e12-8be6-11fe55e8482c','a444c790-c224-11ee-84c1-0200fd8284f8','2024-08-16','A','2024-08-16 17:15:35','2024-08-16 17:15:35'),(2138,'86da9107-adb9-4a3b-bc71-f18710d66918','a444c790-c224-11ee-84c1-0200fd8284f8','2024-08-16','A','2024-08-16 18:15:28','2024-08-16 18:15:28'),(2139,'86da9107-adb9-4a3b-bc71-f18710d66918','35747793-cf20-11ee-b21b-0200fd8284f8','2024-08-16','A','2024-08-16 18:34:55','2024-08-16 18:34:55'),(2140,'86da9107-adb9-4a3b-bc71-f18710d66918','a444c790-c224-11ee-84c1-0200fd8284f8','2024-08-16','A','2024-08-16 19:21:32','2024-08-16 19:21:32'),(2141,'40c9245e-db39-4d8d-b7ef-987c48d856a6','35747793-cf20-11ee-b21b-0200fd8284f8','2024-08-16','A','2024-08-16 19:22:35','2024-08-16 19:22:35'),(2142,'86da9107-adb9-4a3b-bc71-f18710d66918','a444c790-c224-11ee-84c1-0200fd8284f8','2024-08-16','A','2024-08-16 19:29:53','2024-08-16 19:29:53'),(2143,'86da9107-adb9-4a3b-bc71-f18710d66918','35747793-cf20-11ee-b21b-0200fd8284f8','2024-08-16','A','2024-08-16 19:55:25','2024-08-16 19:55:25'),(2144,'86da9107-adb9-4a3b-bc71-f18710d66918','a444c790-c224-11ee-84c1-0200fd8284f8','2024-08-16','A','2024-08-16 20:23:17','2024-08-16 20:23:17'),(2145,'35f2ea39-f082-4777-87a9-99f6433bb6f8','35747793-cf20-11ee-b21b-0200fd8284f8','2024-08-17','A','2024-08-17 11:15:51','2024-08-17 11:15:51'),(2146,'86da9107-adb9-4a3b-bc71-f18710d66918','a444c790-c224-11ee-84c1-0200fd8284f8','2024-08-17','A','2024-08-17 16:17:06','2024-08-17 16:17:06'),(2147,'86da9107-adb9-4a3b-bc71-f18710d66918','35747793-cf20-11ee-b21b-0200fd8284f8','2024-08-17','A','2024-08-17 16:46:31','2024-08-17 16:46:31'),(2148,'86da9107-adb9-4a3b-bc71-f18710d66918','a444c790-c224-11ee-84c1-0200fd8284f8','2024-08-17','A','2024-08-17 16:55:43','2024-08-17 16:55:43'),(2149,'86da9107-adb9-4a3b-bc71-f18710d66918','35747793-cf20-11ee-b21b-0200fd8284f8','2024-08-17','A','2024-08-17 16:57:28','2024-08-17 16:57:28'),(2150,'86da9107-adb9-4a3b-bc71-f18710d66918','a444c790-c224-11ee-84c1-0200fd8284f8','2024-08-17','A','2024-08-17 17:46:37','2024-08-17 17:46:37'),(2151,'86da9107-adb9-4a3b-bc71-f18710d66918','35747793-cf20-11ee-b21b-0200fd8284f8','2024-08-17','A','2024-08-17 19:05:49','2024-08-17 19:05:49'),(2152,'19fb1f0a-6b2c-4e12-8be6-11fe55e8482c','a444c790-c224-11ee-84c1-0200fd8284f8','2024-08-19','A','2024-08-19 09:29:38','2024-08-19 09:29:38'),(2153,'19fb1f0a-6b2c-4e12-8be6-11fe55e8482c','a444c790-c224-11ee-84c1-0200fd8284f8','2024-08-19','A','2024-08-19 09:34:55','2024-08-19 09:34:55'),(2154,'86da9107-adb9-4a3b-bc71-f18710d66918','a444c790-c224-11ee-84c1-0200fd8284f8','2024-08-19','A','2024-08-19 10:14:19','2024-08-19 10:14:19'),(2155,'86da9107-adb9-4a3b-bc71-f18710d66918','35747793-cf20-11ee-b21b-0200fd8284f8','2024-08-19','A','2024-08-19 10:15:14','2024-08-19 10:15:14'),(2156,'86da9107-adb9-4a3b-bc71-f18710d66918','a444c790-c224-11ee-84c1-0200fd8284f8','2024-08-19','A','2024-08-19 10:24:33','2024-08-19 10:24:33'),(2157,'86da9107-adb9-4a3b-bc71-f18710d66918','35747793-cf20-11ee-b21b-0200fd8284f8','2024-08-19','A','2024-08-19 10:25:40','2024-08-19 10:25:40'),(2158,'86da9107-adb9-4a3b-bc71-f18710d66918','a444c790-c224-11ee-84c1-0200fd8284f8','2024-08-19','A','2024-08-19 10:50:45','2024-08-19 10:50:45'),(2159,'86da9107-adb9-4a3b-bc71-f18710d66918','35747793-cf20-11ee-b21b-0200fd8284f8','2024-08-19','A','2024-08-19 10:53:04','2024-08-19 10:53:04'),(2160,'86da9107-adb9-4a3b-bc71-f18710d66918','a444c790-c224-11ee-84c1-0200fd8284f8','2024-08-19','A','2024-08-19 11:22:13','2024-08-19 11:22:13'),(2161,'86da9107-adb9-4a3b-bc71-f18710d66918','35747793-cf20-11ee-b21b-0200fd8284f8','2024-08-19','A','2024-08-19 11:23:34','2024-08-19 11:23:34'),(2162,'86da9107-adb9-4a3b-bc71-f18710d66918','a444c790-c224-11ee-84c1-0200fd8284f8','2024-08-19','A','2024-08-19 11:25:32','2024-08-19 11:25:32'),(2163,'86da9107-adb9-4a3b-bc71-f18710d66918','35747793-cf20-11ee-b21b-0200fd8284f8','2024-08-19','A','2024-08-19 11:26:31','2024-08-19 11:26:31'),(2164,'86da9107-adb9-4a3b-bc71-f18710d66918','a444c790-c224-11ee-84c1-0200fd8284f8','2024-08-19','A','2024-08-19 11:42:21','2024-08-19 11:42:21'),(2165,'86da9107-adb9-4a3b-bc71-f18710d66918','35747793-cf20-11ee-b21b-0200fd8284f8','2024-08-19','A','2024-08-19 11:45:47','2024-08-19 11:45:47'),(2166,'86da9107-adb9-4a3b-bc71-f18710d66918','a444c790-c224-11ee-84c1-0200fd8284f8','2024-08-19','A','2024-08-19 12:23:54','2024-08-19 12:23:54'),(2167,'86da9107-adb9-4a3b-bc71-f18710d66918','a444c790-c224-11ee-84c1-0200fd8284f8','2024-08-19','A','2024-08-19 14:19:07','2024-08-19 14:19:07'),(2168,'86da9107-adb9-4a3b-bc71-f18710d66918','35747793-cf20-11ee-b21b-0200fd8284f8','2024-08-19','A','2024-08-19 14:40:38','2024-08-19 14:40:38'),(2169,'86da9107-adb9-4a3b-bc71-f18710d66918','a444c790-c224-11ee-84c1-0200fd8284f8','2024-08-19','A','2024-08-19 14:53:05','2024-08-19 14:53:05'),(2170,'86da9107-adb9-4a3b-bc71-f18710d66918','35747793-cf20-11ee-b21b-0200fd8284f8','2024-08-19','A','2024-08-19 15:09:06','2024-08-19 15:09:06'),(2171,'86da9107-adb9-4a3b-bc71-f18710d66918','a444c790-c224-11ee-84c1-0200fd8284f8','2024-08-19','A','2024-08-19 15:15:48','2024-08-19 15:15:48'),(2172,'86da9107-adb9-4a3b-bc71-f18710d66918','35747793-cf20-11ee-b21b-0200fd8284f8','2024-08-19','A','2024-08-19 15:17:54','2024-08-19 15:17:54'),(2173,'86da9107-adb9-4a3b-bc71-f18710d66918','a444c790-c224-11ee-84c1-0200fd8284f8','2024-08-19','A','2024-08-19 15:42:08','2024-08-19 15:42:08'),(2174,'35f2ea39-f082-4777-87a9-99f6433bb6f8','35747793-cf20-11ee-b21b-0200fd8284f8','2024-08-19','A','2024-08-19 15:45:06','2024-08-19 15:45:06'),(2175,'86da9107-adb9-4a3b-bc71-f18710d66918','a444c790-c224-11ee-84c1-0200fd8284f8','2024-08-19','A','2024-08-19 17:15:51','2024-08-19 17:15:51'),(2176,'86da9107-adb9-4a3b-bc71-f18710d66918','35747793-cf20-11ee-b21b-0200fd8284f8','2024-08-19','A','2024-08-19 17:18:03','2024-08-19 17:18:03'),(2177,'86da9107-adb9-4a3b-bc71-f18710d66918','a444c790-c224-11ee-84c1-0200fd8284f8','2024-08-19','A','2024-08-19 19:07:45','2024-08-19 19:07:45'),(2178,'86da9107-adb9-4a3b-bc71-f18710d66918','35747793-cf20-11ee-b21b-0200fd8284f8','2024-08-19','A','2024-08-19 19:22:33','2024-08-19 19:22:33'),(2179,'35f2ea39-f082-4777-87a9-99f6433bb6f8','35747793-cf20-11ee-b21b-0200fd8284f8','2024-08-19','A','2024-08-19 19:25:31','2024-08-19 19:25:31'),(2180,'86da9107-adb9-4a3b-bc71-f18710d66918','a444c790-c224-11ee-84c1-0200fd8284f8','2024-08-19','A','2024-08-19 19:33:26','2024-08-19 19:33:26'),(2181,'35f2ea39-f082-4777-87a9-99f6433bb6f8','35747793-cf20-11ee-b21b-0200fd8284f8','2024-08-19','A','2024-08-19 20:29:28','2024-08-19 20:29:28'),(2182,'86da9107-adb9-4a3b-bc71-f18710d66918','35747793-cf20-11ee-b21b-0200fd8284f8','2024-08-19','A','2024-08-19 20:37:09','2024-08-19 20:37:09'),(2183,'19fb1f0a-6b2c-4e12-8be6-11fe55e8482c','a444c790-c224-11ee-84c1-0200fd8284f8','2024-08-20','A','2024-08-20 07:58:51','2024-08-20 07:58:51'),(2184,'35f2ea39-f082-4777-87a9-99f6433bb6f8','35747793-cf20-11ee-b21b-0200fd8284f8','2024-08-20','A','2024-08-20 08:14:59','2024-08-20 08:14:59'),(2185,'86da9107-adb9-4a3b-bc71-f18710d66918','a444c790-c224-11ee-84c1-0200fd8284f8','2024-08-20','A','2024-08-20 08:59:00','2024-08-20 08:59:00'),(2186,'86da9107-adb9-4a3b-bc71-f18710d66918','35747793-cf20-11ee-b21b-0200fd8284f8','2024-08-20','A','2024-08-20 08:59:09','2024-08-20 08:59:09'),(2187,'86da9107-adb9-4a3b-bc71-f18710d66918','35747793-cf20-11ee-b21b-0200fd8284f8','2024-08-20','A','2024-08-20 09:22:18','2024-08-20 09:22:18'),(2188,'86da9107-adb9-4a3b-bc71-f18710d66918','a444c790-c224-11ee-84c1-0200fd8284f8','2024-08-20','A','2024-08-20 09:28:06','2024-08-20 09:28:06'),(2189,'86da9107-adb9-4a3b-bc71-f18710d66918','35747793-cf20-11ee-b21b-0200fd8284f8','2024-08-20','A','2024-08-20 09:39:23','2024-08-20 09:39:23'),(2190,'86da9107-adb9-4a3b-bc71-f18710d66918','a444c790-c224-11ee-84c1-0200fd8284f8','2024-08-20','A','2024-08-20 10:54:41','2024-08-20 10:54:41'),(2191,'35f2ea39-f082-4777-87a9-99f6433bb6f8','35747793-cf20-11ee-b21b-0200fd8284f8','2024-08-20','A','2024-08-20 10:59:46','2024-08-20 10:59:46'),(2192,'86da9107-adb9-4a3b-bc71-f18710d66918','a444c790-c224-11ee-84c1-0200fd8284f8','2024-08-20','A','2024-08-20 11:03:01','2024-08-20 11:03:01'),(2193,'86da9107-adb9-4a3b-bc71-f18710d66918','a444c790-c224-11ee-84c1-0200fd8284f8','2024-08-20','A','2024-08-20 11:27:00','2024-08-20 11:27:00'),(2194,'86da9107-adb9-4a3b-bc71-f18710d66918','35747793-cf20-11ee-b21b-0200fd8284f8','2024-08-20','A','2024-08-20 12:58:29','2024-08-20 12:58:29'),(2195,'86da9107-adb9-4a3b-bc71-f18710d66918','a444c790-c224-11ee-84c1-0200fd8284f8','2024-08-20','A','2024-08-20 13:20:49','2024-08-20 13:20:49'),(2196,'86da9107-adb9-4a3b-bc71-f18710d66918','35747793-cf20-11ee-b21b-0200fd8284f8','2024-08-20','A','2024-08-20 13:41:07','2024-08-20 13:41:07'),(2197,'86da9107-adb9-4a3b-bc71-f18710d66918','a444c790-c224-11ee-84c1-0200fd8284f8','2024-08-20','A','2024-08-20 14:08:00','2024-08-20 14:08:00'),(2198,'86da9107-adb9-4a3b-bc71-f18710d66918','35747793-cf20-11ee-b21b-0200fd8284f8','2024-08-20','A','2024-08-20 14:10:35','2024-08-20 14:10:35'),(2199,'56b845b7-1236-4a32-a118-982a89f230aa','35747793-cf20-11ee-b21b-0200fd8284f8','2024-08-20','A','2024-08-20 14:27:23','2024-08-20 14:27:23'),(2200,'86da9107-adb9-4a3b-bc71-f18710d66918','a444c790-c224-11ee-84c1-0200fd8284f8','2024-08-20','A','2024-08-20 14:33:02','2024-08-20 14:33:02'),(2201,'86da9107-adb9-4a3b-bc71-f18710d66918','35747793-cf20-11ee-b21b-0200fd8284f8','2024-08-20','A','2024-08-20 14:53:28','2024-08-20 14:53:28'),(2202,'86da9107-adb9-4a3b-bc71-f18710d66918','a444c790-c224-11ee-84c1-0200fd8284f8','2024-08-20','A','2024-08-20 15:00:48','2024-08-20 15:00:48'),(2203,'86da9107-adb9-4a3b-bc71-f18710d66918','35747793-cf20-11ee-b21b-0200fd8284f8','2024-08-20','A','2024-08-20 15:38:20','2024-08-20 15:38:20'),(2204,'86da9107-adb9-4a3b-bc71-f18710d66918','a444c790-c224-11ee-84c1-0200fd8284f8','2024-08-20','A','2024-08-20 18:07:02','2024-08-20 18:07:02'),(2205,'86da9107-adb9-4a3b-bc71-f18710d66918','35747793-cf20-11ee-b21b-0200fd8284f8','2024-08-20','A','2024-08-20 18:08:07','2024-08-20 18:08:07'),(2206,'86da9107-adb9-4a3b-bc71-f18710d66918','a444c790-c224-11ee-84c1-0200fd8284f8','2024-08-20','A','2024-08-20 18:10:16','2024-08-20 18:10:16'),(2207,'86da9107-adb9-4a3b-bc71-f18710d66918','35747793-cf20-11ee-b21b-0200fd8284f8','2024-08-20','A','2024-08-20 18:27:59','2024-08-20 18:27:59'),(2208,'86da9107-adb9-4a3b-bc71-f18710d66918','35747793-cf20-11ee-b21b-0200fd8284f8','2024-08-20','A','2024-08-20 18:30:54','2024-08-20 18:30:54'),(2209,'86da9107-adb9-4a3b-bc71-f18710d66918','a444c790-c224-11ee-84c1-0200fd8284f8','2024-08-20','A','2024-08-20 18:31:18','2024-08-20 18:31:18'),(2210,'69abe0de-7812-41bd-9124-6a7238aee7d1','a444c790-c224-11ee-84c1-0200fd8284f8','2024-08-21','A','2024-08-21 08:22:20','2024-08-21 08:22:20');

--
-- Table structure for table `sivir_weight_scale_configuration`
--

CREATE TABLE `sivir_weight_scale_configuration` (
  `relative` varchar(50) NOT NULL COMMENT 'The unique UUID',
  `users_sid` varchar(50) NOT NULL COMMENT 'Related to users table',
  `global_branch_office_id` varchar(50) NOT NULL COMMENT 'Related to branch office table',
  `sector_digit` tinyint(4) NOT NULL DEFAULT 0,
  `article_code_size` tinyint(4) NOT NULL DEFAULT 0,
  `weight_digit` tinyint(4) NOT NULL DEFAULT 4,
  `control_code_size` tinyint(4) NOT NULL DEFAULT 0,
  `status` enum('A','X') NOT NULL DEFAULT 'A',
  `created_at` datetime NOT NULL DEFAULT current_timestamp(),
  `updated_at` datetime DEFAULT NULL,
  PRIMARY KEY (`relative`),
  UNIQUE KEY `weight_scale_relative` (`relative`)
) ENGINE=InnoDB DEFAULT CHARSET=latin1 COLLATE=latin1_general_ci;

--
-- Dumping data for table `sivir_weight_scale_configuration`
--


--
-- Table structure for table `warehouse`
--

CREATE TABLE `warehouse` (
  `relative` varchar(50) NOT NULL,
  `users_sid` varchar(50) NOT NULL COMMENT 'related to users table',
  `global_branch_office_id` varchar(50) NOT NULL COMMENT 'related to global_branch_office	',
  `warehouse` varchar(200) NOT NULL,
  `location` text NOT NULL,
  `type_id` int(11) NOT NULL COMMENT 'Related to catalogs',
  `status` enum('A','X') NOT NULL DEFAULT 'A',
  `created_at` datetime NOT NULL DEFAULT current_timestamp(),
  `updated_at` datetime DEFAULT NULL,
  PRIMARY KEY (`relative`),
  UNIQUE KEY `relative` (`relative`)
) ENGINE=InnoDB DEFAULT CHARSET=latin1 COLLATE=latin1_swedish_ci;

--
-- Dumping data for table `warehouse`
--

INSERT INTO `warehouse` VALUES ('2cf5321d-c226-11ee-8b18-0200fd8284c1','69abe0de-7812-41bd-9124-6a7238aee7d1','a444c790-c224-11ee-84c1-0200fd8284f8','DEPOSITO DE PRODUCTOS','SIN UBICACION DEFINIDA',4,'A','2024-02-02 00:00:00',NULL),('2cf53b2a-c226-11ee-8b18-0200fd8284c1','69abe0de-7812-41bd-9124-6a7238aee7d1','a444c790-c224-11ee-84c1-0200fd8284f8','ALMACEN DE ACTIVOS FIJOS','SIN UBICACION DEFINIDA',3,'A','2024-02-02 00:00:00',NULL),('2cf53ccb-c226-11ee-8b18-0200fd8284c1','69abe0de-7812-41bd-9124-6a7238aee7d1','a444c790-c224-11ee-84c1-0200fd8284f8','ALMACEN DE INSUMOS','SIN UBICACION DEFINIDA',2,'A','2024-02-02 00:00:00',NULL),('2cf53e3e-c226-11ee-8b18-0200fd8284c1','69abe0de-7812-41bd-9124-6a7238aee7d1','a444c790-c224-11ee-84c1-0200fd8284f8','ALMACEN GENERAL DE COMPRA VENTA','SIN UBICACION DEFINIDA',1,'A','2024-02-02 00:00:00',NULL),('86ea1c00-cf6b-11ee-8dd3-0200fd8284c1','69abe0de-7812-41bd-9124-6a7238aee7d1','35747793-cf20-11ee-b21b-0200fd8284f8','DEPOSITO DE PRODUCTOS','SIN UBICACION DEFINIDA',4,'A','2024-02-19 00:00:00',NULL),('86ea3336-cf6b-11ee-8dd3-0200fd8284c1','69abe0de-7812-41bd-9124-6a7238aee7d1','35747793-cf20-11ee-b21b-0200fd8284f8','ALMACEN DE ACTIVOS FIJOS','SIN UBICACION DEFINIDA',3,'A','2024-02-19 00:00:00',NULL),('86ea35e8-cf6b-11ee-8dd3-0200fd8284c1','69abe0de-7812-41bd-9124-6a7238aee7d1','35747793-cf20-11ee-b21b-0200fd8284f8','ALMACEN DE INSUMOS','SIN UBICACION DEFINIDA',2,'A','2024-02-19 00:00:00',NULL),('86ea36be-cf6b-11ee-8dd3-0200fd8284c1','69abe0de-7812-41bd-9124-6a7238aee7d1','35747793-cf20-11ee-b21b-0200fd8284f8','ALMACEN GENERAL DE COMPRA VENTA','SIN UBICACION DEFINIDA',1,'A','2024-02-19 00:00:00',NULL);


